

{"id":2562,"date":"2024-02-14T03:30:58","date_gmt":"2024-02-14T06:30:58","guid":{"rendered":"https:\/\/siteshom.goias.gov.br\/vicegovernadoria\/?page_id=2562"},"modified":"2026-01-21T11:42:08","modified_gmt":"2026-01-21T14:42:08","slug":"grupo-de-trabalho-rhnet","status":"publish","type":"page","link":"https:\/\/goias.gov.br\/vicegovernadoria\/grupo-de-trabalho-rhnet\/","title":{"rendered":"Grupo de Trabalho RHNET"},"content":{"rendered":"\t\t<div data-elementor-type=\"wp-page\" data-elementor-id=\"2562\" class=\"elementor elementor-2562\">\n\t\t\t\t<div class=\"elementor-element elementor-element-36b2661 e-flex e-con-boxed e-con e-parent\" data-id=\"36b2661\" data-element_type=\"container\" data-e-type=\"container\">\n\t\t\t\t\t<div class=\"e-con-inner\">\n\t\t\t\t<div class=\"elementor-element elementor-element-5128e84 elementor-widget elementor-widget-heading\" data-id=\"5128e84\" data-element_type=\"widget\" data-e-type=\"widget\" data-widget_type=\"heading.default\">\n\t\t\t\t\t<h1 class=\"elementor-heading-title elementor-size-default\">Grupo de Trabalho RHNET<\/h1>\t\t\t\t<\/div>\n\t\t\t\t<div class=\"elementor-element elementor-element-b8f683b elementor-widget elementor-widget-text-editor\" data-id=\"b8f683b\" data-element_type=\"widget\" data-e-type=\"widget\" data-widget_type=\"text-editor.default\">\n\t\t\t\t\t\t\t\t\t<p>O Grupo de Trabalho RHNET, pertencente a For\u00e7a Tarefa da Biometria \u00e9 composto por representantes de 08 \u00d3rg\u00e3os e Lideradas pelas Secretaria de Administra\u00e7\u00e3o (SEAD) e Secretaria de Desenvolvimento e Inova\u00e7\u00e3o (SEDI), foi constitu\u00eddo para auxiliar na estrutura\u00e7\u00e3o, desenvolvimento e a Integra\u00e7\u00e3o dos Sistemas Corporativos do Governo e sendo o RHNET um dos principais sistemas que impactam toda \u00e0 administra\u00e7\u00e3o e a vida funcional dos servidores p\u00fablicos estaduais.<\/p><p>Diante da complexidade de atua\u00e7\u00e3o integrada e do desenvolvimento de uma plataforma unificada para atender diversas especificidades inerentes a cada \u00f3rg\u00e3o da administra\u00e7\u00e3o, foi criado no dia 18 de dezembro de 2019 o Grupo de Trabalho de Integra\u00e7\u00e3o dos Sistemas Coorporativos dos Servidores, com o objetivo de desenvolver uma plataforma de gest\u00e3o de pessoal, folha de pagamento e demais rotinas administrativas, com sistemas modulares integrados de acordo com a particularidade das unidades.<\/p><p>Confira as Solu\u00e7\u00f5es Tecnol\u00f3gicas:<\/p><p>1 &#8211; Novo Sistema de Frequ\u00eancia<br \/>2 &#8211; Adequa\u00e7\u00f5es do Estatuto dos Professores<br \/>3 &#8211; Adequa\u00e7\u00f5es do Estatuto Civis<br \/>3.1 M\u00f3dulo F\u00e9rias<br \/>3.2 Ajustes do RHNet para atender as novas regras do Estatuto dos Civis<br \/>3.3 Comunica\u00e7\u00e3o entre SFR e RHNET<br \/>3.4 Novas parametriza\u00e7\u00f5es<br \/>4. Integra\u00e7\u00e3o do RHNET com os demais Sistemas Corporativos<br \/>4.1 Servi\u00e7o de Acompanhamento da licen\u00e7a do Servidor &#8211; SALIS<br \/>4.2 Sistema de Posse de Servidores &#8211; Possenet<br \/>4.3 Sistema de Gerenciamento de Riscos Ambientais &#8211; SIGRA<br \/>4.4 Sistemas de Execu\u00e7\u00e3o Or\u00e7ament\u00e1ria e Financeira SIOFINet<br \/>4.5 Sistema de Controle Administrativo (Secretaria de Seguran\u00e7a P\u00fablica) &#8211; SICAD<br \/>4.6 Sistema de Gerenciamento Previdenci\u00e1rio &#8211; GPREV<br \/>5. Pain\u00e9is de Intelig\u00eancia de Neg\u00f3cios (BI do RHNet)<\/p>\t\t\t\t\t\t\t\t<\/div>\n\t\t\t\t\t<\/div>\n\t\t\t\t<\/div>\n\t\t<div class=\"elementor-element elementor-element-770b627 e-flex e-con-boxed e-con e-parent\" data-id=\"770b627\" data-element_type=\"container\" data-e-type=\"container\">\n\t\t\t\t\t<div class=\"e-con-inner\">\n\t\t<div class=\"elementor-element elementor-element-9661582 e-con-full e-flex e-con e-child\" data-id=\"9661582\" data-element_type=\"container\" data-e-type=\"container\">\n\t\t\t\t<div class=\"elementor-element elementor-element-9691eee elementor-widget elementor-widget-heading\" data-id=\"9691eee\" data-element_type=\"widget\" data-e-type=\"widget\" data-widget_type=\"heading.default\">\n\t\t\t\t\t<h6 class=\"elementor-heading-title elementor-size-default\">Goi\u00e1s de Resultados re\u00fane especialistas para desenvolver novo RHNet\n<\/h6>\t\t\t\t<\/div>\n\t\t\t\t<div class=\"elementor-element elementor-element-57a292a elementor-widget elementor-widget-image\" data-id=\"57a292a\" data-element_type=\"widget\" data-e-type=\"widget\" data-widget_type=\"image.default\">\n\t\t\t\t\t\t\t\t\t\t\t\t\t\t\t<img decoding=\"async\" src=\"https:\/\/goias.gov.br\/vicegovernadoria\/wp-content\/uploads\/sites\/38\/2024\/02\/rh-net.jpg\" title=\"\" alt=\"\" loading=\"lazy\" \/>\t\t\t\t\t\t\t\t\t\t\t\t\t\t\t<\/div>\n\t\t\t\t<\/div>\n\t\t<div class=\"elementor-element elementor-element-25257dc e-con-full e-flex e-con e-child\" data-id=\"25257dc\" data-element_type=\"container\" data-e-type=\"container\">\n\t\t\t\t<div class=\"elementor-element elementor-element-a028b7a elementor-widget elementor-widget-heading\" data-id=\"a028b7a\" data-element_type=\"widget\" data-e-type=\"widget\" data-widget_type=\"heading.default\">\n\t\t\t\t\t<h6 class=\"elementor-heading-title elementor-size-default\">Moderniza\u00e7\u00e3o do RHNet beneficia mais de 160 mil servidores do Estado\n<\/h6>\t\t\t\t<\/div>\n\t\t\t\t<div class=\"elementor-element elementor-element-af396e5 elementor-widget elementor-widget-image\" data-id=\"af396e5\" data-element_type=\"widget\" data-e-type=\"widget\" data-widget_type=\"image.default\">\n\t\t\t\t\t\t\t\t\t\t\t\t\t\t\t<img decoding=\"async\" src=\"https:\/\/goias.gov.br\/vicegovernadoria\/wp-content\/uploads\/sites\/38\/2024\/02\/capa2-1.jpg\" title=\"\" alt=\"\" loading=\"lazy\" \/>\t\t\t\t\t\t\t\t\t\t\t\t\t\t\t<\/div>\n\t\t\t\t<\/div>\n\t\t<div class=\"elementor-element elementor-element-0ec3200 e-con-full e-flex e-con e-child\" data-id=\"0ec3200\" data-element_type=\"container\" data-e-type=\"container\">\n\t\t\t\t<\/div>\n\t\t\t\t\t<\/div>\n\t\t\t\t<\/div>\n\t\t\t\t<\/div>\n\t\t","protected":false},"excerpt":{"rendered":"<p>Grupo de Trabalho RHNET O Grupo de Trabalho RHNET, pertencente a For\u00e7a Tarefa da Biometria \u00e9 composto por representantes de 08 \u00d3rg\u00e3os e Lideradas pelas Secretaria de Administra\u00e7\u00e3o (SEAD) e Secretaria de Desenvolvimento e Inova\u00e7\u00e3o (SEDI), foi constitu\u00eddo para auxiliar na estrutura\u00e7\u00e3o, desenvolvimento e a Integra\u00e7\u00e3o dos Sistemas Corporativos do Governo e sendo o RHNET [&hellip;]<\/p>\n","protected":false},"author":222,"featured_media":0,"parent":0,"menu_order":0,"comment_status":"closed","ping_status":"closed","template":"wppb_theme_template","meta":{"footnotes":"","_links_to":"","_links_to_target":""},"class_list":["post-2562","page","type-page","status-publish","hentry"],"rttpg_featured_image_url":null,"rttpg_author":{"display_name":"diegomsilva","author_link":"https:\/\/goias.gov.br\/vicegovernadoria\/author\/diegomsilva\/"},"rttpg_comment":0,"rttpg_category":null,"rttpg_excerpt":"Grupo de Trabalho RHNET O Grupo de Trabalho RHNET, pertencente a For\u00e7a Tarefa da Biometria \u00e9 composto por representantes de 08 \u00d3rg\u00e3os e Lideradas pelas Secretaria de Administra\u00e7\u00e3o (SEAD) e Secretaria de Desenvolvimento e Inova\u00e7\u00e3o (SEDI), foi constitu\u00eddo para auxiliar na estrutura\u00e7\u00e3o, desenvolvimento e a Integra\u00e7\u00e3o dos Sistemas Corporativos do Governo e sendo o RHNET&hellip;","_links":{"self":[{"href":"https:\/\/goias.gov.br\/vicegovernadoria\/wp-json\/wp\/v2\/pages\/2562","targetHints":{"allow":["GET"]}}],"collection":[{"href":"https:\/\/goias.gov.br\/vicegovernadoria\/wp-json\/wp\/v2\/pages"}],"about":[{"href":"https:\/\/goias.gov.br\/vicegovernadoria\/wp-json\/wp\/v2\/types\/page"}],"author":[{"embeddable":true,"href":"https:\/\/goias.gov.br\/vicegovernadoria\/wp-json\/wp\/v2\/users\/222"}],"replies":[{"embeddable":true,"href":"https:\/\/goias.gov.br\/vicegovernadoria\/wp-json\/wp\/v2\/comments?post=2562"}],"version-history":[{"count":2,"href":"https:\/\/goias.gov.br\/vicegovernadoria\/wp-json\/wp\/v2\/pages\/2562\/revisions"}],"predecessor-version":[{"id":31335,"href":"https:\/\/goias.gov.br\/vicegovernadoria\/wp-json\/wp\/v2\/pages\/2562\/revisions\/31335"}],"wp:attachment":[{"href":"https:\/\/goias.gov.br\/vicegovernadoria\/wp-json\/wp\/v2\/media?parent=2562"}],"curies":[{"name":"wp","href":"https:\/\/api.w.org\/{rel}","templated":true}]}}