

{"id":6544,"date":"2024-02-15T15:22:41","date_gmt":"2024-02-15T18:22:41","guid":{"rendered":"https:\/\/siteshom.goias.gov.br\/social\/agenda-de-autoridades\/"},"modified":"2026-04-21T14:37:52","modified_gmt":"2026-04-21T17:37:52","slug":"agenda-de-autoridades","status":"publish","type":"page","link":"https:\/\/goias.gov.br\/social\/agenda-de-autoridades\/","title":{"rendered":"Agenda de Autoridades"},"content":{"rendered":"<p><strong style='margin-block-end: -1.8rem'><a href='https:\/\/goias.gov.br\/social\/secretario-de-estado\/'>Secret\u00e1rio de Estado<\/a><\/strong><br \/>WELLINGTON MATOS DE LIMA<\/p>\n<p><strong style='margin-block-end: -1.8rem'><a href='https:\/\/goias.gov.br\/social\/chefe-de-gabinete\/'>Chefe de Gabinete<\/a><\/strong><br \/>CASSIO SILVA DE BRITO<\/p>\n<p><strong style='margin-block-end: -1.8rem'><a href='https:\/\/goias.gov.br\/social\/chefe-de-escritorio-de-projetos-setorial\/'>Chefe de Escrit\u00f3rio de Projetos Setorial<\/a><\/strong><br \/>VANESA MIRANDA FREIRE<\/p>\n<p><strong style='margin-block-end: -1.8rem'><a href='https:\/\/goias.gov.br\/social\/chefe-da-comunicacao-setorial\/'>Chefe da Comunica\u00e7\u00e3o Setorial<\/a><\/strong><br \/>YURI LOPES DA ROCHA<\/p>\n<p><strong style='margin-block-end: -1.8rem'><a href='https:\/\/goias.gov.br\/social\/chefe-da-procuradoria-setorial\/'>Chefe da Procuradoria Setorial<\/a><\/strong><br \/>CARLOS AUGUSTO SARDINHA TAVARES JUNIOR<\/p>\n<p><strong style='margin-block-end: -1.8rem'><a href='https:\/\/goias.gov.br\/social\/subsecretaria-de-governanca-institucional\/'>Subsecret\u00e1ria de Governan\u00e7a Institucional<\/a><\/strong><br \/>CASSIA RODRIGUES DE BESSA<\/p>\n<p><strong style='margin-block-end: -1.8rem'><a href='https:\/\/goias.gov.br\/social\/assessora-tecnica-do-programa-de-protecao-a-criancas-e-adolescentes-ameacados-de-morte\/'>Assessora T\u00e9cnica do Programa de Prote\u00e7\u00e3o a Crian\u00e7as e Adolescentes Amea\u00e7ados de Morte<\/a><\/strong><br \/>RENATA CORDEIRO MOREIRA<\/p>\n<p><strong style='margin-block-end: -1.8rem'><a href='https:\/\/goias.gov.br\/social\/subsecretaria-de-execucao-de-politica-social\/'>Subsecret\u00e1ria de Execu\u00e7\u00e3o de Pol\u00edtica Social<\/a><\/strong><br \/>SILVANA CRUZ FUINI<\/p>\n<p><strong style='margin-block-end: -1.8rem'><a href='https:\/\/goias.gov.br\/social\/assessor-tecnico-de-avaliacao-e-monitoramento-de-parcerias\/'>Assessor T\u00e9cnico de Avalia\u00e7\u00e3o e Monitoramento de Parcerias<\/a><\/strong><br \/>JULIANO MARTINS RODRIGUES<\/p>\n<p><strong style='margin-block-end: -1.8rem'><a href='https:\/\/goias.gov.br\/social\/superintendente-de-desenvolvimento-e-assistencia-social\/'>Superintendente de Desenvolvimento e Assist\u00eancia Social<\/a><\/strong><br \/>MARCELLO ROSA<\/p>\n<p><strong style='margin-block-end: -1.8rem'><a href='https:\/\/goias.gov.br\/social\/superintendente-dos-direitos-humanos\/'>Superintendente dos Direitos Humanos<\/a><\/strong><br \/>ANA LUISA FREIRE DE ANDRADE PINTO<\/p>\n<p><strong style='margin-block-end: -1.8rem'><a href='https:\/\/goias.gov.br\/social\/superintendente-da-crianca-adolescente-e-juventude\/'>Superintendente da Crian\u00e7a, Adolescente e Juventude<\/a><\/strong><br \/>RICARDO COSTA GONCALVES<\/p>\n<p><strong style='margin-block-end: -1.8rem'><a href='https:\/\/goias.gov.br\/social\/superintendente-de-gestao-integrada\/'>Superintendente de Gest\u00e3o Integrada<\/a><\/strong><br \/>ANTONIO EURIPEDES DE LIMA<\/p>\n<p><strong style='margin-block-end: -1.8rem'><a href='https:\/\/goias.gov.br\/social\/superintendente-de-gestao-e-controle-de-parcerias-contratacoes-e-transferencias\/'>Superintendente de Gest\u00e3o e Controle de Parcerias, Contrata\u00e7\u00f5es e Transfer\u00eancias<\/a><\/strong><br \/>THAIS MIRANDA MARQUES<\/p>\n<p><strong style='margin-block-end: -1.8rem'><a href='https:\/\/goias.gov.br\/social\/superintendente-do-sistema-socioeducativo\/'>Superintendente do Sistema Socioeducativo<\/a><\/strong><br \/>SAMIRA JORGE<\/p>\n<p><strong style='margin-block-end: -1.8rem'><a href='https:\/\/goias.gov.br\/social\/superintendente-da-igualdade-racial\/'>Superintendente da Igualdade Racial<\/a><\/strong><br \/>ROSILENE OLIVEIRA GUIMARAES<\/p>\n<p><strong style='margin-block-end: -1.8rem'><a href='https:\/\/goias.gov.br\/social\/superintendente-da-mulher\/'>Superintendente da Mulher<\/a><\/strong><br \/>EVELIN GEORDANA RODRIGUES DOS SANTOS<\/p>\n<p><strong style='margin-block-end: -1.8rem'><a href='https:\/\/goias.gov.br\/social\/superintendente-de-tecnologia-e-inovacao\/'>Superintendente de Tecnologia e Inova\u00e7\u00e3o<\/a><\/strong><br \/>PEDRO HENRIQUE SOARES XIMENES<\/p>\n<p><strong style='margin-block-end: -1.8rem'><a href='https:\/\/goias.gov.br\/social\/eventos-seds\/'>Eventos Seds<\/a><\/strong><br \/>Eventos<\/p>\n","protected":false},"excerpt":{"rendered":"<p>Secret\u00e1rio de EstadoWELLINGTON MATOS DE LIMA Chefe de GabineteCASSIO SILVA DE BRITO Chefe de Escrit\u00f3rio de Projetos SetorialVANESA MIRANDA FREIRE Chefe da Comunica\u00e7\u00e3o SetorialYURI LOPES DA ROCHA Chefe da Procuradoria SetorialCARLOS AUGUSTO SARDINHA TAVARES JUNIOR Subsecret\u00e1ria de Governan\u00e7a InstitucionalCASSIA RODRIGUES DE BESSA Assessora T\u00e9cnica do Programa de Prote\u00e7\u00e3o a Crian\u00e7as e Adolescentes Amea\u00e7ados de MorteRENATA [&hellip;]<\/p>\n","protected":false},"author":33,"featured_media":0,"parent":0,"menu_order":0,"comment_status":"closed","ping_status":"closed","template":"","meta":{"footnotes":""},"class_list":["post-6544","page","type-page","status-publish","hentry"],"rttpg_featured_image_url":null,"rttpg_author":{"display_name":"ricardocosta","author_link":"https:\/\/goias.gov.br\/social\/author\/ricardocosta\/"},"rttpg_comment":0,"rttpg_category":null,"rttpg_excerpt":"Secret\u00e1rio de EstadoWELLINGTON MATOS DE LIMA Chefe de GabineteCASSIO SILVA DE BRITO Chefe de Escrit\u00f3rio de Projetos SetorialVANESA MIRANDA FREIRE Chefe da Comunica\u00e7\u00e3o SetorialYURI LOPES DA ROCHA Chefe da Procuradoria SetorialCARLOS AUGUSTO SARDINHA TAVARES JUNIOR Subsecret\u00e1ria de Governan\u00e7a InstitucionalCASSIA RODRIGUES DE BESSA Assessora T\u00e9cnica do Programa de Prote\u00e7\u00e3o a Crian\u00e7as e Adolescentes Amea\u00e7ados de MorteRENATA&hellip;","_links":{"self":[{"href":"https:\/\/goias.gov.br\/social\/wp-json\/wp\/v2\/pages\/6544","targetHints":{"allow":["GET"]}}],"collection":[{"href":"https:\/\/goias.gov.br\/social\/wp-json\/wp\/v2\/pages"}],"about":[{"href":"https:\/\/goias.gov.br\/social\/wp-json\/wp\/v2\/types\/page"}],"author":[{"embeddable":true,"href":"https:\/\/goias.gov.br\/social\/wp-json\/wp\/v2\/users\/33"}],"replies":[{"embeddable":true,"href":"https:\/\/goias.gov.br\/social\/wp-json\/wp\/v2\/comments?post=6544"}],"version-history":[{"count":2,"href":"https:\/\/goias.gov.br\/social\/wp-json\/wp\/v2\/pages\/6544\/revisions"}],"predecessor-version":[{"id":105961,"href":"https:\/\/goias.gov.br\/social\/wp-json\/wp\/v2\/pages\/6544\/revisions\/105961"}],"wp:attachment":[{"href":"https:\/\/goias.gov.br\/social\/wp-json\/wp\/v2\/media?parent=6544"}],"curies":[{"name":"wp","href":"https:\/\/api.w.org\/{rel}","templated":true}]}}