

{"id":246132,"date":"2026-01-28T16:21:21","date_gmt":"2026-01-28T19:21:21","guid":{"rendered":"https:\/\/goias.gov.br\/seinfra\/?page_id=246132"},"modified":"2026-03-30T10:13:22","modified_gmt":"2026-03-30T13:13:22","slug":"contratos-e-aditivos-2026","status":"publish","type":"page","link":"https:\/\/goias.gov.br\/seinfra\/contratos-e-aditivos-2026\/","title":{"rendered":"Contratos e Aditivos 2026"},"content":{"rendered":"\n<p><strong>Contrato 01\/2026\/SEINFRA<\/strong><\/p>\n\n\n\n<p>ELITEGEO Cartografia Topografia e Geod\u00e9sia Ltda.<\/p>\n\n\n\n<p><strong>Objeto Resumido:&nbsp;<\/strong>Presta\u00e7\u00e3o de servi\u00e7os de engenharia e arquitetura<\/p>\n\n\n\n<p><strong>Anexos:<\/strong><\/p>\n\n\n\n<ul class=\"wp-block-list\">\n<li><a href=\"https:\/\/goias.gov.br\/seinfra\/wp-content\/uploads\/sites\/6\/2026\/02\/SEI_85424862_Contrato_01-3.pdf\">Contrato 01\/2026\/SEINFRA<\/a><\/li>\n<\/ul>\n\n\n\n<p>_____________________________________________________________________________________________________<\/p>\n\n\n\n<p><strong>Contrato 02\/2026\/SEINFRA<\/strong><\/p>\n\n\n\n<p>TOPMAC SERVI\u00c7OS DE ELABORA\u00c7\u00c3O DE PROJETOS LTDA.<\/p>\n\n\n\n<p><strong>Objeto Resumido:&nbsp;<\/strong>Presta\u00e7\u00e3o de servi\u00e7os de engenharia e arquitetura.<\/p>\n\n\n\n<p><strong>Anexos:<\/strong><\/p>\n\n\n\n<ul class=\"wp-block-list\">\n<li><a href=\"https:\/\/goias.gov.br\/seinfra\/wp-content\/uploads\/sites\/6\/2026\/01\/Contrato-no02.pdf\">Contrato 02\/2026\/SEINFRA<\/a><\/li>\n<\/ul>\n\n\n\n<p>_____________________________________________________________________________________________________<\/p>\n\n\n\n<p><strong>Contrato 03\/2026\/SEINFRA<\/strong><\/p>\n\n\n\n<p>ELITEGEO CARTOGRAFIA TOPOGRAFIA E GEOD\u00c9SIA LTDA.<\/p>\n\n\n\n<p><strong>Objeto<\/strong> <strong>Resumido<\/strong>: Presta\u00e7\u00e3o de servi\u00e7os de engenharia e arquitetura.<\/p>\n\n\n\n<p><strong>Anexos:<\/strong><\/p>\n\n\n\n<ul class=\"wp-block-list\">\n<li><a href=\"https:\/\/goias.gov.br\/seinfra\/wp-content\/uploads\/sites\/6\/2026\/01\/Contrato-03.pdf\">Contrato 03\/2026\/SEINFRA<\/a><\/li>\n\n\n\n<li><a href=\"https:\/\/goias.gov.br\/seinfra\/wp-content\/uploads\/sites\/6\/2026\/03\/SEI_87315465_Aditivo-1.pdf\">Primeiro Termo Aditivo<\/a><\/li>\n<\/ul>\n\n\n\n<p>_____________________________________________________________________________________________________<\/p>\n\n\n\n<p><strong>Contrato 04\/2026\/SEINFRA<\/strong><\/p>\n\n\n\n<p>TOPMAC SERVI\u00c7OS DE ELABORA\u00c7\u00c3O DE PROJETOS LTDA.<\/p>\n\n\n\n<p><strong>Objeto<\/strong> <strong>Resumido<\/strong>: Presta\u00e7\u00e3o de servi\u00e7os t\u00e9cnicos de engenharia e arquitetura.<\/p>\n\n\n\n<p><strong>Anexos:<\/strong><\/p>\n\n\n\n<ul class=\"wp-block-list\">\n<li><a href=\"https:\/\/goias.gov.br\/seinfra\/wp-content\/uploads\/sites\/6\/2026\/01\/Contrato-04.pdf\">Contrato 04\/2026\/SEINFRA<\/a><\/li>\n\n\n\n<li><a href=\"https:\/\/goias.gov.br\/seinfra\/wp-content\/uploads\/sites\/6\/2026\/03\/SEI_88176069_Aditivo.pdf\">Primeiro Termo Aditivo<\/a><\/li>\n<\/ul>\n\n\n\n<p>_____________________________________________________________________________________________________<\/p>\n\n\n\n<p><strong>Contrato 05\/2026\/SEINFRA<\/strong><\/p>\n\n\n\n<p>CONSTRUMIL CONSTRUTORA LTDA.<\/p>\n\n\n\n<p><strong>Objeto<\/strong> <strong>Resumido<\/strong>: Reforma e amplia\u00e7\u00e3o do terminal de passageiros, adequa\u00e7\u00e3o do sistema vi\u00e1rio de acesso e sinaliza\u00e7\u00e3o do p\u00e1tio de aeronaves do Aer\u00f3dromo Municipal Francisco Vilela do Amaral (ICAO: SBIT), localizado no munic\u00edpio de Itumbiara\/GO.<\/p>\n\n\n\n<p><strong>Anexos:<\/strong><\/p>\n\n\n\n<ul class=\"wp-block-list\">\n<li><a href=\"https:\/\/goias.gov.br\/seinfra\/wp-content\/uploads\/sites\/6\/2026\/02\/SEI_85524602_Contrato_05.pdf\">Contrato 05\/2026\/SEINFRA<\/a><\/li>\n<\/ul>\n\n\n\n<p>_____________________________________________________________________________________________________<\/p>\n\n\n\n<p><strong>Contrato 07\/2026\/SEINFRA<\/strong><\/p>\n\n\n\n<p>LINTECH DO BRASIL LTDA.<\/p>\n\n\n\n<p><strong>Objeto: <\/strong>Aquisi\u00e7\u00e3o de fragmentadora de pap\u00e9is.<\/p>\n\n\n\n<p><strong>Anexos:<\/strong><\/p>\n\n\n\n<ul class=\"wp-block-list\">\n<li><a href=\"https:\/\/goias.gov.br\/seinfra\/wp-content\/uploads\/sites\/6\/2026\/03\/SEI_86751192_Contrato_07.pdf\">Contrato 07\/2026\/SEINFRA<\/a><\/li>\n<\/ul>\n\n\n\n<p>_____________________________________________________________________________________________________<\/p>\n\n\n\n<p><strong>Contrato 08\/2026\/SEINFRA<\/strong><\/p>\n\n\n\n<p>ELITEGEO CARTOGRAFIA TOPOGRAFIA E GEOD\u00c9SIA LTDA.<\/p>\n\n\n\n<p><strong>Objeto<\/strong>: Presta\u00e7\u00e3o de servi\u00e7os de engenharia e arquitetura.<\/p>\n\n\n\n<p><strong>Anexos:<\/strong><\/p>\n\n\n\n<ul class=\"wp-block-list\">\n<li><a href=\"https:\/\/goias.gov.br\/seinfra\/wp-content\/uploads\/sites\/6\/2026\/03\/Contrato-08.pdf\">Contrato 08\/2026\/SEINFRA<\/a><\/li>\n<\/ul>\n\n\n\n<p>_____________________________________________________________________________________________________<\/p>\n\n\n\n<p><strong>Contrato 09\/2026\/SEINFRA<\/strong><\/p>\n\n\n\n<p>&nbsp;TOPMAC SERVI\u00c7OS DE ELABORA\u00c7\u00c3O DE PROJETOS LTDA.<\/p>\n\n\n\n<p><strong>Objeto:&nbsp; <\/strong>Presta\u00e7\u00e3o de servi\u00e7os de engenharia e arquitetura.<\/p>\n\n\n\n<p><strong>Anexos:<\/strong><\/p>\n\n\n\n<ul class=\"wp-block-list\">\n<li><a href=\"https:\/\/goias.gov.br\/seinfra\/wp-content\/uploads\/sites\/6\/2026\/03\/SEI_86885089_Contrato_09.pdf\">Contrato n\u00ba 09\/2026<\/a><\/li>\n<\/ul>\n\n\n\n<p>_____________________________________________________________________________________________________<\/p>\n\n\n\n<p><strong>Contrato 10\/2026\/SEINFRA<\/strong><\/p>\n\n\n\n<p>ELITEGEO CARTOGRAFIA TOPOGRAFIA E GEOD\u00c9SIA LTDA.<\/p>\n\n\n\n<p><strong>Objeto resumido: <\/strong>Presta\u00e7\u00e3o de servi\u00e7os de engenharia e arquitetura.<\/p>\n\n\n\n<p><strong>Anexos:<\/strong><\/p>\n\n\n\n<ul class=\"wp-block-list\">\n<li><a href=\"https:\/\/goias.gov.br\/seinfra\/wp-content\/uploads\/sites\/6\/2026\/03\/SEI_88013667_Contrato_010-1.pdf\">Contrato n\u00ba 10\/2026<\/a><\/li>\n<\/ul>\n\n\n\n<p>_____________________________________________________________________________________________________<\/p>\n\n\n\n<p><strong>Contrato 011\/2026\/SEINFRA<\/strong><\/p>\n\n\n\n<p>TOPMAC SERVI\u00c7OS DE ELABORA\u00c7\u00c3O DE PROJETOS LTDA<strong>.<\/strong><\/p>\n\n\n\n<p><strong>Objeto Resumido:&nbsp;<\/strong>&nbsp;Presta\u00e7\u00e3o de servi\u00e7os de engenharia e arquitetura.<\/p>\n\n\n\n<p><strong>Anexos:&nbsp;<\/strong><\/p>\n\n\n\n<ul class=\"wp-block-list\">\n<li><a href=\"https:\/\/goias.gov.br\/seinfra\/wp-content\/uploads\/sites\/6\/2026\/03\/Contrato-011.pdf\">Contrato n\u00ba 011\/2026.<\/a><\/li>\n<\/ul>\n","protected":false},"excerpt":{"rendered":"<p>Contrato 01\/2026\/SEINFRA ELITEGEO Cartografia Topografia e Geod\u00e9sia Ltda. Objeto Resumido:&nbsp;Presta\u00e7\u00e3o de servi\u00e7os de engenharia e arquitetura Anexos: _____________________________________________________________________________________________________ Contrato 02\/2026\/SEINFRA TOPMAC SERVI\u00c7OS DE ELABORA\u00c7\u00c3O DE PROJETOS LTDA. Objeto Resumido:&nbsp;Presta\u00e7\u00e3o de servi\u00e7os de engenharia e arquitetura. Anexos: _____________________________________________________________________________________________________ Contrato 03\/2026\/SEINFRA ELITEGEO CARTOGRAFIA TOPOGRAFIA E GEOD\u00c9SIA LTDA. Objeto Resumido: Presta\u00e7\u00e3o de servi\u00e7os de engenharia e arquitetura. Anexos: [&hellip;]<\/p>\n","protected":false},"author":819,"featured_media":0,"parent":0,"menu_order":0,"comment_status":"closed","ping_status":"closed","template":"","meta":{"footnotes":""},"class_list":["post-246132","page","type-page","status-publish","hentry"],"rttpg_featured_image_url":null,"rttpg_author":{"display_name":"gabrielacarneiro","author_link":"https:\/\/goias.gov.br\/seinfra\/author\/gabrielacarneiro\/"},"rttpg_comment":0,"rttpg_category":null,"rttpg_excerpt":"Contrato 01\/2026\/SEINFRA ELITEGEO Cartografia Topografia e Geod\u00e9sia Ltda. Objeto Resumido:&nbsp;Presta\u00e7\u00e3o de servi\u00e7os de engenharia e arquitetura Anexos: _____________________________________________________________________________________________________ Contrato 02\/2026\/SEINFRA TOPMAC SERVI\u00c7OS DE ELABORA\u00c7\u00c3O DE PROJETOS LTDA. Objeto Resumido:&nbsp;Presta\u00e7\u00e3o de servi\u00e7os de engenharia e arquitetura. Anexos: _____________________________________________________________________________________________________ Contrato 03\/2026\/SEINFRA ELITEGEO CARTOGRAFIA TOPOGRAFIA E GEOD\u00c9SIA LTDA. Objeto Resumido: Presta\u00e7\u00e3o de servi\u00e7os de engenharia e arquitetura. Anexos:&hellip;","_links":{"self":[{"href":"https:\/\/goias.gov.br\/seinfra\/wp-json\/wp\/v2\/pages\/246132","targetHints":{"allow":["GET"]}}],"collection":[{"href":"https:\/\/goias.gov.br\/seinfra\/wp-json\/wp\/v2\/pages"}],"about":[{"href":"https:\/\/goias.gov.br\/seinfra\/wp-json\/wp\/v2\/types\/page"}],"author":[{"embeddable":true,"href":"https:\/\/goias.gov.br\/seinfra\/wp-json\/wp\/v2\/users\/819"}],"replies":[{"embeddable":true,"href":"https:\/\/goias.gov.br\/seinfra\/wp-json\/wp\/v2\/comments?post=246132"}],"version-history":[{"count":2,"href":"https:\/\/goias.gov.br\/seinfra\/wp-json\/wp\/v2\/pages\/246132\/revisions"}],"predecessor-version":[{"id":250362,"href":"https:\/\/goias.gov.br\/seinfra\/wp-json\/wp\/v2\/pages\/246132\/revisions\/250362"}],"wp:attachment":[{"href":"https:\/\/goias.gov.br\/seinfra\/wp-json\/wp\/v2\/media?parent=246132"}],"curies":[{"name":"wp","href":"https:\/\/api.w.org\/{rel}","templated":true}]}}