

{"id":245983,"date":"2026-01-28T15:05:08","date_gmt":"2026-01-28T18:05:08","guid":{"rendered":"https:\/\/goias.gov.br\/seinfra\/?page_id=245983"},"modified":"2026-03-31T11:48:09","modified_gmt":"2026-03-31T14:48:09","slug":"pregao-eletronico-2026","status":"publish","type":"page","link":"https:\/\/goias.gov.br\/seinfra\/pregao-eletronico-2026\/","title":{"rendered":"Preg\u00e3o Eletronico 2026"},"content":{"rendered":"\n<p><strong>REG\u00c3O&nbsp;<\/strong><strong>ELETR\u00d4NICO&nbsp;&nbsp;N\u00ba 01\/2026 \u2013 SEINFRA<\/strong><\/p>\n\n\n\n<p>CONTRATA\u00c7\u00c3O SISLOG N\u00ba&nbsp; 115150<\/p>\n\n\n\n<p><strong>Objeto:&nbsp;<\/strong>Aquisi\u00e7\u00e3o de&nbsp;Equipamentos de Prote\u00e7\u00e3o Individual (EPIs),&nbsp;Equipamentos de Prote\u00e7\u00e3o Coletiva (EPCs),&nbsp;instrumentos de medi\u00e7\u00e3o,&nbsp;materiais de sinaliza\u00e7\u00e3o e demais acess\u00f3rios&nbsp;necess\u00e1rios \u00e0s atividades de fiscaliza\u00e7\u00e3o e acompanhamento t\u00e9cnico de obras, sob a responsabilidade ou apoio da Secretaria de Estado da Infraestrutura &#8211; SEINFRA.<\/p>\n\n\n\n<p><strong>Data de abertura:&nbsp;<\/strong>10\/03\/2026, \u00e0s 09h00<\/p>\n\n\n\n<p><strong>Tipo:&nbsp;<\/strong>Menor pre\u00e7o por item<\/p>\n\n\n\n<p><strong>Anexos:<\/strong><\/p>\n\n\n\n<ul class=\"wp-block-list\">\n<li><a href=\"https:\/\/goias.gov.br\/seinfra\/wp-content\/uploads\/sites\/6\/2026\/03\/SEI_85266861_Termo_de_Referencia.pdf\">Termo de Refer\u00eancia<\/a><\/li>\n\n\n\n<li><a href=\"http:\/\/www.inmetro.gov.br\/legislacao\/\">Informa\u00e7\u00f5es Complementares&nbsp;&#8211;&nbsp;<em>Legisla\u00e7\u00e3o Inmetro<\/em><\/a><\/li>\n\n\n\n<li><a href=\"https:\/\/goias.gov.br\/seinfra\/wp-content\/uploads\/sites\/6\/2026\/03\/MAPA-DE-PRECOS.pdf\">Anexo I do TR &#8211; Mapa de Pre\u00e7os<\/a><\/li>\n\n\n\n<li><a href=\"https:\/\/goias.gov.br\/seinfra\/wp-content\/uploads\/sites\/6\/2026\/03\/ANECO-II-Manual-de-Uniforme-SEINFRA.pdf\">ANEXO II do TR&nbsp;&#8211; &nbsp;<em>Manual de Padroniza\u00e7\u00e3o da Secretaria de Estado da Infraestrutura de Goi\u00e1s: manual de personaliza\u00e7\u00e3o dos capacetes (item 6);<\/em><\/a><\/li>\n\n\n\n<li><a href=\"https:\/\/goias.gov.br\/seinfra\/wp-content\/uploads\/sites\/6\/2026\/03\/ANEXO-III.pdf\">ANEXO III do TR&nbsp;&#8211; &nbsp;<em>&nbsp;Diretrizes para Arte Personalizada: arte bon\u00e9s (itens 2 e 3) e Arte com medidas e posicionamento das faixas e logo dos coletes (item 9);<\/em><\/a><\/li>\n\n\n\n<li><a href=\"https:\/\/goias.gov.br\/seinfra\/wp-content\/uploads\/sites\/6\/2026\/03\/Parecer-Juridico.pdf\">Parecer Jur\u00eddico<\/a><\/li>\n\n\n\n<li><a href=\"https:\/\/goias.gov.br\/seinfra\/wp-content\/uploads\/sites\/6\/2026\/03\/Edital.pdf\">Edital<\/a><\/li>\n\n\n\n<li><a href=\"https:\/\/goias.gov.br\/seinfra\/wp-content\/uploads\/sites\/6\/2026\/03\/Minuta-de-Contrato.pdf\">Minuta Contratual<\/a><\/li>\n\n\n\n<li><a href=\"https:\/\/goias.gov.br\/seinfra\/wp-content\/uploads\/sites\/6\/2026\/03\/aviso-pdf.pdf\">Aviso de Licita\u00e7\u00e3o<\/a><\/li>\n<\/ul>\n\n\n\n<p>_____________________________________________________________________________________________________________<\/p>\n\n\n\n<p><strong>PREG\u00c3O&nbsp;<\/strong><strong>ELETR\u00d4NICO&nbsp;&nbsp;N\u00ba 02\/2026 \u2013 SEINFRA<\/strong><\/p>\n\n\n\n<p>CONTRATA\u00c7\u00c3O SISLOG N\u00ba&nbsp; 116963<\/p>\n\n\n\n<p><strong>Objeto:&nbsp;<\/strong>Presta\u00e7\u00e3o servi\u00e7os solu\u00e7\u00e3o de Voz sobre IP (VoIP)<\/p>\n\n\n\n<p><strong>Data de abertura:&nbsp;<\/strong>09\/04\/2026, \u00e0s 09h30<\/p>\n\n\n\n<p><strong>Tipo:&nbsp;<\/strong>Menor pre\u00e7o global (lote \u00fanico)<\/p>\n\n\n\n<p><strong>Anexos:<\/strong><\/p>\n\n\n\n<ul class=\"wp-block-list\">\n<li><a href=\"https:\/\/goias.gov.br\/seinfra\/wp-content\/uploads\/sites\/6\/2026\/03\/Termo-de-Referencia-3.pdf\">Termo de Refer\u00eancia<\/a><\/li>\n\n\n\n<li><a href=\"https:\/\/goias.gov.br\/seinfra\/wp-content\/uploads\/sites\/6\/2026\/03\/ANEXO-01.docx\">Anexo I do TR &#8211; DECLARA\u00c7\u00c3O DE RESPONSABILIDADE DA REALIZA\u00c7\u00c3O DA VISTORIA OU ABDICA\u00c7\u00c3O&nbsp;<\/a><\/li>\n\n\n\n<li><a href=\"https:\/\/goias.gov.br\/seinfra\/wp-content\/uploads\/sites\/6\/2026\/03\/ANEXO-02.docx\">ANEXO II do TR&nbsp;&#8211; MODELO DE PROPOSTA DE PRE\u00c7OS &#8211; STI &#8211; SEINFRA<\/a><\/li>\n\n\n\n<li><a href=\"https:\/\/goias.gov.br\/seinfra\/wp-content\/uploads\/sites\/6\/2026\/03\/parecerjuridico30.pdf\">Parecer Jur\u00eddico<\/a><\/li>\n\n\n\n<li><a href=\"https:\/\/goias.gov.br\/seinfra\/wp-content\/uploads\/sites\/6\/2026\/03\/Minuta-Edital.pdf\">Minuta de Edital<\/a><\/li>\n\n\n\n<li><a href=\"https:\/\/goias.gov.br\/seinfra\/wp-content\/uploads\/sites\/6\/2026\/03\/SEI_87087589_Minuta_de_Contrato-1.pdf\">Minuta Contratual<\/a><\/li>\n\n\n\n<li><a href=\"https:\/\/goias.gov.br\/seinfra\/wp-content\/uploads\/sites\/6\/2026\/03\/Aviso-de-Licitacao.pdf\">Aviso de Licita\u00e7\u00e3o<\/a><\/li>\n\n\n\n<li><a href=\"https:\/\/goias.gov.br\/seinfra\/wp-content\/uploads\/sites\/6\/2026\/03\/PEDIDO-DE-IMPUGNACAO-1.pdf\">Pedido de Impugna\u00e7\u00e3o<\/a><\/li>\n\n\n\n<li><a href=\"https:\/\/goias.gov.br\/seinfra\/wp-content\/uploads\/sites\/6\/2026\/03\/Resposta-ao-pedido-de-impugnacao-1.pdf\">Resposta ao Pedido de Impugna\u00e7\u00e3o<\/a><\/li>\n\n\n\n<li><a href=\"https:\/\/goias.gov.br\/seinfra\/wp-content\/uploads\/sites\/6\/2026\/03\/Termo-de-Referencia-V4-1.pdf\">Termo de Refer\u00eancia v.4<\/a><\/li>\n\n\n\n<li><a href=\"https:\/\/goias.gov.br\/seinfra\/wp-content\/uploads\/sites\/6\/2026\/03\/EDITAL-RETIFICADO.pdf\">Edital Retificado<\/a><\/li>\n\n\n\n<li><a href=\"https:\/\/goias.gov.br\/seinfra\/wp-content\/uploads\/sites\/6\/2026\/03\/AVISO-DE-ADIAMENTO.pdf\">Aviso de\u00a0Adiamento<\/a><\/li>\n<\/ul>\n","protected":false},"excerpt":{"rendered":"<p>REG\u00c3O&nbsp;ELETR\u00d4NICO&nbsp;&nbsp;N\u00ba 01\/2026 \u2013 SEINFRA CONTRATA\u00c7\u00c3O SISLOG N\u00ba&nbsp; 115150 Objeto:&nbsp;Aquisi\u00e7\u00e3o de&nbsp;Equipamentos de Prote\u00e7\u00e3o Individual (EPIs),&nbsp;Equipamentos de Prote\u00e7\u00e3o Coletiva (EPCs),&nbsp;instrumentos de medi\u00e7\u00e3o,&nbsp;materiais de sinaliza\u00e7\u00e3o e demais acess\u00f3rios&nbsp;necess\u00e1rios \u00e0s atividades de fiscaliza\u00e7\u00e3o e acompanhamento t\u00e9cnico de obras, sob a responsabilidade ou apoio da Secretaria de Estado da Infraestrutura &#8211; SEINFRA. Data de abertura:&nbsp;10\/03\/2026, \u00e0s 09h00 Tipo:&nbsp;Menor pre\u00e7o por [&hellip;]<\/p>\n","protected":false},"author":819,"featured_media":0,"parent":0,"menu_order":0,"comment_status":"closed","ping_status":"closed","template":"","meta":{"footnotes":""},"class_list":["post-245983","page","type-page","status-publish","hentry"],"rttpg_featured_image_url":null,"rttpg_author":{"display_name":"gabrielacarneiro","author_link":"https:\/\/goias.gov.br\/seinfra\/author\/gabrielacarneiro\/"},"rttpg_comment":0,"rttpg_category":null,"rttpg_excerpt":"REG\u00c3O&nbsp;ELETR\u00d4NICO&nbsp;&nbsp;N\u00ba 01\/2026 \u2013 SEINFRA CONTRATA\u00c7\u00c3O SISLOG N\u00ba&nbsp; 115150 Objeto:&nbsp;Aquisi\u00e7\u00e3o de&nbsp;Equipamentos de Prote\u00e7\u00e3o Individual (EPIs),&nbsp;Equipamentos de Prote\u00e7\u00e3o Coletiva (EPCs),&nbsp;instrumentos de medi\u00e7\u00e3o,&nbsp;materiais de sinaliza\u00e7\u00e3o e demais acess\u00f3rios&nbsp;necess\u00e1rios \u00e0s atividades de fiscaliza\u00e7\u00e3o e acompanhamento t\u00e9cnico de obras, sob a responsabilidade ou apoio da Secretaria de Estado da Infraestrutura &#8211; SEINFRA. Data de abertura:&nbsp;10\/03\/2026, \u00e0s 09h00 Tipo:&nbsp;Menor pre\u00e7o por&hellip;","_links":{"self":[{"href":"https:\/\/goias.gov.br\/seinfra\/wp-json\/wp\/v2\/pages\/245983","targetHints":{"allow":["GET"]}}],"collection":[{"href":"https:\/\/goias.gov.br\/seinfra\/wp-json\/wp\/v2\/pages"}],"about":[{"href":"https:\/\/goias.gov.br\/seinfra\/wp-json\/wp\/v2\/types\/page"}],"author":[{"embeddable":true,"href":"https:\/\/goias.gov.br\/seinfra\/wp-json\/wp\/v2\/users\/819"}],"replies":[{"embeddable":true,"href":"https:\/\/goias.gov.br\/seinfra\/wp-json\/wp\/v2\/comments?post=245983"}],"version-history":[{"count":2,"href":"https:\/\/goias.gov.br\/seinfra\/wp-json\/wp\/v2\/pages\/245983\/revisions"}],"predecessor-version":[{"id":250496,"href":"https:\/\/goias.gov.br\/seinfra\/wp-json\/wp\/v2\/pages\/245983\/revisions\/250496"}],"wp:attachment":[{"href":"https:\/\/goias.gov.br\/seinfra\/wp-json\/wp\/v2\/media?parent=245983"}],"curies":[{"name":"wp","href":"https:\/\/api.w.org\/{rel}","templated":true}]}}