

{"id":230804,"date":"2025-07-14T16:35:20","date_gmt":"2025-07-14T19:35:20","guid":{"rendered":"https:\/\/goias.gov.br\/seinfra\/?page_id=230804"},"modified":"2025-12-10T16:29:19","modified_gmt":"2025-12-10T19:29:19","slug":"goias-por-todos-equipamentos-publicos","status":"publish","type":"page","link":"https:\/\/goias.gov.br\/seinfra\/goias-por-todos-equipamentos-publicos\/","title":{"rendered":"Goi\u00e1s Por Todos \u2013 Equipamentos P\u00fablicos"},"content":{"rendered":"\t\t<div data-elementor-type=\"wp-page\" data-elementor-id=\"230804\" class=\"elementor elementor-230804\">\n\t\t\t\t<div class=\"elementor-element elementor-element-ba64153 e-flex e-con-boxed e-con e-parent\" data-id=\"ba64153\" data-element_type=\"container\" data-e-type=\"container\">\n\t\t\t\t\t<div class=\"e-con-inner\">\n\t\t\t\t<div class=\"elementor-element elementor-element-9cd7584 elementor-widget elementor-widget-image\" data-id=\"9cd7584\" data-element_type=\"widget\" data-e-type=\"widget\" data-widget_type=\"image.default\">\n\t\t\t\t\t\t\t\t\t\t\t\t\t\t\t\t<a href=\"http:\/\/goiasportodosequipamentos.seinfra.go.gov.br\/\" target=\"_blank\">\n\t\t\t\t\t\t\t<img decoding=\"async\" src=\"https:\/\/goias.gov.br\/seinfra\/wp-content\/uploads\/sites\/6\/2025\/07\/banner-1.jpg\" title=\"\" alt=\"\" loading=\"lazy\" \/>\t\t\t\t\t\t\t\t<\/a>\n\t\t\t\t\t\t\t\t\t\t\t\t\t\t\t<\/div>\n\t\t\t\t\t<\/div>\n\t\t\t\t<\/div>\n\t\t<div class=\"elementor-element elementor-element-405e601 e-flex e-con-boxed e-con e-parent\" data-id=\"405e601\" data-element_type=\"container\" data-e-type=\"container\">\n\t\t\t\t\t<div class=\"e-con-inner\">\n\t\t<div class=\"elementor-element elementor-element-8d99ca3 e-con-full e-flex e-con e-child\" data-id=\"8d99ca3\" data-element_type=\"container\" data-e-type=\"container\">\n\t\t\t\t<div class=\"elementor-element elementor-element-5644f13 elementor-widget elementor-widget-text-editor\" data-id=\"5644f13\" data-element_type=\"widget\" data-e-type=\"widget\" data-widget_type=\"text-editor.default\">\n\t\t\t\t\t\t\t\t\t<p><strong>J\u00e1 imaginou como a constru\u00e7\u00e3o de espa\u00e7os p\u00fablicos pode transformar a realidade da sua comunidade?<\/strong><\/p><p data-start=\"\\\\\\&quot;\\\\\\\\&quot;\\\\\\\\\\\\\\\\&quot;\\\\\\\\\\\\\\\\\\\\\\\\\\\\\\\\&quot;\\\\\\\\\\\\\\\\\\\\\\\\\\\\\\\\\\\\\\\\\\\\\\\\\\\\\\\\\\\\\\\\&quot;241\\\\\\\\\\\\\\\\\\\\\\\\\\\\\\\\\\\\\\\\\\\\\\\\\\\\\\\\\\\\\\\\&quot;\\\\\\\\\\\\\\\\\\\\\\\\\\\\\\\\&quot;\\\\\\\\\\\\\\\\&quot;\\\\\\\\&quot;\\\\\\&quot;\" data-end=\"\\\\\\&quot;\\\\\\\\&quot;\\\\\\\\\\\\\\\\&quot;\\\\\\\\\\\\\\\\\\\\\\\\\\\\\\\\&quot;\\\\\\\\\\\\\\\\\\\\\\\\\\\\\\\\\\\\\\\\\\\\\\\\\\\\\\\\\\\\\\\\&quot;609\\\\\\\\\\\\\\\\\\\\\\\\\\\\\\\\\\\\\\\\\\\\\\\\\\\\\\\\\\\\\\\\&quot;\\\\\\\\\\\\\\\\\\\\\\\\\\\\\\\\&quot;\\\\\\\\\\\\\\\\&quot;\\\\\\\\&quot;\\\\\\&quot;\">O\u00a0<strong>Goi\u00e1s Por Todos \u2013 Equipamentos P\u00fablicos<\/strong>\u00a0\u00e9 um programa do Governo de Goi\u00e1s que oferece suporte direto aos munic\u00edpios para viabilizar a constru\u00e7\u00e3o de equipamentos p\u00fablicos comunit\u00e1rios, promovendo desenvolvimento social, inclus\u00e3o e melhoria da qualidade de vida.<\/p><p data-start=\"\\\\\\&quot;\\\\\\\\&quot;\\\\\\\\\\\\\\\\&quot;\\\\\\\\\\\\\\\\\\\\\\\\\\\\\\\\&quot;\\\\\\\\\\\\\\\\\\\\\\\\\\\\\\\\\\\\\\\\\\\\\\\\\\\\\\\\\\\\\\\\&quot;241\\\\\\\\\\\\\\\\\\\\\\\\\\\\\\\\\\\\\\\\\\\\\\\\\\\\\\\\\\\\\\\\&quot;\\\\\\\\\\\\\\\\\\\\\\\\\\\\\\\\&quot;\\\\\\\\\\\\\\\\&quot;\\\\\\\\&quot;\\\\\\&quot;\" data-end=\"\\\\\\&quot;\\\\\\\\&quot;\\\\\\\\\\\\\\\\&quot;\\\\\\\\\\\\\\\\\\\\\\\\\\\\\\\\&quot;\\\\\\\\\\\\\\\\\\\\\\\\\\\\\\\\\\\\\\\\\\\\\\\\\\\\\\\\\\\\\\\\&quot;609\\\\\\\\\\\\\\\\\\\\\\\\\\\\\\\\\\\\\\\\\\\\\\\\\\\\\\\\\\\\\\\\&quot;\\\\\\\\\\\\\\\\\\\\\\\\\\\\\\\\&quot;\\\\\\\\\\\\\\\\&quot;\\\\\\\\&quot;\\\\\\&quot;\"><strong>O QUE \u00c9 O PROJETO?<\/strong><\/p><p data-start=\"\\\\\\&quot;\\\\\\\\&quot;\\\\\\\\\\\\\\\\&quot;\\\\\\\\\\\\\\\\\\\\\\\\\\\\\\\\&quot;\\\\\\\\\\\\\\\\\\\\\\\\\\\\\\\\\\\\\\\\\\\\\\\\\\\\\\\\\\\\\\\\&quot;241\\\\\\\\\\\\\\\\\\\\\\\\\\\\\\\\\\\\\\\\\\\\\\\\\\\\\\\\\\\\\\\\&quot;\\\\\\\\\\\\\\\\\\\\\\\\\\\\\\\\&quot;\\\\\\\\\\\\\\\\&quot;\\\\\\\\&quot;\\\\\\&quot;\" data-end=\"\\\\\\&quot;\\\\\\\\&quot;\\\\\\\\\\\\\\\\&quot;\\\\\\\\\\\\\\\\\\\\\\\\\\\\\\\\&quot;\\\\\\\\\\\\\\\\\\\\\\\\\\\\\\\\\\\\\\\\\\\\\\\\\\\\\\\\\\\\\\\\&quot;609\\\\\\\\\\\\\\\\\\\\\\\\\\\\\\\\\\\\\\\\\\\\\\\\\\\\\\\\\\\\\\\\&quot;\\\\\\\\\\\\\\\\\\\\\\\\\\\\\\\\&quot;\\\\\\\\\\\\\\\\&quot;\\\\\\\\&quot;\\\\\\&quot;\">A iniciativa da Seinfra, em parceria com o Goi\u00e1s Social, visa apoiar os munic\u00edpios goianos constru\u00e7\u00e3o de feiras cobertas, salas de vel\u00f3rio e conselhos tutelares.<\/p><p data-start=\"\\\\\\&quot;\\\\\\\\&quot;\\\\\\\\\\\\\\\\&quot;\\\\\\\\\\\\\\\\\\\\\\\\\\\\\\\\&quot;\\\\\\\\\\\\\\\\\\\\\\\\\\\\\\\\\\\\\\\\\\\\\\\\\\\\\\\\\\\\\\\\&quot;1057\\\\\\\\\\\\\\\\\\\\\\\\\\\\\\\\\\\\\\\\\\\\\\\\\\\\\\\\\\\\\\\\&quot;\\\\\\\\\\\\\\\\\\\\\\\\\\\\\\\\&quot;\\\\\\\\\\\\\\\\&quot;\\\\\\\\&quot;\\\\\\&quot;\" data-end=\"\\\\\\&quot;\\\\\\\\&quot;\\\\\\\\\\\\\\\\&quot;\\\\\\\\\\\\\\\\\\\\\\\\\\\\\\\\&quot;\\\\\\\\\\\\\\\\\\\\\\\\\\\\\\\\\\\\\\\\\\\\\\\\\\\\\\\\\\\\\\\\&quot;1355\\\\\\\\\\\\\\\\\\\\\\\\\\\\\\\\\\\\\\\\\\\\\\\\\\\\\\\\\\\\\\\\&quot;\\\\\\\\\\\\\\\\\\\\\\\\\\\\\\\\&quot;\\\\\\\\\\\\\\\\&quot;\\\\\\\\&quot;\\\\\\&quot;\">Mais do que obras, o projeto busca criar ambientes que favore\u00e7am o conv\u00edvio, o acesso a servi\u00e7os essenciais e o fortalecimento dos la\u00e7os comunit\u00e1rios. Cada equipamento entregue representa um passo concreto na constru\u00e7\u00e3o de cidades mais inclusivas, seguras e preparadas para atender suas popula\u00e7\u00f5es.<\/p><p data-start=\"\\\\\\&quot;\\\\\\\\&quot;\\\\\\\\\\\\\\\\&quot;\\\\\\\\\\\\\\\\\\\\\\\\\\\\\\\\&quot;\\\\\\\\\\\\\\\\\\\\\\\\\\\\\\\\\\\\\\\\\\\\\\\\\\\\\\\\\\\\\\\\&quot;1357\\\\\\\\\\\\\\\\\\\\\\\\\\\\\\\\\\\\\\\\\\\\\\\\\\\\\\\\\\\\\\\\&quot;\\\\\\\\\\\\\\\\\\\\\\\\\\\\\\\\&quot;\\\\\\\\\\\\\\\\&quot;\\\\\\\\&quot;\\\\\\&quot;\" data-end=\"\\\\\\&quot;\\\\\\\\&quot;\\\\\\\\\\\\\\\\&quot;\\\\\\\\\\\\\\\\\\\\\\\\\\\\\\\\&quot;\\\\\\\\\\\\\\\\\\\\\\\\\\\\\\\\\\\\\\\\\\\\\\\\\\\\\\\\\\\\\\\\&quot;1749\\\\\\\\\\\\\\\\\\\\\\\\\\\\\\\\\\\\\\\\\\\\\\\\\\\\\\\\\\\\\\\\&quot;\\\\\\\\\\\\\\\\\\\\\\\\\\\\\\\\&quot;\\\\\\\\\\\\\\\\&quot;\\\\\\\\&quot;\\\\\\&quot;\">A operacionaliza\u00e7\u00e3o do programa \u00e9 feita por meio de uma plataforma digital, que organiza o processo de solicita\u00e7\u00e3o e an\u00e1lise da documenta\u00e7\u00e3o t\u00e9cnica, garantindo agilidade, transpar\u00eancia e padroniza\u00e7\u00e3o. Com isso, o Governo de Goi\u00e1s reafirma seu compromisso com a efici\u00eancia na gest\u00e3o p\u00fablica e o apoio efetivo aos munic\u00edpios, para que juntos possamos construir um Estado mais justo para todos.<\/p>\t\t\t\t\t\t\t\t<\/div>\n\t\t\t\t<\/div>\n\t\t<div class=\"elementor-element elementor-element-57fae11 e-con-full e-flex e-con e-child\" data-id=\"57fae11\" data-element_type=\"container\" data-e-type=\"container\">\n\t\t\t\t<div class=\"elementor-element elementor-element-ccd43f9 elementor-widget elementor-widget-text-editor\" data-id=\"ccd43f9\" data-element_type=\"widget\" data-e-type=\"widget\" data-widget_type=\"text-editor.default\">\n\t\t\t\t\t\t\t\t\t<p><b>Anexos:<\/b><\/p><ul><li><a href=\"\\&quot;https:\/\/goias.gov.br\/seinfra\/wp-content\/uploads\/sites\/6\/2025\/10\/Cartilha-Goias-Por-Todos-_CONSELHO-TUTELAR.pdf\\&quot;\">Cartilha de Equipamentos P\u00fablicos &#8211; Conselho Tutelar<\/a><\/li><li><a href=\"\\&quot;https:\/\/goias.gov.br\/seinfra\/wp-content\/uploads\/sites\/6\/2025\/10\/Cartilha-Goias-Por-Todos-_FEIRA-COBERTA.pdf\\&quot;\">Cartilha de Equipamentos P\u00fablicos &#8211; Feira Coberta<\/a><\/li><li><a href=\"\\&quot;https:\/\/goias.gov.br\/seinfra\/wp-content\/uploads\/sites\/6\/2025\/10\/Cartilha-Goias-Por-Todos-_SALA-VELORIO.pdf\\&quot;\">Cartilha de Equipamentos P\u00fablicos &#8211; Sala de Vel\u00f3rio<\/a><\/li><li><a href=\"\\&quot;\\\\&quot;https:\/\/goias.gov.br\/seinfra\/wp-content\/uploads\/sites\/6\/2025\/07\/01-Oficio-de-Solicitacao-do-Equipamento-Publico_Geral.doc\\\\&quot;\\&quot;\">Of\u00edcio de Solicita\u00e7\u00e3o do Equipamento P\u00fablico Geral<\/a><\/li><li><a href=\"\\&quot;\\\\&quot;https:\/\/goias.gov.br\/seinfra\/wp-content\/uploads\/sites\/6\/2025\/07\/02-Declaracao-ISSQN-e-Codigo-Tributario-Municipal_Geral.doc\\\\&quot;\\&quot;\">Declara\u00e7\u00e3o ISSQN e C\u00f3digo Tribut\u00e1rio Municipal Geral<\/a><\/li><li><a href=\"\\&quot;\\\\&quot;https:\/\/goias.gov.br\/seinfra\/wp-content\/uploads\/sites\/6\/2025\/07\/03-Dispensa-Alvara-e-Aprovacao-Projetos_Conselho-Tutelar.doc\\\\&quot;\\&quot;\">Dispensa Alvar\u00e1 e Aprova\u00e7\u00e3o Projetos &#8211; Conselho Tutelar<\/a><\/li><li><a href=\"\\&quot;\\\\&quot;https:\/\/goias.gov.br\/seinfra\/wp-content\/uploads\/sites\/6\/2025\/07\/03-Dispensa-Alvara-e-Aprovacao-Projetos_Feira-Coberta.doc\\\\&quot;\\&quot;\">Dispensa Alvar\u00e1 e Aprova\u00e7\u00e3o Projetos &#8211; Feira Coberta<\/a><\/li><li><a href=\"\\&quot;\\\\&quot;https:\/\/goias.gov.br\/seinfra\/wp-content\/uploads\/sites\/6\/2025\/07\/03-Dispensa-Alvara-e-Aprovacao-Projetos_Sala-de-Velorio.doc\\\\&quot;\\&quot;\">Dispensa Alvar\u00e1 e Aprova\u00e7\u00e3o Projetos &#8211; Sala de Vel\u00f3rio<\/a><\/li><li><a href=\"\\&quot;\\\\&quot;https:\/\/goias.gov.br\/seinfra\/wp-content\/uploads\/sites\/6\/2025\/07\/CADERNO-DE-APRESENTACAO-DOS-PROJETOS-PADRAO-DE-EQUIPAMENTOS-PUBLICOS.pdf\\\\&quot;\\&quot;\">Caderno de Apresenta\u00e7\u00e3o dos Projetos Padr\u00e3o de Equipamentos P\u00fablicos<\/a><\/li><\/ul>\t\t\t\t\t\t\t\t<\/div>\n\t\t\t\t<\/div>\n\t\t\t\t\t<\/div>\n\t\t\t\t<\/div>\n\t\t\t\t<\/div>\n\t\t","protected":false},"excerpt":{"rendered":"<p>J\u00e1 imaginou como a constru\u00e7\u00e3o de espa\u00e7os p\u00fablicos pode transformar a realidade da sua comunidade? O\u00a0Goi\u00e1s Por Todos \u2013 Equipamentos P\u00fablicos\u00a0\u00e9 um programa do Governo de Goi\u00e1s que oferece suporte direto aos munic\u00edpios para viabilizar a constru\u00e7\u00e3o de equipamentos p\u00fablicos comunit\u00e1rios, promovendo desenvolvimento social, inclus\u00e3o e melhoria da qualidade de vida. O QUE \u00c9 O [&hellip;]<\/p>\n","protected":false},"author":739,"featured_media":0,"parent":0,"menu_order":0,"comment_status":"closed","ping_status":"closed","template":"","meta":{"footnotes":""},"class_list":["post-230804","page","type-page","status-publish","hentry"],"rttpg_featured_image_url":null,"rttpg_author":{"display_name":"gabrieladmacedo","author_link":"https:\/\/goias.gov.br\/seinfra\/author\/gabriela-dmacedogoias-gov-br\/"},"rttpg_comment":0,"rttpg_category":null,"rttpg_excerpt":"J\u00e1 imaginou como a constru\u00e7\u00e3o de espa\u00e7os p\u00fablicos pode transformar a realidade da sua comunidade? O\u00a0Goi\u00e1s Por Todos \u2013 Equipamentos P\u00fablicos\u00a0\u00e9 um programa do Governo de Goi\u00e1s que oferece suporte direto aos munic\u00edpios para viabilizar a constru\u00e7\u00e3o de equipamentos p\u00fablicos comunit\u00e1rios, promovendo desenvolvimento social, inclus\u00e3o e melhoria da qualidade de vida. O QUE \u00c9 O&hellip;","_links":{"self":[{"href":"https:\/\/goias.gov.br\/seinfra\/wp-json\/wp\/v2\/pages\/230804","targetHints":{"allow":["GET"]}}],"collection":[{"href":"https:\/\/goias.gov.br\/seinfra\/wp-json\/wp\/v2\/pages"}],"about":[{"href":"https:\/\/goias.gov.br\/seinfra\/wp-json\/wp\/v2\/types\/page"}],"author":[{"embeddable":true,"href":"https:\/\/goias.gov.br\/seinfra\/wp-json\/wp\/v2\/users\/739"}],"replies":[{"embeddable":true,"href":"https:\/\/goias.gov.br\/seinfra\/wp-json\/wp\/v2\/comments?post=230804"}],"version-history":[{"count":3,"href":"https:\/\/goias.gov.br\/seinfra\/wp-json\/wp\/v2\/pages\/230804\/revisions"}],"predecessor-version":[{"id":243058,"href":"https:\/\/goias.gov.br\/seinfra\/wp-json\/wp\/v2\/pages\/230804\/revisions\/243058"}],"wp:attachment":[{"href":"https:\/\/goias.gov.br\/seinfra\/wp-json\/wp\/v2\/media?parent=230804"}],"curies":[{"name":"wp","href":"https:\/\/api.w.org\/{rel}","templated":true}]}}