

{"id":70942,"date":"2016-08-10T08:04:59","date_gmt":"2016-08-10T11:04:59","guid":{"rendered":"https:\/\/www.seguranca.go.gov.br\/?page_id=70942"},"modified":"2025-04-10T10:54:49","modified_gmt":"2025-04-10T13:54:49","slug":"relatorios-e-estatisticas-da-ouvidoria-setorial-da-ssp","status":"publish","type":"page","link":"https:\/\/goias.gov.br\/seguranca\/ouvidoria-setorial\/relatorios-e-estatisticas-da-ouvidoria-setorial-da-ssp\/","title":{"rendered":"Relat\u00f3rios e Estat\u00edsticas da Ouvidoria Setorial da SSP"},"content":{"rendered":"<p><strong><a href=\"https:\/\/goias.gov.br\/seguranca\/ouvidoria-setorial\/relatorios-e-estatisticas-da-ouvidoria-setorial-da-ssp\/relatorio-de-2025\/\">Relat\u00f3rio de 2025<\/a><\/strong><br \/>\n<a href=\"https:\/\/goias.gov.br\/seguranca\/ouvidoria-setorial\/relatorios-e-estatisticas-da-ouvidoria-setorial-da-ssp\/relatorio-de-2024\/\">Relat\u00f3rio de 2024<\/a><br \/>\n<a href=\"https:\/\/goias.gov.br\/seguranca\/ouvidoria-setorial\/relatorios-e-estatisticas-da-ouvidoria-setorial-da-ssp\/relatorio-de-2023\/\">Relat\u00f3rio de 2023<\/a><strong><br \/>\n<\/strong><a href=\"https:\/\/goias.gov.br\/seguranca\/ouvidoria-setorial\/relatorios-e-estatisticas-da-ouvidoria-setorial-da-ssp\/relatorio-de-2022\/\">Relat\u00f3rio de 2022<\/a><br \/>\n<a href=\"https:\/\/goias.gov.br\/seguranca\/ouvidoria-setorial\/relatorios-e-estatisticas-da-ouvidoria-setorial-da-ssp\/relatorio-de-2021\/\">Relat\u00f3rio de 2021<\/a><br \/>\n<a href=\"https:\/\/goias.gov.br\/seguranca\/wp-content\/uploads\/sites\/56\/2016\/08\/relatorio-de-2020.pdf\" target=\"_blank\" rel=\"noopener noreferrer\">Relat\u00f3rio de 2020<\/a><br \/>\n<a href=\"https:\/\/goias.gov.br\/seguranca\/wp-content\/uploads\/sites\/56\/2016\/08\/relatorio-de-2019.pdf\" target=\"_blank\" rel=\"noopener noreferrer\">Relat\u00f3rio de 2019<\/a><br \/>\n<a href=\"https:\/\/goias.gov.br\/seguranca\/wp-content\/uploads\/sites\/56\/2016\/08\/relatorios-e-estatisticas-2.pdf\" target=\"_blank\" rel=\"noopener noreferrer\">Relat\u00f3rio de 2018<\/a><br \/>\n<a href=\"https:\/\/goias.gov.br\/seguranca\/wp-content\/uploads\/sites\/56\/2016\/08\/relatorios-e-estatisticas-1.pdf\" target=\"_blank\" rel=\"noopener noreferrer\">Relat\u00f3rio de 2017<\/a><br \/>\n<a href=\"https:\/\/goias.gov.br\/seguranca\/wp-content\/uploads\/sites\/56\/2016\/08\/www.ssp.go.gov.br-relatorios-e-estatisticas-relatorio-de-atividades-da-ouvidoria-em-2016.pdf\" target=\"_blank\" rel=\"noopener noreferrer\">Relat\u00f3rio de 2016<\/a><br \/>\n<a href=\"https:\/\/goias.gov.br\/seguranca\/wp-content\/uploads\/sites\/56\/2012\/01\/relatorio-de-2015.pdf\" target=\"_blank\" rel=\"noopener noreferrer\">Relat\u00f3rio de 2015<\/a><br \/>\n<a href=\"https:\/\/goias.gov.br\/seguranca\/wp-content\/uploads\/sites\/56\/2012\/01\/relatorio-de-atividades-da-ouvidoria-em-2014.pdf\" target=\"_blank\" rel=\"noopener noreferrer\">Relat\u00f3rio de 2014<\/a><br \/>\n<a title=\"Relat\u00f3rio de 2013\" href=\"https:\/\/goias.gov.br\/seguranca\/wp-content\/uploads\/sites\/56\/2012\/01\/relatorio-de-atividades-da-ouvidoria-em-2013.pdf\" target=\"_blank\" rel=\"noopener noreferrer\">Relat\u00f3rio de 2013<\/a><br \/>\n<a title=\"Relat\u00f3rio de 2012\" href=\"https:\/\/goias.gov.br\/seguranca\/wp-content\/uploads\/sites\/56\/2012\/01\/relatorio-de-atividades-da-ouvidoria-em-2012.pdf\" target=\"_blank\" rel=\"noopener noreferrer\">Relat\u00f3rio de 2012<\/a><br \/>\n<a title=\"Relat\u00f3rio de 2011\" href=\"https:\/\/goias.gov.br\/seguranca\/wp-content\/uploads\/sites\/56\/2012\/01\/relatorio-de-atividades-da-ouvidoria-em-2011.pdf\" target=\"_blank\" rel=\"noopener noreferrer\">Relat\u00f3rio de 2011<\/a><br \/>\n<a href=\"https:\/\/goias.gov.br\/seguranca\/wp-content\/uploads\/sites\/56\/2012\/01\/relatorio-2010.pdf\" target=\"_blank\" rel=\"noopener noreferrer\">Relat\u00f3rio de 2010<\/a><br \/>\n<a href=\"https:\/\/goias.gov.br\/seguranca\/wp-content\/uploads\/sites\/56\/2012\/01\/relatorio-2009.pdf\" target=\"_blank\" rel=\"noopener noreferrer\">Relat\u00f3rio de 2009<\/a><br \/>\n<a title=\"Relat\u00f3rio de 2008\" href=\"https:\/\/goias.gov.br\/seguranca\/wp-content\/uploads\/sites\/56\/2012\/01\/relatorio_2008.pdf\" target=\"_blank\" rel=\"noopener noreferrer\">Relat\u00f3rio de 2008<\/a><br \/>\n<a title=\"Relat\u00f3rio de 2007\" href=\"https:\/\/goias.gov.br\/seguranca\/wp-content\/uploads\/sites\/56\/2012\/01\/relatorio_2007.pdf\" target=\"_blank\" rel=\"noopener noreferrer\">Relat\u00f3rio de 2007<\/a><br \/>\n<a title=\"Relat\u00f3rios de 2006\" href=\"https:\/\/goias.gov.br\/seguranca\/wp-content\/uploads\/sites\/56\/2012\/01\/relatorio_2006.pdf\" target=\"_blank\" rel=\"noopener noreferrer\">Relat\u00f3rio de 2006<\/a><\/p>\n<p>Instale o <span style=\"color: #cc0000\"><a title=\"Adobe Reader\" href=\"https:\/\/get.adobe.com\/br\/reader\/?promoid=BUIGO\" target=\"_blank\" rel=\"noopener noreferrer\"><span style=\"color: #cc0000\"><strong>Adobe Reader<\/strong><\/span><\/a><\/span> para visualziar aquivos em PDF<\/p>\n<p><strong>\u00ab <\/strong><strong><a title=\"Ouvidoria\" href=\"https:\/\/goias.gov.br\/seguranca\/ouvidoria\">Voltar para a p\u00e1gina principal da Ouvidoria<\/a><\/strong><\/p>\n","protected":false},"excerpt":{"rendered":"<p>Relat\u00f3rio de 2025 Relat\u00f3rio de 2024 Relat\u00f3rio de 2023 Relat\u00f3rio de 2022 Relat\u00f3rio de 2021 Relat\u00f3rio de 2020 Relat\u00f3rio de 2019 Relat\u00f3rio de 2018 Relat\u00f3rio de 2017 Relat\u00f3rio de 2016 Relat\u00f3rio de 2015 Relat\u00f3rio de 2014 Relat\u00f3rio de 2013 Relat\u00f3rio de 2012 Relat\u00f3rio de 2011 Relat\u00f3rio de 2010 Relat\u00f3rio de 2009 Relat\u00f3rio de 2008 Relat\u00f3rio [&hellip;]<\/p>\n","protected":false},"author":3,"featured_media":0,"parent":260024,"menu_order":0,"comment_status":"closed","ping_status":"closed","template":"","meta":{"footnotes":"","_links_to":"","_links_to_target":""},"class_list":["post-70942","page","type-page","status-publish","hentry"],"rttpg_featured_image_url":null,"rttpg_author":{"display_name":"joanaredator","author_link":"https:\/\/goias.gov.br\/seguranca\/author\/joanaredator\/"},"rttpg_comment":0,"rttpg_category":null,"rttpg_excerpt":"Relat\u00f3rio de 2025 Relat\u00f3rio de 2024 Relat\u00f3rio de 2023 Relat\u00f3rio de 2022 Relat\u00f3rio de 2021 Relat\u00f3rio de 2020 Relat\u00f3rio de 2019 Relat\u00f3rio de 2018 Relat\u00f3rio de 2017 Relat\u00f3rio de 2016 Relat\u00f3rio de 2015 Relat\u00f3rio de 2014 Relat\u00f3rio de 2013 Relat\u00f3rio de 2012 Relat\u00f3rio de 2011 Relat\u00f3rio de 2010 Relat\u00f3rio de 2009 Relat\u00f3rio de 2008 Relat\u00f3rio&hellip;","_links":{"self":[{"href":"https:\/\/goias.gov.br\/seguranca\/wp-json\/wp\/v2\/pages\/70942","targetHints":{"allow":["GET"]}}],"collection":[{"href":"https:\/\/goias.gov.br\/seguranca\/wp-json\/wp\/v2\/pages"}],"about":[{"href":"https:\/\/goias.gov.br\/seguranca\/wp-json\/wp\/v2\/types\/page"}],"author":[{"embeddable":true,"href":"https:\/\/goias.gov.br\/seguranca\/wp-json\/wp\/v2\/users\/3"}],"replies":[{"embeddable":true,"href":"https:\/\/goias.gov.br\/seguranca\/wp-json\/wp\/v2\/comments?post=70942"}],"version-history":[{"count":3,"href":"https:\/\/goias.gov.br\/seguranca\/wp-json\/wp\/v2\/pages\/70942\/revisions"}],"predecessor-version":[{"id":270647,"href":"https:\/\/goias.gov.br\/seguranca\/wp-json\/wp\/v2\/pages\/70942\/revisions\/270647"}],"up":[{"embeddable":true,"href":"https:\/\/goias.gov.br\/seguranca\/wp-json\/wp\/v2\/pages\/260024"}],"wp:attachment":[{"href":"https:\/\/goias.gov.br\/seguranca\/wp-json\/wp\/v2\/media?parent=70942"}],"curies":[{"name":"wp","href":"https:\/\/api.w.org\/{rel}","templated":true}]}}