

{"id":18431,"date":"2016-11-03T14:47:19","date_gmt":"2016-11-03T16:47:19","guid":{"rendered":"http:\/\/www.ssp.go.gov.br\/?page_id=18431"},"modified":"2025-12-02T11:50:28","modified_gmt":"2025-12-02T14:50:28","slug":"agenda","status":"publish","type":"page","link":"https:\/\/goias.gov.br\/seguranca\/acesso-a-informacao\/agenda\/","title":{"rendered":"Agenda de Autoridades"},"content":{"rendered":"<div class=\"entry-meta\"><\/div>\n<h2 class=\"category-heading h3\">Secretaria de Seguran\u00e7a P\u00fablica<\/h2>\n<ul class=\"list-schedule-agenda\">\n<li style=\"list-style-type: none\">\n<ul class=\"list-schedule-agenda\">\n<li class=\"schedule\"><strong class=\"role-heading\">Secret\u00e1rio de Estado da Seguran\u00e7a P\u00fablica<\/strong><br \/>\n<a href=\"https:\/\/goias.gov.br\/seguranca\/secretario-de-estado-da-seguranca-publica\">RENATO BRUM DOS SANTOS<\/a><\/li>\n<\/ul>\n<\/li>\n<\/ul>\n<hr \/>\n<ul class=\"list-schedule-agenda\">\n<li style=\"list-style-type: none\">\n<ul class=\"list-schedule-agenda\">\n<li class=\"schedule\"><strong class=\"role-heading\">Subsecret\u00e1rio<\/strong><br \/>\n<a href=\"https:\/\/goias.gov.br\/seguranca\/subsecretario\">GUSTAVO CARLOS FERREIRA<\/a><\/li>\n<\/ul>\n<\/li>\n<\/ul>\n<hr \/>\n<ul class=\"list-schedule-agenda\">\n<li style=\"list-style-type: none\">\n<ul class=\"list-schedule-agenda\">\n<li class=\"schedule\"><strong class=\"role-heading\">Escrit\u00f3rio de Projetos Setorial<\/strong><br \/>\n<a href=\"https:\/\/goias.gov.br\/seguranca\/escritorio-de-projetos-setorial\">CARLOS BORGES DOS SANTOS<\/a><\/li>\n<\/ul>\n<\/li>\n<\/ul>\n<hr \/>\n<ul class=\"list-schedule-agenda\">\n<li style=\"list-style-type: none\">\n<ul class=\"list-schedule-agenda\">\n<li class=\"schedule\"><strong class=\"role-heading\">Chefe de Gabinete<\/strong><br \/>\n<a href=\"https:\/\/goias.gov.br\/seguranca\/chefe-de-gabinete\">PATRICIA ARLE HATSUGAI<\/a><\/li>\n<\/ul>\n<\/li>\n<\/ul>\n<hr \/>\n<ul class=\"list-schedule-agenda\">\n<li style=\"list-style-type: none\">\n<ul class=\"list-schedule-agenda\">\n<li class=\"schedule\"><strong class=\"role-heading\">Chefe da Comunica\u00e7\u00e3o Setorial<\/strong><br \/>\n<a href=\"https:\/\/goias.gov.br\/seguranca\/chefe-da-comunicacao-setorial\">LUIZ MAGNO SILVA LEAO<\/a><\/li>\n<\/ul>\n<\/li>\n<\/ul>\n<hr \/>\n<ul class=\"list-schedule-agenda\">\n<li style=\"list-style-type: none\">\n<ul class=\"list-schedule-agenda\">\n<li class=\"schedule\"><strong class=\"role-heading\">Presidente do Conselho Estadual de Tr\u00e2nsito \u2013 CETRAN<\/strong><br \/>\n<a href=\"https:\/\/goias.gov.br\/seguranca\/presidente-do-conselho-estadual-de-transito-cetran\">NAYARA BARROS COIMBRA<\/a><\/li>\n<\/ul>\n<\/li>\n<\/ul>\n<hr \/>\n<ul class=\"list-schedule-agenda\">\n<li style=\"list-style-type: none\">\n<ul class=\"list-schedule-agenda\">\n<li class=\"schedule\"><strong class=\"role-heading\">Chefe da Procuradoria Setorial da Secretaria de Estado da Seguran\u00e7a P\u00fablica \u2013 PROCSET\/SSP<\/strong><br \/>\n<a href=\"https:\/\/goias.gov.br\/seguranca\/chefe-da-procuradoria-setorial-da-secretaria-de-estado-da-seguranca-publica-procset\">PAULO ANDRE TEIXEIRA HURBANO<\/a><\/li>\n<\/ul>\n<\/li>\n<\/ul>\n<hr \/>\n<ul class=\"list-schedule-agenda\">\n<li style=\"list-style-type: none\">\n<ul class=\"list-schedule-agenda\">\n<li class=\"schedule\"><strong class=\"role-heading\">Superintendente de A\u00e7\u00f5es e Opera\u00e7\u00f5es Integradas \u2013 SAOI<\/strong><br \/>\n<a href=\"https:\/\/goias.gov.br\/seguranca\/superintendente-de-acoes-e-operacoes-integradas-saoi\">GEYSON ALVES BORBA<\/a><\/li>\n<\/ul>\n<\/li>\n<\/ul>\n<hr \/>\n<ul class=\"list-schedule-agenda\">\n<li style=\"list-style-type: none\">\n<ul class=\"list-schedule-agenda\">\n<li class=\"schedule\"><strong class=\"role-heading\">Superintendente de Prote\u00e7\u00e3o aos Direitos do Consumidor<\/strong><br \/>\n<a href=\"https:\/\/goias.gov.br\/seguranca\/superintendente-de-protecao-aos-direitos-do-consumidor\">MARCO AURELIO DE SENE PALMERSTON XAVIER<\/a><\/li>\n<\/ul>\n<\/li>\n<\/ul>\n<hr \/>\n<ul class=\"list-schedule-agenda\">\n<li style=\"list-style-type: none\">\n<ul class=\"list-schedule-agenda\">\n<li class=\"schedule\"><strong class=\"role-heading\">Superintendente de Gest\u00e3o Integrada<\/strong><br \/>\n<a href=\"https:\/\/goias.gov.br\/seguranca\/superintendente-de-gestao-integrada\">ANDRESA TOKUMI FRANCO YAMAMOTO<\/a><\/li>\n<\/ul>\n<\/li>\n<\/ul>\n<hr \/>\n<ul class=\"list-schedule-agenda\">\n<li style=\"list-style-type: none\">\n<ul class=\"list-schedule-agenda\">\n<li class=\"schedule\"><strong class=\"role-heading\">Superintendente de Pol\u00edcia T\u00e9cnico-Cient\u00edfica (SPTC)<\/strong><br \/>\n<a href=\"https:\/\/goias.gov.br\/seguranca\/superintendente-de-policia-tecnico-cientifica-sptc\">RICARDO MATOS DA SILVA<\/a><\/li>\n<\/ul>\n<\/li>\n<\/ul>\n<hr \/>\n<ul class=\"list-schedule-agenda\">\n<li style=\"list-style-type: none\">\n<ul class=\"list-schedule-agenda\">\n<li class=\"schedule\"><strong class=\"role-heading\">Superintendente de Intelig\u00eancia Integrada<\/strong><br \/>\n<a href=\"https:\/\/goias.gov.br\/seguranca\/superintendente-de-inteligencia-integrada\">JONEVAL GOMES DE CARVALHO JUNIOR<\/a><\/li>\n<\/ul>\n<\/li>\n<\/ul>\n<hr \/>\n<ul class=\"list-schedule-agenda\">\n<li style=\"list-style-type: none\">\n<ul class=\"list-schedule-agenda\">\n<li class=\"schedule\"><strong class=\"role-heading\">Superintendente de Combate \u00e0 Corrup\u00e7\u00e3o e ao Crime Organizado<\/strong><br \/>\n<a href=\"https:\/\/goias.gov.br\/seguranca\/superintendente-de-combate-a-corrupcao-e-ao-crime-organizado\">DAVI FREIRE REZENDE<\/a><\/li>\n<\/ul>\n<\/li>\n<\/ul>\n<hr \/>\n<ul class=\"list-schedule-agenda\">\n<li style=\"list-style-type: none\">\n<ul class=\"list-schedule-agenda\">\n<li class=\"schedule\"><strong class=\"role-heading\">Superintendente Integrado de Tecnologias em Seguran\u00e7a Publica<\/strong><br \/>\n<a href=\"https:\/\/goias.gov.br\/seguranca\/superintendente-integrado-de-tecnologias-em-seguranca-publica\">SEBASTIAO NOLASCO RIBEIRO<\/a><\/li>\n<\/ul>\n<\/li>\n<\/ul>\n<p>&nbsp;<\/p>\n","protected":false},"excerpt":{"rendered":"<p>Secretaria de Seguran\u00e7a P\u00fablica Secret\u00e1rio de Estado da Seguran\u00e7a P\u00fablica RENATO BRUM DOS SANTOS Subsecret\u00e1rio GUSTAVO CARLOS FERREIRA Escrit\u00f3rio de Projetos Setorial CARLOS BORGES DOS SANTOS Chefe de Gabinete PATRICIA ARLE HATSUGAI Chefe da Comunica\u00e7\u00e3o Setorial LUIZ MAGNO SILVA LEAO Presidente do Conselho Estadual de Tr\u00e2nsito \u2013 CETRAN NAYARA BARROS COIMBRA Chefe da Procuradoria Setorial [&hellip;]<\/p>\n","protected":false},"author":33,"featured_media":0,"parent":11666,"menu_order":0,"comment_status":"closed","ping_status":"closed","template":"","meta":{"footnotes":"","_links_to":"","_links_to_target":""},"class_list":["post-18431","page","type-page","status-publish","hentry"],"rttpg_featured_image_url":null,"rttpg_author":{"display_name":"ricardocosta","author_link":"https:\/\/goias.gov.br\/seguranca\/author\/ricardocosta\/"},"rttpg_comment":0,"rttpg_category":null,"rttpg_excerpt":"Secretaria de Seguran\u00e7a P\u00fablica Secret\u00e1rio de Estado da Seguran\u00e7a P\u00fablica RENATO BRUM DOS SANTOS Subsecret\u00e1rio GUSTAVO CARLOS FERREIRA Escrit\u00f3rio de Projetos Setorial CARLOS BORGES DOS SANTOS Chefe de Gabinete PATRICIA ARLE HATSUGAI Chefe da Comunica\u00e7\u00e3o Setorial LUIZ MAGNO SILVA LEAO Presidente do Conselho Estadual de Tr\u00e2nsito \u2013 CETRAN NAYARA BARROS COIMBRA Chefe da Procuradoria Setorial&hellip;","_links":{"self":[{"href":"https:\/\/goias.gov.br\/seguranca\/wp-json\/wp\/v2\/pages\/18431","targetHints":{"allow":["GET"]}}],"collection":[{"href":"https:\/\/goias.gov.br\/seguranca\/wp-json\/wp\/v2\/pages"}],"about":[{"href":"https:\/\/goias.gov.br\/seguranca\/wp-json\/wp\/v2\/types\/page"}],"author":[{"embeddable":true,"href":"https:\/\/goias.gov.br\/seguranca\/wp-json\/wp\/v2\/users\/33"}],"replies":[{"embeddable":true,"href":"https:\/\/goias.gov.br\/seguranca\/wp-json\/wp\/v2\/comments?post=18431"}],"version-history":[{"count":3,"href":"https:\/\/goias.gov.br\/seguranca\/wp-json\/wp\/v2\/pages\/18431\/revisions"}],"predecessor-version":[{"id":284666,"href":"https:\/\/goias.gov.br\/seguranca\/wp-json\/wp\/v2\/pages\/18431\/revisions\/284666"}],"up":[{"embeddable":true,"href":"https:\/\/goias.gov.br\/seguranca\/wp-json\/wp\/v2\/pages\/11666"}],"wp:attachment":[{"href":"https:\/\/goias.gov.br\/seguranca\/wp-json\/wp\/v2\/media?parent=18431"}],"curies":[{"name":"wp","href":"https:\/\/api.w.org\/{rel}","templated":true}]}}

<div class="entry-meta"></div>
<h2 class="category-heading h3">Secretaria de Segurança Pública</h2>
<ul class="list-schedule-agenda">
<li style="list-style-type: none">
<ul class="list-schedule-agenda">
<li class="schedule"><strong class="role-heading">Secretário de Estado da Segurança Pública</strong><br />
<a href="https://goias.gov.br/seguranca/secretario-de-estado-da-seguranca-publica">RENATO BRUM DOS SANTOS</a></li>
</ul>
</li>
</ul>
<hr />
<ul class="list-schedule-agenda">
<li style="list-style-type: none">
<ul class="list-schedule-agenda">
<li class="schedule"><strong class="role-heading">Subsecretário</strong><br />
<a href="https://goias.gov.br/seguranca/subsecretario">GUSTAVO CARLOS FERREIRA</a></li>
</ul>
</li>
</ul>
<hr />
<ul class="list-schedule-agenda">
<li style="list-style-type: none">
<ul class="list-schedule-agenda">
<li class="schedule"><strong class="role-heading">Escritório de Projetos Setorial</strong><br />
<a href="https://goias.gov.br/seguranca/escritorio-de-projetos-setorial">CARLOS BORGES DOS SANTOS</a></li>
</ul>
</li>
</ul>
<hr />
<ul class="list-schedule-agenda">
<li style="list-style-type: none">
<ul class="list-schedule-agenda">
<li class="schedule"><strong class="role-heading">Chefe de Gabinete</strong><br />
<a href="https://goias.gov.br/seguranca/chefe-de-gabinete">PATRICIA ARLE HATSUGAI</a></li>
</ul>
</li>
</ul>
<hr />
<ul class="list-schedule-agenda">
<li style="list-style-type: none">
<ul class="list-schedule-agenda">
<li class="schedule"><strong class="role-heading">Chefe da Comunicação Setorial</strong><br />
<a href="https://goias.gov.br/seguranca/chefe-da-comunicacao-setorial">LUIZ MAGNO SILVA LEAO</a></li>
</ul>
</li>
</ul>
<hr />
<ul class="list-schedule-agenda">
<li style="list-style-type: none">
<ul class="list-schedule-agenda">
<li class="schedule"><strong class="role-heading">Presidente do Conselho Estadual de Trânsito – CETRAN</strong><br />
<a href="https://goias.gov.br/seguranca/presidente-do-conselho-estadual-de-transito-cetran">NAYARA BARROS COIMBRA</a></li>
</ul>
</li>
</ul>
<hr />
<ul class="list-schedule-agenda">
<li style="list-style-type: none">
<ul class="list-schedule-agenda">
<li class="schedule"><strong class="role-heading">Chefe da Procuradoria Setorial da Secretaria de Estado da Segurança Pública – PROCSET/SSP</strong><br />
<a href="https://goias.gov.br/seguranca/chefe-da-procuradoria-setorial-da-secretaria-de-estado-da-seguranca-publica-procset">PAULO ANDRE TEIXEIRA HURBANO</a></li>
</ul>
</li>
</ul>
<hr />
<ul class="list-schedule-agenda">
<li style="list-style-type: none">
<ul class="list-schedule-agenda">
<li class="schedule"><strong class="role-heading">Superintendente de Ações e Operações Integradas – SAOI</strong><br />
<a href="https://goias.gov.br/seguranca/superintendente-de-acoes-e-operacoes-integradas-saoi">GEYSON ALVES BORBA</a></li>
</ul>
</li>
</ul>
<hr />
<ul class="list-schedule-agenda">
<li style="list-style-type: none">
<ul class="list-schedule-agenda">
<li class="schedule"><strong class="role-heading">Superintendente de Proteção aos Direitos do Consumidor</strong><br />
<a href="https://goias.gov.br/seguranca/superintendente-de-protecao-aos-direitos-do-consumidor">MARCO AURELIO DE SENE PALMERSTON XAVIER</a></li>
</ul>
</li>
</ul>
<hr />
<ul class="list-schedule-agenda">
<li style="list-style-type: none">
<ul class="list-schedule-agenda">
<li class="schedule"><strong class="role-heading">Superintendente de Gestão Integrada</strong><br />
<a href="https://goias.gov.br/seguranca/superintendente-de-gestao-integrada">ANDRESA TOKUMI FRANCO YAMAMOTO</a></li>
</ul>
</li>
</ul>
<hr />
<ul class="list-schedule-agenda">
<li style="list-style-type: none">
<ul class="list-schedule-agenda">
<li class="schedule"><strong class="role-heading">Superintendente de Polícia Técnico-Científica (SPTC)</strong><br />
<a href="https://goias.gov.br/seguranca/superintendente-de-policia-tecnico-cientifica-sptc">RICARDO MATOS DA SILVA</a></li>
</ul>
</li>
</ul>
<hr />
<ul class="list-schedule-agenda">
<li style="list-style-type: none">
<ul class="list-schedule-agenda">
<li class="schedule"><strong class="role-heading">Superintendente de Inteligência Integrada</strong><br />
<a href="https://goias.gov.br/seguranca/superintendente-de-inteligencia-integrada">JONEVAL GOMES DE CARVALHO JUNIOR</a></li>
</ul>
</li>
</ul>
<hr />
<ul class="list-schedule-agenda">
<li style="list-style-type: none">
<ul class="list-schedule-agenda">
<li class="schedule"><strong class="role-heading">Superintendente de Combate à Corrupção e ao Crime Organizado</strong><br />
<a href="https://goias.gov.br/seguranca/superintendente-de-combate-a-corrupcao-e-ao-crime-organizado">DAVI FREIRE REZENDE</a></li>
</ul>
</li>
</ul>
<hr />
<ul class="list-schedule-agenda">
<li style="list-style-type: none">
<ul class="list-schedule-agenda">
<li class="schedule"><strong class="role-heading">Superintendente Integrado de Tecnologias em Segurança Publica</strong><br />
<a href="https://goias.gov.br/seguranca/superintendente-integrado-de-tecnologias-em-seguranca-publica">SEBASTIAO NOLASCO RIBEIRO</a></li>
</ul>
</li>
</ul>
<p>&nbsp;</p>

<p>Secretaria de Segurança Pública Secretário de Estado da Segurança Pública RENATO BRUM DOS SANTOS Subsecretário GUSTAVO CARLOS FERREIRA Escritório de Projetos Setorial CARLOS BORGES DOS SANTOS Chefe de Gabinete PATRICIA ARLE HATSUGAI Chefe da Comunicação Setorial LUIZ MAGNO SILVA LEAO Presidente do Conselho Estadual de Trânsito – CETRAN NAYARA BARROS COIMBRA Chefe da Procuradoria Setorial [&hellip;]</p>

Secretaria de Segurança Pública Secretário de Estado da Segurança Pública RENATO BRUM DOS SANTOS Subsecretário GUSTAVO CARLOS FERREIRA Escritório de Projetos Setorial CARLOS BORGES DOS SANTOS Chefe de Gabinete PATRICIA ARLE HATSUGAI Chefe da Comunicação Setorial LUIZ MAGNO SILVA LEAO Presidente do Conselho Estadual de Trânsito – CETRAN NAYARA BARROS COIMBRA Chefe da Procuradoria Setorial&hellip;
