

{"id":728639,"date":"2026-03-12T14:00:12","date_gmt":"2026-03-12T17:00:12","guid":{"rendered":"https:\/\/goias.gov.br\/saude\/?page_id=728639"},"modified":"2026-03-13T08:02:57","modified_gmt":"2026-03-13T11:02:57","slug":"regulacao-e-acoes-de-urgencia","status":"publish","type":"page","link":"https:\/\/goias.gov.br\/saude\/regulacao-e-acoes-de-urgencia\/","title":{"rendered":"Regula\u00e7\u00e3o e A\u00e7\u00f5es de Urg\u00eancia"},"content":{"rendered":"\t\t<div data-elementor-type=\"wp-page\" data-elementor-id=\"728639\" class=\"elementor elementor-728639\">\n\t\t\t\t<div class=\"elementor-element elementor-element-7fa3ca34 e-flex e-con-boxed e-con e-parent\" data-id=\"7fa3ca34\" data-element_type=\"container\" data-e-type=\"container\">\n\t\t\t\t\t<div class=\"e-con-inner\">\n\t\t<div class=\"elementor-element elementor-element-317c84f3 e-con-full e-flex e-con e-child\" data-id=\"317c84f3\" data-element_type=\"container\" data-e-type=\"container\">\n\t\t\t\t<div class=\"elementor-element elementor-element-38680222 elementor-widget elementor-widget-text-editor\" data-id=\"38680222\" data-element_type=\"widget\" data-e-type=\"widget\" data-widget_type=\"text-editor.default\">\n\t\t\t\t\t\t\t\t\t<h3 class=\"sppb-addon-title\">Gerente<\/h3><div class=\"sppb-addon-content\"><p><strong>Danielly Silvestre Bitencourt e Castro<br \/><\/strong>(62) 3201-3715<br \/><a href=\"mailto:grau.saude@goias.gov.br\">grau.saude@goias.gov.br<\/a><\/p><\/div><p><strong>Localiza\u00e7\u00e3o:<\/strong><br \/><a href=\"https:\/\/maps.app.goo.gl\/kc7F5NHFBznztmFh9\" target=\"_blank\" rel=\"noopener\">Av. T-7, n\u00ba 371, 4\u00ba andar, Edif\u00edcio Louren\u00e7o Office \u2013 Setor Oeste Goi\u00e2nia &#8211; GO. CEP: 74.140-110<\/a><\/p>\t\t\t\t\t\t\t\t<\/div>\n\t\t\t\t<\/div>\n\t\t<div class=\"elementor-element elementor-element-735f27f1 e-con-full e-flex e-con e-child\" data-id=\"735f27f1\" data-element_type=\"container\" data-e-type=\"container\">\n\t\t\t\t<div class=\"elementor-element elementor-element-60ab6f0e elementor-widget elementor-widget-text-editor\" data-id=\"60ab6f0e\" data-element_type=\"widget\" data-e-type=\"widget\" data-widget_type=\"text-editor.default\">\n\t\t\t\t\t\t\t\t\t<p style=\"text-align: justify;\">A \u00e1rea de Regula\u00e7\u00e3o e A\u00e7\u00f5es de Urg\u00eancia, unidade integrante da Secretaria de Estado da Sa\u00fade de Goi\u00e1s (SES-GO) e vinculada \u00e0 Superintend\u00eancia de Regula\u00e7\u00e3o, Controle e Avalia\u00e7\u00e3o (Sureg), \u00e9 respons\u00e1vel por coordenar, monitorar, avaliar e prestar apoio t\u00e9cnico \u00e0 organiza\u00e7\u00e3o da Rede de Aten\u00e7\u00e3o \u00e0s Urg\u00eancias e Emerg\u00eancias no \u00e2mbito estadual, promovendo a integra\u00e7\u00e3o entre os componentes pr\u00e9-hospitalar m\u00f3vel, pr\u00e9-hospitalar fixo e portas hospitalares de urg\u00eancia.<\/p><p style=\"text-align: justify;\">Nesse contexto, acompanha o funcionamento das Centrais de Regula\u00e7\u00e3o das Urg\u00eancias e do Servi\u00e7o de Atendimento M\u00f3vel de Urg\u00eancia \u2013 SAMU 192, monitora o acesso \u00e0s portas hospitalares de urg\u00eancia e \u00e0s Unidades de Pronto Atendimento (UPAs 24h), presta apoio t\u00e9cnico aos munic\u00edpios e regionais de sa\u00fade na organiza\u00e7\u00e3o dos fluxos assistenciais e regulat\u00f3rios, realiza visitas t\u00e9cnicas e acompanha as bases descentralizadas do SAMU 192, elabora estudos, relat\u00f3rios e pareceres t\u00e9cnicos, al\u00e9m de articular a\u00e7\u00f5es interinstitucionais, planejar estrat\u00e9gias para qualifica\u00e7\u00e3o da rede e contribuir para o aprimoramento da governan\u00e7a e da efici\u00eancia do atendimento \u00e0s urg\u00eancias e emerg\u00eancias no Estado de Goi\u00e1s.<\/p>\t\t\t\t\t\t\t\t<\/div>\n\t\t\t\t<\/div>\n\t\t\t\t\t<\/div>\n\t\t\t\t<\/div>\n\t\t<div class=\"elementor-element elementor-element-5061ecf9 e-flex e-con-boxed e-con e-parent\" data-id=\"5061ecf9\" data-element_type=\"container\" data-e-type=\"container\">\n\t\t\t\t\t<div class=\"e-con-inner\">\n\t\t\t\t<div class=\"elementor-element elementor-element-5043299e elementor-widget elementor-widget-html\" data-id=\"5043299e\" data-element_type=\"widget\" data-e-type=\"widget\" data-widget_type=\"html.default\">\n\t\t\t\t\t<!DOCTYPE html>\r\n<html lang=\"pt-br\" dir=\"ltr\">\r\n<head>\r\n  <meta http-equiv=\"Content-Type\" content=\"text\/html; charset=UTF-8\" \/>\r\n  <style>\r\n    \/* Estilos para desktop *\/\r\n    .container {\r\n      padding: 20px;\r\n    }\r\n\r\n    .section {\r\n      margin-bottom: 40px;\r\n    }\r\n\r\n    .title {\r\n      text-align: center;\r\n      margin: 0 0 24px;\r\n      color: #0c326f;\r\n      font-weight: 600;\r\n      font-size: 2.7rem;\r\n      line-height: 1.5;\r\n    }\r\n\r\n    .cards {\r\n      display: flex;\r\n      justify-content: space-evenly;\r\n      flex-wrap: wrap;\r\n      margin: 0;\r\n      padding: 0;\r\n      list-style: none;\r\n    }\r\n\r\n    .cards li {\r\n      background-color: #ededed;\r\n      box-shadow: 0 3px 6px 0 rgba(0, 0, 0, 0.16);\r\n      text-align: center;\r\n      flex-basis: 23%;\r\n      box-sizing: border-box;\r\n      min-height: 230px;\r\n      margin-bottom: 1.2em;\r\n      line-height: 1.5em;\r\n      display: list-item;\r\n    }\r\n\r\n    .cards li a {\r\n      display: flex;\r\n      justify-content: center;\r\n      align-items: center;\r\n      flex-direction: column;\r\n      width: 100%;\r\n      height: 100%;\r\n      color: #1351b4;\r\n      font-weight: 500;\r\n      text-decoration: none;\r\n    }\r\n\r\n    .cards li i,\r\n    .cards li span {\r\n      font-size: 50px;\r\n      margin-bottom: 30px;\r\n      color: #0c326f;\r\n      width: auto;\r\n      font-weight: 900;\r\n    }\r\n\r\n    .cards li .title {\r\n      font-size: 20px;\r\n      color: #0c326f;\r\n      font-weight: 600;\r\n      margin: 0;\r\n      text-transform: uppercase;\r\n    }\r\n\r\n    \/* Estilos para telas menores *\/\r\n    @media screen and (max-width: 768px) {\r\n      .cards {\r\n        gap: 20px; \/* Espa\u00e7amento entre os cards *\/\r\n        margin-top: 20px; margin-bottom: 20px;\/* Margem superior para os cards *\/\r\n      }\r\n      .cards li {\r\n        flex-basis: calc(50% - 20px); \/* Tamanho dos cards com espa\u00e7amento *\/\r\n      }\r\n    }\r\n\r\n    @media screen and (max-width: 480px) {\r\n      .cards {\r\n        gap: 15px; \/* Espa\u00e7amento menor entre os cards *\/\r\n        margin-top: 15px; margin-bottom: 20px; \/* Margem superior menor para os cards *\/\r\n      }\r\n      .cards li {\r\n        flex-basis: calc(100% - 30px); \/* Tamanho dos cards com espa\u00e7amento menor *\/\r\n      }\r\n    }\r\n  <\/style>\r\n\t<div class=\"container\">\r\n        <div class=\"suvisa\">\r\n            \r\n            <div class=\"title-header\">\r\n               \r\n            <\/div>\r\n            <ul class=\"cards\">\r\n                \r\n                <\/li>\r\n\r\n<li>\r\n                    <a href=\"https:\/\/goias.gov.br\/saude\/samu-192\/\">\r\n                        <span class=\"fa-solid fa-truck-medical\"><\/span>\r\n                        <div class=\"title\">samu 192<\/div>\r\n                    <\/a>\r\n                <\/li>\r\n\r\n\r\n\r\n\r\n\r\n<li>\r\n                    <a href=\"https:\/\/goias.gov.br\/saude\/upas-24h\/\">\r\n                        <span class=\"fa-solid fa-user-doctor\"><\/span>\r\n                        <div class=\"title\">upas 24h<\/div>\r\n                    <\/a>\r\n                <\/li>\r\n\r\n\r\n\r\n<li>\r\n    <a href=\"https:\/\/goias.gov.br\/atendimentourgenciago\/\" target=\"_blank\" rel=\"noopener noreferrer\">\r\n        <span class=\"fa-solid fa-hospital-user\"><\/span>\r\n        <div class=\"title\">Reorganiza\u00e7\u00e3o das urg\u00eancias<\/div>\r\n    <\/a>\r\n<\/li>\r\n     <li>\r\n    <a href=\"https:\/\/goias.gov.br\/saude\/wp-content\/uploads\/sites\/34\/2026\/03\/fluxo-urgencias.jpg\" target=\"_blank\" rel=\"noopener noreferrer\">\r\n        <span class=\"fa-solid fa-hospital\"><\/span>\r\n        <div class=\"title\">fluxo de urg\u00eancia<\/div>\r\n    <\/a>\r\n<\/li> \r\n            <\/ul>\r\n        <\/div>\r\n\t<\/div>\r\n\t\t\t\t<\/div>\n\t\t\t\t\t<\/div>\n\t\t\t\t<\/div>\n\t\t\t\t<\/div>\n\t\t","protected":false},"excerpt":{"rendered":"<p>Gerente Danielly Silvestre Bitencourt e Castro(62) 3201-3715grau.saude@goias.gov.br Localiza\u00e7\u00e3o:Av. T-7, n\u00ba 371, 4\u00ba andar, Edif\u00edcio Louren\u00e7o Office \u2013 Setor Oeste Goi\u00e2nia &#8211; GO. CEP: 74.140-110 A \u00e1rea de Regula\u00e7\u00e3o e A\u00e7\u00f5es de Urg\u00eancia, unidade integrante da Secretaria de Estado da Sa\u00fade de Goi\u00e1s (SES-GO) e vinculada \u00e0 Superintend\u00eancia de Regula\u00e7\u00e3o, Controle e Avalia\u00e7\u00e3o (Sureg), \u00e9 respons\u00e1vel [&hellip;]<\/p>\n","protected":false},"author":165,"featured_media":0,"parent":0,"menu_order":0,"comment_status":"closed","ping_status":"closed","template":"","meta":{"footnotes":""},"class_list":["post-728639","page","type-page","status-publish","hentry"],"rttpg_featured_image_url":null,"rttpg_author":{"display_name":"ricardocruz","author_link":"https:\/\/goias.gov.br\/saude\/author\/ricardocruz\/"},"rttpg_comment":0,"rttpg_category":null,"rttpg_excerpt":"Gerente Danielly Silvestre Bitencourt e Castro(62) 3201-3715grau.saude@goias.gov.br Localiza\u00e7\u00e3o:Av. T-7, n\u00ba 371, 4\u00ba andar, Edif\u00edcio Louren\u00e7o Office \u2013 Setor Oeste Goi\u00e2nia &#8211; GO. CEP: 74.140-110 A \u00e1rea de Regula\u00e7\u00e3o e A\u00e7\u00f5es de Urg\u00eancia, unidade integrante da Secretaria de Estado da Sa\u00fade de Goi\u00e1s (SES-GO) e vinculada \u00e0 Superintend\u00eancia de Regula\u00e7\u00e3o, Controle e Avalia\u00e7\u00e3o (Sureg), \u00e9 respons\u00e1vel&hellip;","_links":{"self":[{"href":"https:\/\/goias.gov.br\/saude\/wp-json\/wp\/v2\/pages\/728639","targetHints":{"allow":["GET"]}}],"collection":[{"href":"https:\/\/goias.gov.br\/saude\/wp-json\/wp\/v2\/pages"}],"about":[{"href":"https:\/\/goias.gov.br\/saude\/wp-json\/wp\/v2\/types\/page"}],"author":[{"embeddable":true,"href":"https:\/\/goias.gov.br\/saude\/wp-json\/wp\/v2\/users\/165"}],"replies":[{"embeddable":true,"href":"https:\/\/goias.gov.br\/saude\/wp-json\/wp\/v2\/comments?post=728639"}],"version-history":[{"count":2,"href":"https:\/\/goias.gov.br\/saude\/wp-json\/wp\/v2\/pages\/728639\/revisions"}],"predecessor-version":[{"id":729316,"href":"https:\/\/goias.gov.br\/saude\/wp-json\/wp\/v2\/pages\/728639\/revisions\/729316"}],"wp:attachment":[{"href":"https:\/\/goias.gov.br\/saude\/wp-json\/wp\/v2\/media?parent=728639"}],"curies":[{"name":"wp","href":"https:\/\/api.w.org\/{rel}","templated":true}]}}