

{"id":563766,"date":"2025-10-20T10:04:14","date_gmt":"2025-10-20T13:04:14","guid":{"rendered":"https:\/\/goias.gov.br\/saude\/?page_id=563766"},"modified":"2026-03-31T14:04:20","modified_gmt":"2026-03-31T17:04:20","slug":"comissao-intergestores-regional-cir","status":"publish","type":"page","link":"https:\/\/goias.gov.br\/saude\/comissao-intergestores-regional-cir\/","title":{"rendered":"Comiss\u00e3o Intergestores Regional \u2013 CIR"},"content":{"rendered":"\t\t<div data-elementor-type=\"wp-page\" data-elementor-id=\"563766\" class=\"elementor elementor-563766\">\n\t\t\t\t<div class=\"elementor-element elementor-element-18cd726 e-flex e-con-boxed e-con e-parent\" data-id=\"18cd726\" data-element_type=\"container\" data-e-type=\"container\">\n\t\t\t\t\t<div class=\"e-con-inner\">\n\t\t\t\t<div class=\"elementor-element elementor-element-ce207a1 elementor-widget elementor-widget-text-editor\" data-id=\"ce207a1\" data-element_type=\"widget\" data-e-type=\"widget\" data-widget_type=\"text-editor.default\">\n\t\t\t\t\t\t\t\t\t<div style=\"padding: 10px; background-color: #ededed; border-radius: 4px;\"><h4 style=\"text-align: center; background-color: #00549a; color: #fff; margin: -10px -10px 0 -10px; border-top-right-radius: 4px; border-top-left-radius: 4px; padding: 10px 0;\">Importante!\u00a0<\/h4><p>A Comiss\u00e3o Intergestores Regional (CIR) \u00e9 um \u00f3rg\u00e3o colegiado que faz parte do Sistema \u00danico de Sa\u00fade (SUS) no Brasil. Sua fun\u00e7\u00e3o \u00e9 promover a articula\u00e7\u00e3o e a integra\u00e7\u00e3o entre os gestores municipais e estaduais de sa\u00fade de determinada regi\u00e3o, visando o planejamento, a organiza\u00e7\u00e3o, a execu\u00e7\u00e3o e a avalia\u00e7\u00e3o das a\u00e7\u00f5es e dos servi\u00e7os de sa\u00fade naquela \u00e1rea espec\u00edfica.<\/p><p>A CIR \u00e9 respons\u00e1vel por discutir e pactuar quest\u00f5es relacionadas ao financiamento, \u00e0 regula\u00e7\u00e3o, \u00e0 assist\u00eancia farmac\u00eautica, \u00e0 gest\u00e3o do sistema de sa\u00fade, entre outros temas pertinentes \u00e0 sa\u00fade p\u00fablica. Ela contribui para a descentraliza\u00e7\u00e3o e a regionaliza\u00e7\u00e3o das pol\u00edticas de sa\u00fade, buscando garantir a universalidade, a integralidade e a equidade no acesso aos servi\u00e7os de sa\u00fade.<\/p><\/div>\t\t\t\t\t\t\t\t<\/div>\n\t\t\t\t\t<\/div>\n\t\t\t\t<\/div>\n\t\t<div class=\"elementor-element elementor-element-5f508a7 e-flex e-con-boxed e-con e-parent\" data-id=\"5f508a7\" data-element_type=\"container\" data-e-type=\"container\">\n\t\t\t\t\t<div class=\"e-con-inner\">\n\t\t\t\t<div class=\"elementor-element elementor-element-56aa058 elementor-widget elementor-widget-html\" data-id=\"56aa058\" data-element_type=\"widget\" data-e-type=\"widget\" data-widget_type=\"html.default\">\n\t\t\t\t\t<!DOCTYPE html>\r\n<html lang=\"pt-br\" dir=\"ltr\">\r\n<head>\r\n  <meta http-equiv=\"Content-Type\" content=\"text\/html; charset=UTF-8\" \/>\r\n  <style>\r\n    \/* Estilos para desktop *\/\r\n    .container {\r\n      padding: 20px;\r\n    }\r\n\r\n    .section {\r\n      margin-bottom: 40px;\r\n    }\r\n\r\n    .title {\r\n      text-align: center;\r\n      margin: 0 0 24px;\r\n      color: #0c326f;\r\n      font-weight: 600;\r\n      font-size: 2.7rem;\r\n      line-height: 1.5;\r\n    }\r\n\r\n    .cards {\r\n      display: flex;\r\n      justify-content: space-evenly;\r\n      flex-wrap: wrap;\r\n      margin: 0;\r\n      padding: 0;\r\n      list-style: none;\r\n    }\r\n\r\n    .cards li {\r\n      background-color: #ededed;\r\n      box-shadow: 0 3px 6px 0 rgba(0, 0, 0, 0.16);\r\n      text-align: center;\r\n      flex-basis: 23%;\r\n      box-sizing: border-box;\r\n      min-height: 230px;\r\n      margin-bottom: 1.2em;\r\n      line-height: 1.5em;\r\n      display: list-item;\r\n    }\r\n\r\n    .cards li a {\r\n      display: flex;\r\n      justify-content: center;\r\n      align-items: center;\r\n      flex-direction: column;\r\n      width: 100%;\r\n      height: 100%;\r\n      color: #1351b4;\r\n      font-weight: 500;\r\n      text-decoration: none;\r\n    }\r\n\r\n    .cards li i,\r\n    .cards li span {\r\n      font-size: 50px;\r\n      margin-bottom: 30px;\r\n      color: #0c326f;\r\n      width: auto;\r\n      font-weight: 900;\r\n    }\r\n\r\n    .cards li .title {\r\n      font-size: 20px;\r\n      color: #0c326f;\r\n      font-weight: 600;\r\n      margin: 0;\r\n      text-transform: uppercase;\r\n    }\r\n\r\n    \/* Estilos para telas menores *\/\r\n    @media screen and (max-width: 768px) {\r\n      .cards {\r\n        gap: 20px; \/* Espa\u00e7amento entre os cards *\/\r\n        margin-top: 20px; margin-bottom: 20px;\/* Margem superior para os cards *\/\r\n      }\r\n      .cards li {\r\n        flex-basis: calc(50% - 20px); \/* Tamanho dos cards com espa\u00e7amento *\/\r\n      }\r\n    }\r\n\r\n    @media screen and (max-width: 480px) {\r\n      .cards {\r\n        gap: 15px; \/* Espa\u00e7amento menor entre os cards *\/\r\n        margin-top: 15px; margin-bottom: 20px; \/* Margem superior menor para os cards *\/\r\n      }\r\n      .cards li {\r\n        flex-basis: calc(100% - 30px); \/* Tamanho dos cards com espa\u00e7amento menor *\/\r\n      }\r\n    }\r\n  <\/style>\r\n<\/head>\r\n<body>\r\n  <div class=\"container\">\r\n    <div class=\"section\">\r\n      <div class=\"suvisa\">\r\n        \r\n        <ul class=\"cards\">\r\n          <li>\r\n                    <a href=\"https:\/\/goias.gov.br\/saude\/regiao-de-saude-central\/\" target=\"_blank\">\r\n\r\n                        <div class=\"title\">Regi\u00e3o de Sa\u00fade Central - Macrorregi\u00e3o Centro-Oeste<\/div>\r\n                    <\/a>\r\n                <\/li>\r\n                <li>\r\n                    <a href=\"https:\/\/goias.gov.br\/saude\/regiao-de-saude-centro-sul\/\" target=\"_blank\">\r\n\r\n                        <div class=\"title\">Regi\u00e3o de Sa\u00fade Centro Sul \u2013 Macrorregi\u00e3o Centro Sudeste<\/div>\r\n                    <\/a>\r\n                <\/li>\r\n       <li>\r\n                    <a href=\"https:\/\/goias.gov.br\/saude\/regiao-de-saude-pireneus\/\" target=\"_blank\">\r\n\r\n                        <div class=\"title\">Regi\u00e3o de Sa\u00fade Pireneus - Macrorregi\u00e3o Centro-Norte<\/div>\r\n                    <\/a>\r\n                <\/li>\r\n                <li>\r\n                    <a href=\"https:\/\/goias.gov.br\/saude\/regiao-de-saude-sao-patricio1\/\" target=\"_blank\">\r\n\r\n                        <div class=\"title\">Regi\u00e3o de Sa\u00fade S\u00e3o Patr\u00edcio I - Macrorregi\u00e3o Centro-Norte<\/div>\r\n                    <\/a>\r\n                <\/li>\r\n\r\n       <li>\r\n                    <a href=\"https:\/\/goias.gov.br\/saude\/regiao-de-saude-sao-patricio2\/\" target=\"_blank\">\r\n\r\n                        <div class=\"title\">Regi\u00e3o de Sa\u00fade S\u00e3o Patr\u00edcio II - Macrorregi\u00e3o Centro-Norte<\/div>\r\n                    <\/a>\r\n                <\/li>\r\n                <li>\r\n                    <a href=\"https:\/\/goias.gov.br\/saude\/regiao-de-saude-estrada-de-ferro\/\" target=\"_blank\">\r\n\r\n                        <div class=\"title\">Regi\u00e3o de Sa\u00fade Estrada de Ferro \u2013 Macrorregi\u00e3o Centro Sudeste<\/div>\r\n                    <\/a>\r\n                <\/li>\r\n\r\n       <li>\r\n                    <a href=\"https:\/\/goias.gov.br\/saude\/regiao-de-saude-rio-vermelho\/\" target=\"_blank\">\r\n\r\n                        <div class=\"title\">Regi\u00e3o de Sa\u00fade Rio Vermelho - Macrorregi\u00e3o Centro-Oeste<\/div>\r\n                    <\/a>\r\n                <\/li>\r\n                <li>\r\n                    <a href=\"https:\/\/goias.gov.br\/saude\/regiao-de-saude-entorno-sul\/\" target=\"_blank\">\r\n\r\n                        <div class=\"title\">Regi\u00e3o de Sa\u00fade Entorno Sul - Macrorregi\u00e3o Nordeste<\/div>\r\n                    <\/a>\r\n                <\/li>\r\n       <li>\r\n                    <a href=\"https:\/\/goias.gov.br\/saude\/regiao-de-saude-entorno-norte\/\" target=\"_blank\">\r\n\r\n                        <div class=\"title\">Regi\u00e3o de Sa\u00fade Entorno Norte - Macrorregi\u00e3o Nordeste<\/div>\r\n                    <\/a>\r\n                <\/li>\r\n                <li>\r\n                    <a href=\"https:\/\/goias.gov.br\/saude\/regiao-de-saude-oeste1\/\" target=\"_blank\">\r\n\r\n                        <div class=\"title\">Regi\u00e3o de Sa\u00fade Oeste I - Macrorregi\u00e3o Centro-Oeste<\/div>\r\n                    <\/a>\r\n                <\/li>\r\n\r\n       <li>\r\n                    <a href=\"https:\/\/goias.gov.br\/saude\/regiao-de-saude-oeste2\/\" target=\"_blank\">\r\n\r\n                        <div class=\"title\">Regi\u00e3o de Sa\u00fade Oeste II \u2013 Macrorregi\u00e3o Centro-Oeste<\/div>\r\n                    <\/a>\r\n                <\/li>\r\n                <li>\r\n                    <a href=\"https:\/\/goias.gov.br\/saude\/regiao-de-saude-serra-da-mesa\/\" target=\"_blank\">\r\n\r\n                        <div class=\"title\">Regi\u00e3o de Sa\u00fade Serra da Mesa - Macrorregi\u00e3o Centro-Norte<\/div>\r\n                    <\/a>\r\n                <\/li>\r\n\r\n       <li>\r\n                    <a href=\"https:\/\/goias.gov.br\/saude\/regiao-de-saude-norte\/\" target=\"_blank\">\r\n\r\n                        <div class=\"title\">Regi\u00e3o de Sa\u00fade Norte - Macrorregi\u00e3o Centro-Norte<\/div>\r\n                    <\/a>\r\n                <\/li>\r\n                <li>\r\n                    <a href=\"https:\/\/goias.gov.br\/saude\/regiao-de-saude-sudoeste1\/\" target=\"_blank\">\r\n\r\n                        <div class=\"title\">Regi\u00e3o de Sa\u00fade Sudoeste I - Macrorregi\u00e3o Sudoeste<\/div>\r\n                    <\/a>\r\n                <\/li>\r\n       <li>\r\n                    <a href=\"https:\/\/goias.gov.br\/saude\/regiao-de-saude-sudoeste2\/\" target=\"_blank\">\r\n\r\n                        <div class=\"title\">Regi\u00e3o de Sa\u00fade Sudoeste II \u2013 Macrorregi\u00e3o Sudoeste<\/div>\r\n                    <\/a>\r\n                <\/li>\r\n                <li>\r\n                    <a href=\"https:\/\/goias.gov.br\/saude\/regiao-de-saude-nordeste1\/\" target=\"_blank\">\r\n\r\n                        <div class=\"title\">Regi\u00e3o de Sa\u00fade Nordeste I - Macrorregi\u00e3o Nordeste<\/div>\r\n                    <\/a>\r\n                <\/li>\r\n       <li>\r\n                    <a href=\"https:\/\/goias.gov.br\/saude\/regiao-de-saude-nordeste2\/\" target=\"_blank\">\r\n\r\n                        <div class=\"title\">Regi\u00e3o de Sa\u00fade Nordeste II - Macrorregi\u00e3o Nordeste<\/div>\r\n                    <\/a>\r\n                <\/li>\r\n                <li>\r\n                    <a href=\"https:\/\/goias.gov.br\/saude\/regiao-de-saude-sul\/\" target=\"_blank\">\r\n\r\n                        <div class=\"title\">Regi\u00e3o de Sa\u00fade Sul \u2013 Macrorregi\u00e3o Centro Sudeste<\/div>\r\n                    <\/a>\r\n                <\/li>\r\n               \r\n\r\n  \r\n        <\/ul>\r\n      <\/div>\r\n    <\/div>\r\n  <\/div>\r\n<\/body>\r\n<\/html>\r\n\t\t\t\t<\/div>\n\t\t\t\t\t<\/div>\n\t\t\t\t<\/div>\n\t\t\t\t<\/div>\n\t\t","protected":false},"excerpt":{"rendered":"<p>Importante!\u00a0 A Comiss\u00e3o Intergestores Regional (CIR) \u00e9 um \u00f3rg\u00e3o colegiado que faz parte do Sistema \u00danico de Sa\u00fade (SUS) no Brasil. Sua fun\u00e7\u00e3o \u00e9 promover a articula\u00e7\u00e3o e a integra\u00e7\u00e3o entre os gestores municipais e estaduais de sa\u00fade de determinada regi\u00e3o, visando o planejamento, a organiza\u00e7\u00e3o, a execu\u00e7\u00e3o e a avalia\u00e7\u00e3o das a\u00e7\u00f5es e dos [&hellip;]<\/p>\n","protected":false},"author":718,"featured_media":0,"parent":0,"menu_order":0,"comment_status":"closed","ping_status":"closed","template":"","meta":{"footnotes":""},"class_list":["post-563766","page","type-page","status-publish","hentry"],"rttpg_featured_image_url":null,"rttpg_author":{"display_name":"vicentepaulo","author_link":"https:\/\/goias.gov.br\/saude\/author\/vicentepaulo\/"},"rttpg_comment":0,"rttpg_category":null,"rttpg_excerpt":"Importante!\u00a0 A Comiss\u00e3o Intergestores Regional (CIR) \u00e9 um \u00f3rg\u00e3o colegiado que faz parte do Sistema \u00danico de Sa\u00fade (SUS) no Brasil. Sua fun\u00e7\u00e3o \u00e9 promover a articula\u00e7\u00e3o e a integra\u00e7\u00e3o entre os gestores municipais e estaduais de sa\u00fade de determinada regi\u00e3o, visando o planejamento, a organiza\u00e7\u00e3o, a execu\u00e7\u00e3o e a avalia\u00e7\u00e3o das a\u00e7\u00f5es e dos&hellip;","_links":{"self":[{"href":"https:\/\/goias.gov.br\/saude\/wp-json\/wp\/v2\/pages\/563766","targetHints":{"allow":["GET"]}}],"collection":[{"href":"https:\/\/goias.gov.br\/saude\/wp-json\/wp\/v2\/pages"}],"about":[{"href":"https:\/\/goias.gov.br\/saude\/wp-json\/wp\/v2\/types\/page"}],"author":[{"embeddable":true,"href":"https:\/\/goias.gov.br\/saude\/wp-json\/wp\/v2\/users\/718"}],"replies":[{"embeddable":true,"href":"https:\/\/goias.gov.br\/saude\/wp-json\/wp\/v2\/comments?post=563766"}],"version-history":[{"count":2,"href":"https:\/\/goias.gov.br\/saude\/wp-json\/wp\/v2\/pages\/563766\/revisions"}],"predecessor-version":[{"id":749079,"href":"https:\/\/goias.gov.br\/saude\/wp-json\/wp\/v2\/pages\/563766\/revisions\/749079"}],"wp:attachment":[{"href":"https:\/\/goias.gov.br\/saude\/wp-json\/wp\/v2\/media?parent=563766"}],"curies":[{"name":"wp","href":"https:\/\/api.w.org\/{rel}","templated":true}]}}