

{"id":504569,"date":"2025-09-19T13:59:07","date_gmt":"2025-09-19T16:59:07","guid":{"rendered":"https:\/\/goias.gov.br\/saude\/?page_id=504569"},"modified":"2026-03-19T15:03:46","modified_gmt":"2026-03-19T18:03:46","slug":"cadastro-de-fornecedores-ses-go","status":"publish","type":"page","link":"https:\/\/goias.gov.br\/saude\/cadastro-de-fornecedores-ses-go\/","title":{"rendered":"Cadastro de Fornecedores &#8211; Comunica\u00e7\u00e3o Setorial da Secretaria de Estado da Sa\u00fade de Goi\u00e1s"},"content":{"rendered":"\t\t<div data-elementor-type=\"wp-page\" data-elementor-id=\"504569\" class=\"elementor elementor-504569\">\n\t\t\t\t<div class=\"elementor-element elementor-element-96c78ee e-flex e-con-boxed e-con e-parent\" data-id=\"96c78ee\" data-element_type=\"container\" data-e-type=\"container\">\n\t\t\t\t\t<div class=\"e-con-inner\">\n\t\t<div class=\"elementor-element elementor-element-00072ba e-con-full e-flex e-con e-child\" data-id=\"00072ba\" data-element_type=\"container\" data-e-type=\"container\">\n\t\t\t\t<div class=\"elementor-element elementor-element-126639b elementor-widget elementor-widget-text-editor\" data-id=\"126639b\" data-element_type=\"widget\" data-e-type=\"widget\" data-widget_type=\"text-editor.default\">\n\t\t\t\t\t\t\t\t\t<h3 class=\"sppb-addon-title\">Respons\u00e1vel<\/h3><div class=\"sppb-addon-content\"><p><strong>Comunica\u00e7\u00e3o Setorial<\/strong><br \/>(62) 3201-3811<br \/><a href=\"mailto:comunicacaopublicidade.saude@goias.gov.br\">comunicacaopublicidade.saude@goias.gov.br<\/a><\/p><p><strong>Localiza\u00e7\u00e3o:<br \/><\/strong><a href=\"https:\/\/maps.app.goo.gl\/PgPGUEBjn4Faj9iW7\" target=\"_blank\" rel=\"noopener\">Av. SC 1 n\u00ba 299 &#8211; Parque Santa Cruz <br \/>Goi\u00e2nia &#8211; GO. CEP: 74.860-260<\/a><\/p><\/div>\t\t\t\t\t\t\t\t<\/div>\n\t\t\t\t<\/div>\n\t\t<div class=\"elementor-element elementor-element-65f9cec e-con-full e-flex e-con e-child\" data-id=\"65f9cec\" data-element_type=\"container\" data-e-type=\"container\">\n\t\t\t\t<div class=\"elementor-element elementor-element-937d17c elementor-widget elementor-widget-text-editor\" data-id=\"937d17c\" data-element_type=\"widget\" data-e-type=\"widget\" data-widget_type=\"text-editor.default\">\n\t\t\t\t\t\t\t\t\t<p style=\"text-align: justify;\">Os fornecedores que desejam firmar parceria com a Secretaria de Estado da Sa\u00fade precisam fazer o cadastro na Comunica\u00e7\u00e3o Setorial (Comset). Os fornecedores s\u00e3o pessoas f\u00edsicas e\/ou jur\u00eddicas que atuam na presta\u00e7\u00e3o de servi\u00e7os e atividades realizadas pela administra\u00e7\u00e3o, seja em programas, obras, servi\u00e7os e campanhas dos \u00f3rg\u00e3os p\u00fablicos de car\u00e1ter educativo, informativo ou de orienta\u00e7\u00e3o social. O cadastro exige entrega de documentos e provid\u00eancia de certificado.<\/p><p>O link para o cadastro pode ser acessado <a href=\"https:\/\/docs.google.com\/forms\/d\/e\/1FAIpQLSfQ_uuPkht0p697XUXiwglnil0p8cFgP0dQPWMyX5AMMiZLBw\/viewform?usp=publish-editor\" target=\"_blank\" rel=\"noopener\"><strong>aqui<\/strong><\/a>.\u00a0<\/p>\t\t\t\t\t\t\t\t<\/div>\n\t\t\t\t<\/div>\n\t\t\t\t\t<\/div>\n\t\t\t\t<\/div>\n\t\t<div class=\"elementor-element elementor-element-23c5731 e-flex e-con-boxed e-con e-parent\" data-id=\"23c5731\" data-element_type=\"container\" data-e-type=\"container\">\n\t\t\t\t\t<div class=\"e-con-inner\">\n\t\t<div class=\"elementor-element elementor-element-72bcf2d e-con-full e-flex e-con e-child\" data-id=\"72bcf2d\" data-element_type=\"container\" data-e-type=\"container\">\n\t\t\t\t<div class=\"elementor-element elementor-element-1312128 elementor-widget elementor-widget-n-accordion\" data-id=\"1312128\" data-element_type=\"widget\" data-e-type=\"widget\" data-settings=\"{&quot;default_state&quot;:&quot;all_collapsed&quot;,&quot;max_items_expended&quot;:&quot;one&quot;,&quot;n_accordion_animation_duration&quot;:{&quot;unit&quot;:&quot;ms&quot;,&quot;size&quot;:400,&quot;sizes&quot;:[]}}\" data-widget_type=\"nested-accordion.default\">\n\t\t\t\t\t\t\t<div class=\"e-n-accordion\" aria-label=\"Accordion. Open links with Enter or Space, close with Escape, and navigate with Arrow Keys\">\n\t\t\t\t\t\t<details id=\"e-n-accordion-item-1990\" class=\"e-n-accordion-item\" >\n\t\t\t\t<summary class=\"e-n-accordion-item-title\" data-accordion-index=\"1\" tabindex=\"0\" aria-expanded=\"false\" aria-controls=\"e-n-accordion-item-1990\" >\n\t\t\t\t\t<span class='e-n-accordion-item-title-header'><div class=\"e-n-accordion-item-title-text\"> Previs\u00e3o e Prazo para Entrega <\/div><\/span>\n\t\t\t\t\t\t\t<span class='e-n-accordion-item-title-icon'>\n\t\t\t<span class='e-opened' ><svg aria-hidden=\"true\" class=\"e-font-icon-svg e-fas-minus\" viewBox=\"0 0 448 512\" xmlns=\"http:\/\/www.w3.org\/2000\/svg\"><path d=\"M416 208H32c-17.67 0-32 14.33-32 32v32c0 17.67 14.33 32 32 32h384c17.67 0 32-14.33 32-32v-32c0-17.67-14.33-32-32-32z\"><\/path><\/svg><\/span>\n\t\t\t<span class='e-closed'><svg aria-hidden=\"true\" class=\"e-font-icon-svg e-fas-plus\" viewBox=\"0 0 448 512\" xmlns=\"http:\/\/www.w3.org\/2000\/svg\"><path d=\"M416 208H272V64c0-17.67-14.33-32-32-32h-32c-17.67 0-32 14.33-32 32v144H32c-17.67 0-32 14.33-32 32v32c0 17.67 14.33 32 32 32h144v144c0 17.67 14.33 32 32 32h32c17.67 0 32-14.33 32-32V304h144c17.67 0 32-14.33 32-32v-32c0-17.67-14.33-32-32-32z\"><\/path><\/svg><\/span>\n\t\t<\/span>\n\n\t\t\t\t\t\t<\/summary>\n\t\t\t\t<div role=\"region\" aria-labelledby=\"e-n-accordion-item-1990\" class=\"elementor-element elementor-element-93c705e e-con-full e-flex e-con e-child\" data-id=\"93c705e\" data-element_type=\"container\" data-e-type=\"container\">\n\t\t\t\t<div class=\"elementor-element elementor-element-c016d28 elementor-widget elementor-widget-text-editor\" data-id=\"c016d28\" data-element_type=\"widget\" data-e-type=\"widget\" data-widget_type=\"text-editor.default\">\n\t\t\t\t\t\t\t\t\t<div class=\"template-part-component-article-toggle-height \"><div class=\"content\"><div class=\"article-wrapper\"><article><p>Ap\u00f3s entrega correta de documenta\u00e7\u00e3o do fornecedor de servi\u00e7os para cadastro, a\u00a0 emiss\u00e3o de certificado fica pronta em at\u00e9 03 (tr\u00eas) dias.<\/p><\/article><\/div><\/div><\/div><div class=\"template-part-component-article-toggle-height \">\u00a0<\/div>\t\t\t\t\t\t\t\t<\/div>\n\t\t\t\t<\/div>\n\t\t\t\t\t<\/details>\n\t\t\t\t\t\t<details id=\"e-n-accordion-item-1991\" class=\"e-n-accordion-item\" >\n\t\t\t\t<summary class=\"e-n-accordion-item-title\" data-accordion-index=\"2\" tabindex=\"-1\" aria-expanded=\"false\" aria-controls=\"e-n-accordion-item-1991\" >\n\t\t\t\t\t<span class='e-n-accordion-item-title-header'><div class=\"e-n-accordion-item-title-text\"> Requisitos e Documentos Necess\u00e1rios <\/div><\/span>\n\t\t\t\t\t\t\t<span class='e-n-accordion-item-title-icon'>\n\t\t\t<span class='e-opened' ><svg aria-hidden=\"true\" class=\"e-font-icon-svg e-fas-minus\" viewBox=\"0 0 448 512\" xmlns=\"http:\/\/www.w3.org\/2000\/svg\"><path d=\"M416 208H32c-17.67 0-32 14.33-32 32v32c0 17.67 14.33 32 32 32h384c17.67 0 32-14.33 32-32v-32c0-17.67-14.33-32-32-32z\"><\/path><\/svg><\/span>\n\t\t\t<span class='e-closed'><svg aria-hidden=\"true\" class=\"e-font-icon-svg e-fas-plus\" viewBox=\"0 0 448 512\" xmlns=\"http:\/\/www.w3.org\/2000\/svg\"><path d=\"M416 208H272V64c0-17.67-14.33-32-32-32h-32c-17.67 0-32 14.33-32 32v144H32c-17.67 0-32 14.33-32 32v32c0 17.67 14.33 32 32 32h144v144c0 17.67 14.33 32 32 32h32c17.67 0 32-14.33 32-32V304h144c17.67 0 32-14.33 32-32v-32c0-17.67-14.33-32-32-32z\"><\/path><\/svg><\/span>\n\t\t<\/span>\n\n\t\t\t\t\t\t<\/summary>\n\t\t\t\t<div role=\"region\" aria-labelledby=\"e-n-accordion-item-1991\" class=\"elementor-element elementor-element-f6dc5b4 e-con-full e-flex e-con e-child\" data-id=\"f6dc5b4\" data-element_type=\"container\" data-e-type=\"container\">\n\t\t\t\t<div class=\"elementor-element elementor-element-8baf9d7 elementor-widget elementor-widget-text-editor\" data-id=\"8baf9d7\" data-element_type=\"widget\" data-e-type=\"widget\" data-widget_type=\"text-editor.default\">\n\t\t\t\t\t\t\t\t\t<ul><li>C\u00e9dula de identidade;<\/li><li>Registro comercial, no caso de empresa individual;<\/li><li>Ato constitutivo, estatuto ou contrato social em vigor, devidamente registrado, em se tratando de sociedades comerciais, e, no caso de sociedades por a\u00e7\u00f5es, acompanhado de documentos de elei\u00e7\u00e3o de seus administradores inscri\u00e7\u00e3o do ato constitutivo, no caso de sociedades civis, acompanhada de prova de diretoria em exerc\u00edcio;<\/li><li>Decreto de autoriza\u00e7\u00e3o, em se tratando de empresa ou sociedade estrangeira em funcionamento no Pa\u00eds, e ato de registro ou autoriza\u00e7\u00e3o para funcionamento expedido pelo \u00f3rg\u00e3o competente, quando a atividade assim o exigir;<\/li><li>Cart\u00e3o de inscri\u00e7\u00e3o no Cadastro de Pessoas F\u00edsicas (CPF) ou no Cadastro Nacional de Pessoa Jur\u00eddica (CNPJ);<\/li><li>Prova de inscri\u00e7\u00e3o no cadastro de contribuintes estadual ou municipal, se houver, relativo ao domic\u00edlio ou sede do licitante, pertinente ao seu ramo de atividade e compat\u00edvel com o objeto contratual;<\/li><li>Certid\u00e3o de regularidade para com a Fazenda Municipal do domic\u00edlio ou sede do licitante, ou outra equivalente, na forma da lei certid\u00e3o de regularidade para com a Fazenda Estadual do domic\u00edlio ou sede do licitante, ou outra equivalente, na forma da lei;<\/li><li>Certid\u00e3o de regularidade para com a Fazenda Federal do domic\u00edlio ou sede do licitante, ou outra equivalente, na forma da lei;<\/li><li>Certid\u00e3o de regularidade relativa ao Fundo de Garantia por Tempo de Servi\u00e7o (FGTS), demonstrando situa\u00e7\u00e3o regular no cumprimento dos encargos sociais ;<\/li><li>Certid\u00e3o de inexist\u00eancia de d\u00e9bitos inadimplidos perante a Justi\u00e7a do Trabalho, mediante a apresenta\u00e7\u00e3o de certid\u00e3o negativa (CNDT);<\/li><\/ul>\t\t\t\t\t\t\t\t<\/div>\n\t\t\t\t<\/div>\n\t\t\t\t\t<\/details>\n\t\t\t\t\t\t<details id=\"e-n-accordion-item-1992\" class=\"e-n-accordion-item\" >\n\t\t\t\t<summary class=\"e-n-accordion-item-title\" data-accordion-index=\"3\" tabindex=\"-1\" aria-expanded=\"false\" aria-controls=\"e-n-accordion-item-1992\" >\n\t\t\t\t\t<span class='e-n-accordion-item-title-header'><div class=\"e-n-accordion-item-title-text\"> Principais Etapas do Servi\u00e7o <\/div><\/span>\n\t\t\t\t\t\t\t<span class='e-n-accordion-item-title-icon'>\n\t\t\t<span class='e-opened' ><svg aria-hidden=\"true\" class=\"e-font-icon-svg e-fas-minus\" viewBox=\"0 0 448 512\" xmlns=\"http:\/\/www.w3.org\/2000\/svg\"><path d=\"M416 208H32c-17.67 0-32 14.33-32 32v32c0 17.67 14.33 32 32 32h384c17.67 0 32-14.33 32-32v-32c0-17.67-14.33-32-32-32z\"><\/path><\/svg><\/span>\n\t\t\t<span class='e-closed'><svg aria-hidden=\"true\" class=\"e-font-icon-svg e-fas-plus\" viewBox=\"0 0 448 512\" xmlns=\"http:\/\/www.w3.org\/2000\/svg\"><path d=\"M416 208H272V64c0-17.67-14.33-32-32-32h-32c-17.67 0-32 14.33-32 32v144H32c-17.67 0-32 14.33-32 32v32c0 17.67 14.33 32 32 32h144v144c0 17.67 14.33 32 32 32h32c17.67 0 32-14.33 32-32V304h144c17.67 0 32-14.33 32-32v-32c0-17.67-14.33-32-32-32z\"><\/path><\/svg><\/span>\n\t\t<\/span>\n\n\t\t\t\t\t\t<\/summary>\n\t\t\t\t<div role=\"region\" aria-labelledby=\"e-n-accordion-item-1992\" class=\"elementor-element elementor-element-88ee4be e-con-full e-flex e-con e-child\" data-id=\"88ee4be\" data-element_type=\"container\" data-e-type=\"container\">\n\t\t\t\t<div class=\"elementor-element elementor-element-04e4660 elementor-widget elementor-widget-text-editor\" data-id=\"04e4660\" data-element_type=\"widget\" data-e-type=\"widget\" data-widget_type=\"text-editor.default\">\n\t\t\t\t\t\t\t\t\t<ul><li>Solicita\u00e7\u00e3o de cadastro, que pode ser presencial na sede da Secom ou por email pelo endere\u00e7o divulgacao.secom@gmail.com;<\/li><li>Disponibiliza\u00e7\u00e3o da lista de documentos a serem apresentados;<\/li><li>Entrega de documenta\u00e7\u00e3o;<\/li><li>Verifica\u00e7\u00e3o da correta entrega de documentos;<\/li><li>Inclus\u00e3o no sistema SEI;<\/li><li>Emiss\u00e3o de certificado.<\/li><\/ul>\t\t\t\t\t\t\t\t<\/div>\n\t\t\t\t<\/div>\n\t\t\t\t\t<\/details>\n\t\t\t\t\t\t<details id=\"e-n-accordion-item-1993\" class=\"e-n-accordion-item\" >\n\t\t\t\t<summary class=\"e-n-accordion-item-title\" data-accordion-index=\"4\" tabindex=\"-1\" aria-expanded=\"false\" aria-controls=\"e-n-accordion-item-1993\" >\n\t\t\t\t\t<span class='e-n-accordion-item-title-header'><div class=\"e-n-accordion-item-title-text\"> Formas de Presta\u00e7\u00e3o do Servi\u00e7o <\/div><\/span>\n\t\t\t\t\t\t\t<span class='e-n-accordion-item-title-icon'>\n\t\t\t<span class='e-opened' ><svg aria-hidden=\"true\" class=\"e-font-icon-svg e-fas-minus\" viewBox=\"0 0 448 512\" xmlns=\"http:\/\/www.w3.org\/2000\/svg\"><path d=\"M416 208H32c-17.67 0-32 14.33-32 32v32c0 17.67 14.33 32 32 32h384c17.67 0 32-14.33 32-32v-32c0-17.67-14.33-32-32-32z\"><\/path><\/svg><\/span>\n\t\t\t<span class='e-closed'><svg aria-hidden=\"true\" class=\"e-font-icon-svg e-fas-plus\" viewBox=\"0 0 448 512\" xmlns=\"http:\/\/www.w3.org\/2000\/svg\"><path d=\"M416 208H272V64c0-17.67-14.33-32-32-32h-32c-17.67 0-32 14.33-32 32v144H32c-17.67 0-32 14.33-32 32v32c0 17.67 14.33 32 32 32h144v144c0 17.67 14.33 32 32 32h32c17.67 0 32-14.33 32-32V304h144c17.67 0 32-14.33 32-32v-32c0-17.67-14.33-32-32-32z\"><\/path><\/svg><\/span>\n\t\t<\/span>\n\n\t\t\t\t\t\t<\/summary>\n\t\t\t\t<div role=\"region\" aria-labelledby=\"e-n-accordion-item-1993\" class=\"elementor-element elementor-element-3d16dd6 e-flex e-con-boxed e-con e-child\" data-id=\"3d16dd6\" data-element_type=\"container\" data-e-type=\"container\">\n\t\t\t\t\t<div class=\"e-con-inner\">\n\t\t\t\t<div class=\"elementor-element elementor-element-81fa5d7 elementor-widget elementor-widget-text-editor\" data-id=\"81fa5d7\" data-element_type=\"widget\" data-e-type=\"widget\" data-widget_type=\"text-editor.default\">\n\t\t\t\t\t\t\t\t\t<ul><li>Via e-mail: <a href=\"mailto:comunicacaopublicidade.saude@goias.gov.br\">comunicacaopublicidade.saude@goias.gov.br<\/a><\/li><\/ul>\t\t\t\t\t\t\t\t<\/div>\n\t\t\t\t\t<\/div>\n\t\t\t\t<\/div>\n\t\t\t\t\t<\/details>\n\t\t\t\t\t\t<details id=\"e-n-accordion-item-1994\" class=\"e-n-accordion-item\" >\n\t\t\t\t<summary class=\"e-n-accordion-item-title\" data-accordion-index=\"5\" tabindex=\"-1\" aria-expanded=\"false\" aria-controls=\"e-n-accordion-item-1994\" >\n\t\t\t\t\t<span class='e-n-accordion-item-title-header'><div class=\"e-n-accordion-item-title-text\"> Local e\/ou Forma de Manifesta\u00e7\u00e3o <\/div><\/span>\n\t\t\t\t\t\t\t<span class='e-n-accordion-item-title-icon'>\n\t\t\t<span class='e-opened' ><svg aria-hidden=\"true\" class=\"e-font-icon-svg e-fas-minus\" viewBox=\"0 0 448 512\" xmlns=\"http:\/\/www.w3.org\/2000\/svg\"><path d=\"M416 208H32c-17.67 0-32 14.33-32 32v32c0 17.67 14.33 32 32 32h384c17.67 0 32-14.33 32-32v-32c0-17.67-14.33-32-32-32z\"><\/path><\/svg><\/span>\n\t\t\t<span class='e-closed'><svg aria-hidden=\"true\" class=\"e-font-icon-svg e-fas-plus\" viewBox=\"0 0 448 512\" xmlns=\"http:\/\/www.w3.org\/2000\/svg\"><path d=\"M416 208H272V64c0-17.67-14.33-32-32-32h-32c-17.67 0-32 14.33-32 32v144H32c-17.67 0-32 14.33-32 32v32c0 17.67 14.33 32 32 32h144v144c0 17.67 14.33 32 32 32h32c17.67 0 32-14.33 32-32V304h144c17.67 0 32-14.33 32-32v-32c0-17.67-14.33-32-32-32z\"><\/path><\/svg><\/span>\n\t\t<\/span>\n\n\t\t\t\t\t\t<\/summary>\n\t\t\t\t<div role=\"region\" aria-labelledby=\"e-n-accordion-item-1994\" class=\"elementor-element elementor-element-fa4cc88 e-flex e-con-boxed e-con e-child\" data-id=\"fa4cc88\" data-element_type=\"container\" data-e-type=\"container\">\n\t\t\t\t\t<div class=\"e-con-inner\">\n\t\t\t\t<div class=\"elementor-element elementor-element-fcf35b0 elementor-widget elementor-widget-text-editor\" data-id=\"fcf35b0\" data-element_type=\"widget\" data-e-type=\"widget\" data-widget_type=\"text-editor.default\">\n\t\t\t\t\t\t\t\t\t<p>Comunica\u00e7\u00e3o Setorial (Comset)<\/p><p>Respons\u00e1vel: N\u00facleo de Publicidade<\/p><p>Endere\u00e7o: <a href=\"https:\/\/maps.app.goo.gl\/PgPGUEBjn4Faj9iW7\" target=\"_blank\" rel=\"noopener\">Av. SC 1 n\u00ba 299 &#8211; Parque Santa Cruz. Goi\u00e2nia &#8211; GO. CEP: 74.860-260<\/a><\/p><p>Telefone: (62) 3201-3811<\/p><p>Hor\u00e1rio de Funcionamento: Segunda-feira a Sexta-feira, 8h \u00e0s 18h.<\/p><p>E-mail:\u00a0<a href=\"mailto:comunicacaopublicidade.saude@goias.gov.br\">comunicacaopublicidade.saude@goias.gov.br<\/a><\/p>\t\t\t\t\t\t\t\t<\/div>\n\t\t\t\t\t<\/div>\n\t\t\t\t<\/div>\n\t\t\t\t\t<\/details>\n\t\t\t\t\t<\/div>\n\t\t\t\t\t\t<\/div>\n\t\t\t\t<\/div>\n\t\t\t\t\t<\/div>\n\t\t\t\t<\/div>\n\t\t\t\t<\/div>\n\t\t","protected":false},"excerpt":{"rendered":"<p>Respons\u00e1vel Comunica\u00e7\u00e3o Setorial(62) 3201-3811comunicacaopublicidade.saude@goias.gov.br Localiza\u00e7\u00e3o:Av. SC 1 n\u00ba 299 &#8211; Parque Santa Cruz Goi\u00e2nia &#8211; GO. CEP: 74.860-260 Os fornecedores que desejam firmar parceria com a Secretaria de Estado da Sa\u00fade precisam fazer o cadastro na Comunica\u00e7\u00e3o Setorial (Comset). Os fornecedores s\u00e3o pessoas f\u00edsicas e\/ou jur\u00eddicas que atuam na presta\u00e7\u00e3o de servi\u00e7os e atividades realizadas [&hellip;]<\/p>\n","protected":false},"author":164,"featured_media":0,"parent":0,"menu_order":0,"comment_status":"closed","ping_status":"closed","template":"","meta":{"footnotes":""},"class_list":["post-504569","page","type-page","status-publish","hentry"],"rttpg_featured_image_url":null,"rttpg_author":{"display_name":"isabelamelo","author_link":"https:\/\/goias.gov.br\/saude\/author\/isabelamelo\/"},"rttpg_comment":0,"rttpg_category":null,"rttpg_excerpt":"Respons\u00e1vel Comunica\u00e7\u00e3o Setorial(62) 3201-3811comunicacaopublicidade.saude@goias.gov.br Localiza\u00e7\u00e3o:Av. SC 1 n\u00ba 299 &#8211; Parque Santa Cruz Goi\u00e2nia &#8211; GO. CEP: 74.860-260 Os fornecedores que desejam firmar parceria com a Secretaria de Estado da Sa\u00fade precisam fazer o cadastro na Comunica\u00e7\u00e3o Setorial (Comset). Os fornecedores s\u00e3o pessoas f\u00edsicas e\/ou jur\u00eddicas que atuam na presta\u00e7\u00e3o de servi\u00e7os e atividades realizadas&hellip;","_links":{"self":[{"href":"https:\/\/goias.gov.br\/saude\/wp-json\/wp\/v2\/pages\/504569","targetHints":{"allow":["GET"]}}],"collection":[{"href":"https:\/\/goias.gov.br\/saude\/wp-json\/wp\/v2\/pages"}],"about":[{"href":"https:\/\/goias.gov.br\/saude\/wp-json\/wp\/v2\/types\/page"}],"author":[{"embeddable":true,"href":"https:\/\/goias.gov.br\/saude\/wp-json\/wp\/v2\/users\/164"}],"replies":[{"embeddable":true,"href":"https:\/\/goias.gov.br\/saude\/wp-json\/wp\/v2\/comments?post=504569"}],"version-history":[{"count":2,"href":"https:\/\/goias.gov.br\/saude\/wp-json\/wp\/v2\/pages\/504569\/revisions"}],"predecessor-version":[{"id":733636,"href":"https:\/\/goias.gov.br\/saude\/wp-json\/wp\/v2\/pages\/504569\/revisions\/733636"}],"wp:attachment":[{"href":"https:\/\/goias.gov.br\/saude\/wp-json\/wp\/v2\/media?parent=504569"}],"curies":[{"name":"wp","href":"https:\/\/api.w.org\/{rel}","templated":true}]}}