

{"id":50153,"date":"2024-06-27T15:47:12","date_gmt":"2024-06-27T18:47:12","guid":{"rendered":"https:\/\/goias.gov.br\/saude\/?page_id=50153"},"modified":"2025-12-03T10:59:59","modified_gmt":"2025-12-03T13:59:59","slug":"campanha-de-multivacinacao-xo-dodoi","status":"publish","type":"page","link":"https:\/\/goias.gov.br\/saude\/campanha-de-multivacinacao-xo-dodoi\/","title":{"rendered":"Campanha de Multivacina\u00e7\u00e3o X\u00f4 Dod\u00f3i"},"content":{"rendered":"\t\t<div data-elementor-type=\"wp-page\" data-elementor-id=\"50153\" class=\"elementor elementor-50153\">\n\t\t\t\t<div class=\"elementor-element elementor-element-0614857 e-flex e-con-boxed e-con e-parent\" data-id=\"0614857\" data-element_type=\"container\" data-e-type=\"container\">\n\t\t\t\t\t<div class=\"e-con-inner\">\n\t\t\t\t<div class=\"elementor-element elementor-element-f2c189c elementor-widget elementor-widget-html\" data-id=\"f2c189c\" data-element_type=\"widget\" data-e-type=\"widget\" data-widget_type=\"html.default\">\n\t\t\t\t\t<!DOCTYPE html>\r\n<html lang=\"pt-br\" dir=\"ltr\">\r\n<head>\r\n  <meta http-equiv=\"Content-Type\" content=\"text\/html; charset=UTF-8\" \/>\r\n  <style>\r\n    \/* Estilos para desktop *\/\r\n    .container {\r\n      padding: 20px;\r\n    }\r\n\r\n    .section {\r\n      margin-bottom: 40px;\r\n    }\r\n\r\n    .title {\r\n      text-align: center;\r\n      margin: 0 0 24px;\r\n      color: #0c326f;\r\n      font-weight: 600;\r\n      font-size: 2.7rem;\r\n      line-height: 1.5;\r\n    }\r\n\r\n    .cards {\r\n      display: flex;\r\n      justify-content: space-evenly;\r\n      flex-wrap: wrap;\r\n      margin: 0;\r\n      padding: 0;\r\n      list-style: none;\r\n    }\r\n\r\n    .cards li {\r\n      background-color: #ededed;\r\n      box-shadow: 0 3px 6px 0 rgba(0, 0, 0, 0.16);\r\n      text-align: center;\r\n      flex-basis: 23%;\r\n      box-sizing: border-box;\r\n      min-height: 230px;\r\n      margin-bottom: 1.2em;\r\n      line-height: 1.5em;\r\n      display: list-item;\r\n    }\r\n\r\n    .cards li a {\r\n      display: flex;\r\n      justify-content: center;\r\n      align-items: center;\r\n      flex-direction: column;\r\n      width: 100%;\r\n      height: 100%;\r\n      color: #0c326f;\r\n      font-weight: 500;\r\n      text-decoration: none;\r\n    }\r\n\r\n    .cards li i,\r\n    .cards li span {\r\n      font-size: 50px;\r\n      margin-bottom: 30px;\r\n      color: #0c326f;\r\n      width: auto;\r\n      font-weight: 900;\r\n    }\r\n\r\n    .cards li .title {\r\n      font-size: 20px;\r\n      color: #0c326f;\r\n      font-weight: 600;\r\n      margin: 0;\r\n      text-transform: uppercase;\r\n    }\r\n\r\n    \/* Estilos para telas menores *\/\r\n    @media screen and (max-width: 768px) {\r\n      .cards {\r\n        gap: 20px; \/* Espa\u00e7amento entre os cards *\/\r\n        margin-top: 20px; margin-bottom: 20px;\/* Margem superior para os cards *\/\r\n      }\r\n      .cards li {\r\n        flex-basis: calc(50% - 20px); \/* Tamanho dos cards com espa\u00e7amento *\/\r\n      }\r\n    }\r\n\r\n    @media screen and (max-width: 480px) {\r\n      .cards {\r\n        gap: 15px; \/* Espa\u00e7amento menor entre os cards *\/\r\n        margin-top: 15px; margin-bottom: 20px; \/* Margem superior menor para os cards *\/\r\n      }\r\n      .cards li {\r\n        flex-basis: calc(100% - 30px); \/* Tamanho dos cards com espa\u00e7amento menor *\/\r\n      }\r\n    }\r\n  <\/style>\r\n\t<div class=\"container\">\r\n        <div class=\"gabinete dengue\">\r\n            \r\n            <div class=\"title-header\">\r\n               \r\n            <\/div>\r\n            <ul class=\"cards\">\r\n                \r\n\r\n  <li>\r\n                    <a href=\"https:\/\/drive.google.com\/drive\/folders\/1ffpRXkDKegER75vIEqVLys841EZpotAr\" target=\"_blank\">\r\n                        <span class=\"fa-solid fa-play\"><\/span>\r\n                        <div class=\"title\">v\u00eddeo<\/div>\r\n                    <\/a>\r\n                <\/li>\r\n                <li>\r\n\r\n                    <a href=\"https:\/\/drive.google.com\/file\/d\/1Z2UuFSW8chuAkGq57aBLtXbb5U2OurAJ\/view\" target=\"_blank\">\r\n                        <span class=\"fa-solid fa-folder-open\"><\/span>\r\n                        <div class=\"title\">apresenta\u00e7\u00e3o<\/div>\r\n                    <\/a>\r\n                <\/li>\r\n\r\n<li>\r\n\r\n                    <a href=\"https:\/\/drive.google.com\/drive\/folders\/1ffpRXkDKegER75vIEqVLys841EZpotAr\" target=\"_blank\">\r\n                        <span class=\"fa-solid fa-radio\">\r\n<\/span>\r\n                        <div class=\"title\">jingle<\/div>\r\n                    <\/a>\r\n                <\/li>\r\n\r\n<li>\r\n\r\n                    <a href=\"https:\/\/drive.google.com\/file\/d\/1zkCSLa8PRgqNfwwsGGlpgD01-QIfkzM4\/view\" target=\"_blank\">\r\n                        <span class=\"fa-solid fa-file-lines\">\r\n<\/span>\r\n                        <div class=\"title\">cartaz<\/div>\r\n                    <\/a>\r\n                <\/li>\r\n\r\n\r\n\r\n\r\n            <\/ul>\r\n        <\/div>\r\n\t<\/div>\r\n\t\t\t\t<\/div>\n\t\t\t\t\t<\/div>\n\t\t\t\t<\/div>\n\t\t\t\t<\/div>\n\t\t","protected":false},"excerpt":{"rendered":"<p>v\u00eddeo apresenta\u00e7\u00e3o jingle cartaz<\/p>\n","protected":false},"author":164,"featured_media":0,"parent":0,"menu_order":0,"comment_status":"closed","ping_status":"closed","template":"","meta":{"footnotes":""},"class_list":["post-50153","page","type-page","status-publish","hentry"],"rttpg_featured_image_url":null,"rttpg_author":{"display_name":"isabelamelo","author_link":"https:\/\/goias.gov.br\/saude\/author\/isabelamelo\/"},"rttpg_comment":0,"rttpg_category":null,"rttpg_excerpt":"v\u00eddeo apresenta\u00e7\u00e3o jingle cartaz","_links":{"self":[{"href":"https:\/\/goias.gov.br\/saude\/wp-json\/wp\/v2\/pages\/50153","targetHints":{"allow":["GET"]}}],"collection":[{"href":"https:\/\/goias.gov.br\/saude\/wp-json\/wp\/v2\/pages"}],"about":[{"href":"https:\/\/goias.gov.br\/saude\/wp-json\/wp\/v2\/types\/page"}],"author":[{"embeddable":true,"href":"https:\/\/goias.gov.br\/saude\/wp-json\/wp\/v2\/users\/164"}],"replies":[{"embeddable":true,"href":"https:\/\/goias.gov.br\/saude\/wp-json\/wp\/v2\/comments?post=50153"}],"version-history":[{"count":3,"href":"https:\/\/goias.gov.br\/saude\/wp-json\/wp\/v2\/pages\/50153\/revisions"}],"predecessor-version":[{"id":632292,"href":"https:\/\/goias.gov.br\/saude\/wp-json\/wp\/v2\/pages\/50153\/revisions\/632292"}],"wp:attachment":[{"href":"https:\/\/goias.gov.br\/saude\/wp-json\/wp\/v2\/media?parent=50153"}],"curies":[{"name":"wp","href":"https:\/\/api.w.org\/{rel}","templated":true}]}}