

{"id":488114,"date":"2025-09-04T14:22:23","date_gmt":"2025-09-04T17:22:23","guid":{"rendered":"https:\/\/goias.gov.br\/saude\/?page_id=488114"},"modified":"2026-04-27T09:41:05","modified_gmt":"2026-04-27T12:41:05","slug":"eventos-negesp","status":"publish","type":"page","link":"https:\/\/goias.gov.br\/saude\/eventos-negesp\/","title":{"rendered":"Eventos &#8211; Negesp"},"content":{"rendered":"\t\t<div data-elementor-type=\"wp-page\" data-elementor-id=\"488114\" class=\"elementor elementor-488114\">\n\t\t\t\t<div class=\"elementor-element elementor-element-62b8e28 e-flex e-con-boxed e-con e-parent\" data-id=\"62b8e28\" data-element_type=\"container\" data-e-type=\"container\">\n\t\t\t\t\t<div class=\"e-con-inner\">\n\t\t<div class=\"elementor-element elementor-element-284938a e-con-full e-flex e-con e-child\" data-id=\"284938a\" data-element_type=\"container\" data-e-type=\"container\">\n\t\t\t\t<div class=\"elementor-element elementor-element-2853c11 elementor-widget elementor-widget-image\" data-id=\"2853c11\" data-element_type=\"widget\" data-e-type=\"widget\" data-widget_type=\"image.default\">\n\t\t\t\t\t\t\t\t\t\t\t\t\t\t\t\t<a href=\"https:\/\/meet.google.com\/vvv-snwj-iid\" target=\"_blank\">\n\t\t\t\t\t\t\t<img fetchpriority=\"high\" decoding=\"async\" width=\"576\" height=\"1024\" src=\"https:\/\/goias.gov.br\/saude\/wp-content\/uploads\/sites\/34\/2026\/04\/negesp-evento-tocantins-576x1024.jpeg\" class=\"attachment-large size-large wp-image-773824\" alt=\"\" srcset=\"https:\/\/goias.gov.br\/saude\/wp-content\/uploads\/sites\/34\/2026\/04\/negesp-evento-tocantins-576x1024.jpeg 576w, https:\/\/goias.gov.br\/saude\/wp-content\/uploads\/sites\/34\/2026\/04\/negesp-evento-tocantins-169x300.jpeg 169w, https:\/\/goias.gov.br\/saude\/wp-content\/uploads\/sites\/34\/2026\/04\/negesp-evento-tocantins.jpeg 720w\" sizes=\"(max-width: 576px) 100vw, 576px\" \/>\t\t\t\t\t\t\t\t<\/a>\n\t\t\t\t\t\t\t\t\t\t\t\t\t\t\t<\/div>\n\t\t\t\t<div class=\"elementor-element elementor-element-c8cbb8a elementor-widget elementor-widget-text-editor\" data-id=\"c8cbb8a\" data-element_type=\"widget\" data-e-type=\"widget\" data-widget_type=\"text-editor.default\">\n\t\t\t\t\t\t\t\t\t<h3 style=\"text-align: center;\">Abril pela Qualidade e Seguran\u00e7a do Paciente<\/h3>\t\t\t\t\t\t\t\t<\/div>\n\t\t\t\t<\/div>\n\t\t<div class=\"elementor-element elementor-element-459193d e-con-full e-flex e-con e-child\" data-id=\"459193d\" data-element_type=\"container\" data-e-type=\"container\">\n\t\t\t\t<div class=\"elementor-element elementor-element-4877b7d elementor-widget elementor-widget-image\" data-id=\"4877b7d\" data-element_type=\"widget\" data-e-type=\"widget\" data-widget_type=\"image.default\">\n\t\t\t\t\t\t\t\t\t\t\t\t\t\t\t\t<a href=\"https:\/\/www.youtube.com\/live\/KeBFke_6KMI\" target=\"_blank\">\n\t\t\t\t\t\t\t<img decoding=\"async\" width=\"1024\" height=\"576\" src=\"https:\/\/goias.gov.br\/saude\/wp-content\/uploads\/sites\/34\/2026\/04\/live-negesp-1024x576.jpg\" class=\"attachment-large size-large wp-image-758382\" alt=\"\" srcset=\"https:\/\/goias.gov.br\/saude\/wp-content\/uploads\/sites\/34\/2026\/04\/live-negesp-1024x576.jpg 1024w, https:\/\/goias.gov.br\/saude\/wp-content\/uploads\/sites\/34\/2026\/04\/live-negesp-300x169.jpg 300w, https:\/\/goias.gov.br\/saude\/wp-content\/uploads\/sites\/34\/2026\/04\/live-negesp-768x432.jpg 768w, https:\/\/goias.gov.br\/saude\/wp-content\/uploads\/sites\/34\/2026\/04\/live-negesp-1536x864.jpg 1536w, https:\/\/goias.gov.br\/saude\/wp-content\/uploads\/sites\/34\/2026\/04\/live-negesp.jpg 1600w\" sizes=\"(max-width: 1024px) 100vw, 1024px\" \/>\t\t\t\t\t\t\t\t<\/a>\n\t\t\t\t\t\t\t\t\t\t\t\t\t\t\t<\/div>\n\t\t\t\t<div class=\"elementor-element elementor-element-7e9161e elementor-widget elementor-widget-text-editor\" data-id=\"7e9161e\" data-element_type=\"widget\" data-e-type=\"widget\" data-widget_type=\"text-editor.default\">\n\t\t\t\t\t\t\t\t\t<h3 style=\"text-align: center;\">Qualidade, Seguran\u00e7a e Vidas PRotegidas: Um Compromisso Permanente do SUS em Goi\u00e1s<\/h3>\t\t\t\t\t\t\t\t<\/div>\n\t\t\t\t<\/div>\n\t\t<div class=\"elementor-element elementor-element-cadf84b e-con-full e-flex e-con e-child\" data-id=\"cadf84b\" data-element_type=\"container\" data-e-type=\"container\">\n\t\t\t\t<div class=\"elementor-element elementor-element-c1fdf11 elementor-widget elementor-widget-image\" data-id=\"c1fdf11\" data-element_type=\"widget\" data-e-type=\"widget\" data-widget_type=\"image.default\">\n\t\t\t\t\t\t\t\t\t\t\t\t\t\t\t\t<a href=\"https:\/\/www.conass.org.br\/abril-pela-seguranca-do-paciente-1o-de-abril-de-2026\/\" target=\"_blank\">\n\t\t\t\t\t\t\t<img decoding=\"async\" width=\"725\" height=\"1024\" src=\"https:\/\/goias.gov.br\/saude\/wp-content\/uploads\/sites\/34\/2026\/03\/seguranca-do-paciente-negesp-725x1024.jpeg\" class=\"attachment-large size-large wp-image-738901\" alt=\"\" srcset=\"https:\/\/goias.gov.br\/saude\/wp-content\/uploads\/sites\/34\/2026\/03\/seguranca-do-paciente-negesp-725x1024.jpeg 725w, https:\/\/goias.gov.br\/saude\/wp-content\/uploads\/sites\/34\/2026\/03\/seguranca-do-paciente-negesp-212x300.jpeg 212w, https:\/\/goias.gov.br\/saude\/wp-content\/uploads\/sites\/34\/2026\/03\/seguranca-do-paciente-negesp-768x1085.jpeg 768w, https:\/\/goias.gov.br\/saude\/wp-content\/uploads\/sites\/34\/2026\/03\/seguranca-do-paciente-negesp-1088x1536.jpeg 1088w, https:\/\/goias.gov.br\/saude\/wp-content\/uploads\/sites\/34\/2026\/03\/seguranca-do-paciente-negesp.jpeg 1133w\" sizes=\"(max-width: 725px) 100vw, 725px\" \/>\t\t\t\t\t\t\t\t<\/a>\n\t\t\t\t\t\t\t\t\t\t\t\t\t\t\t<\/div>\n\t\t\t\t<div class=\"elementor-element elementor-element-9d392bd elementor-widget elementor-widget-text-editor\" data-id=\"9d392bd\" data-element_type=\"widget\" data-e-type=\"widget\" data-widget_type=\"text-editor.default\">\n\t\t\t\t\t\t\t\t\t<h3 style=\"text-align: center;\">Abril pela Seguran\u00e7a do Paciente<\/h3>\t\t\t\t\t\t\t\t<\/div>\n\t\t\t\t<\/div>\n\t\t\t\t\t<\/div>\n\t\t\t\t<\/div>\n\t\t<div class=\"elementor-element elementor-element-64b8b4f e-flex e-con-boxed e-con e-parent\" data-id=\"64b8b4f\" data-element_type=\"container\" data-e-type=\"container\">\n\t\t\t\t\t<div class=\"e-con-inner\">\n\t\t<div class=\"elementor-element elementor-element-e05e6aa e-con-full e-flex e-con e-child\" data-id=\"e05e6aa\" data-element_type=\"container\" data-e-type=\"container\">\n\t\t\t\t<div class=\"elementor-element elementor-element-0fbae94 elementor-widget elementor-widget-image\" data-id=\"0fbae94\" data-element_type=\"widget\" data-e-type=\"widget\" data-widget_type=\"image.default\">\n\t\t\t\t\t\t\t\t\t\t\t\t\t\t\t\t<a href=\"https:\/\/docs.google.com\/forms\/d\/e\/1FAIpQLSfEzTb7w0pJsOFf2xe77s9kjaIheo2cYMUUxyE6G_rdcB1W5w\/viewform\" target=\"_blank\">\n\t\t\t\t\t\t\t<img loading=\"lazy\" decoding=\"async\" width=\"724\" height=\"1024\" src=\"https:\/\/goias.gov.br\/saude\/wp-content\/uploads\/sites\/34\/2026\/02\/simposio-nefrologia-724x1024.jpg\" class=\"attachment-large size-large wp-image-714599\" alt=\"\" srcset=\"https:\/\/goias.gov.br\/saude\/wp-content\/uploads\/sites\/34\/2026\/02\/simposio-nefrologia-724x1024.jpg 724w, https:\/\/goias.gov.br\/saude\/wp-content\/uploads\/sites\/34\/2026\/02\/simposio-nefrologia-212x300.jpg 212w, https:\/\/goias.gov.br\/saude\/wp-content\/uploads\/sites\/34\/2026\/02\/simposio-nefrologia-768x1087.jpg 768w, https:\/\/goias.gov.br\/saude\/wp-content\/uploads\/sites\/34\/2026\/02\/simposio-nefrologia-1085x1536.jpg 1085w, https:\/\/goias.gov.br\/saude\/wp-content\/uploads\/sites\/34\/2026\/02\/simposio-nefrologia.jpg 1240w\" sizes=\"(max-width: 724px) 100vw, 724px\" \/>\t\t\t\t\t\t\t\t<\/a>\n\t\t\t\t\t\t\t\t\t\t\t\t\t\t\t<\/div>\n\t\t\t\t<div class=\"elementor-element elementor-element-1d079af elementor-widget elementor-widget-text-editor\" data-id=\"1d079af\" data-element_type=\"widget\" data-e-type=\"widget\" data-widget_type=\"text-editor.default\">\n\t\t\t\t\t\t\t\t\t<h3 style=\"text-align: center;\">II Simp\u00f3sio de Nefrologia<\/h3>\t\t\t\t\t\t\t\t<\/div>\n\t\t\t\t<\/div>\n\t\t<div class=\"elementor-element elementor-element-8f637eb e-con-full e-flex e-con e-child\" data-id=\"8f637eb\" data-element_type=\"container\" data-e-type=\"container\">\n\t\t\t\t<div class=\"elementor-element elementor-element-ed75e29 elementor-widget elementor-widget-image\" data-id=\"ed75e29\" data-element_type=\"widget\" data-e-type=\"widget\" data-widget_type=\"image.default\">\n\t\t\t\t\t\t\t\t\t\t\t\t\t\t\t\t<a href=\"https:\/\/educa.saude.go.gov.br\/course\/view.php?id=239\">\n\t\t\t\t\t\t\t<img loading=\"lazy\" decoding=\"async\" width=\"531\" height=\"751\" src=\"https:\/\/goias.gov.br\/saude\/wp-content\/uploads\/sites\/34\/2025\/10\/curso-seguranca-paciente.jpg\" class=\"attachment-large size-large wp-image-575423\" alt=\"\" srcset=\"https:\/\/goias.gov.br\/saude\/wp-content\/uploads\/sites\/34\/2025\/10\/curso-seguranca-paciente.jpg 531w, https:\/\/goias.gov.br\/saude\/wp-content\/uploads\/sites\/34\/2025\/10\/curso-seguranca-paciente-212x300.jpg 212w\" sizes=\"(max-width: 531px) 100vw, 531px\" \/>\t\t\t\t\t\t\t\t<\/a>\n\t\t\t\t\t\t\t\t\t\t\t\t\t\t\t<\/div>\n\t\t\t\t<div class=\"elementor-element elementor-element-3f3a95a elementor-widget elementor-widget-text-editor\" data-id=\"3f3a95a\" data-element_type=\"widget\" data-e-type=\"widget\" data-widget_type=\"text-editor.default\">\n\t\t\t\t\t\t\t\t\t<h3 style=\"text-align: center;\">Curso de Qualifica\u00e7\u00e3o em No\u00e7\u00f5es de Seguran\u00e7a do Paciente nos Servi\u00e7os de Sa\u00fade<\/h3>\t\t\t\t\t\t\t\t<\/div>\n\t\t\t\t<\/div>\n\t\t<div class=\"elementor-element elementor-element-909a62a e-con-full e-flex e-con e-child\" data-id=\"909a62a\" data-element_type=\"container\" data-e-type=\"container\">\n\t\t\t\t<div class=\"elementor-element elementor-element-6b57096 elementor-widget elementor-widget-image\" data-id=\"6b57096\" data-element_type=\"widget\" data-e-type=\"widget\" data-widget_type=\"image.default\">\n\t\t\t\t\t\t\t\t\t\t\t\t\t\t\t\t<a href=\"https:\/\/goias.gov.br\/saude\/wp-content\/uploads\/sites\/34\/2025\/10\/091025-negesp.jpeg\">\n\t\t\t\t\t\t\t<img loading=\"lazy\" decoding=\"async\" width=\"811\" height=\"1024\" src=\"https:\/\/goias.gov.br\/saude\/wp-content\/uploads\/sites\/34\/2025\/10\/091025-negesp-811x1024.jpeg\" class=\"attachment-large size-large wp-image-527392\" alt=\"\" srcset=\"https:\/\/goias.gov.br\/saude\/wp-content\/uploads\/sites\/34\/2025\/10\/091025-negesp-811x1024.jpeg 811w, https:\/\/goias.gov.br\/saude\/wp-content\/uploads\/sites\/34\/2025\/10\/091025-negesp-238x300.jpeg 238w, https:\/\/goias.gov.br\/saude\/wp-content\/uploads\/sites\/34\/2025\/10\/091025-negesp-768x970.jpeg 768w, https:\/\/goias.gov.br\/saude\/wp-content\/uploads\/sites\/34\/2025\/10\/091025-negesp-1216x1536.jpeg 1216w, https:\/\/goias.gov.br\/saude\/wp-content\/uploads\/sites\/34\/2025\/10\/091025-negesp.jpeg 1267w\" sizes=\"(max-width: 811px) 100vw, 811px\" \/>\t\t\t\t\t\t\t\t<\/a>\n\t\t\t\t\t\t\t\t\t\t\t\t\t\t\t<\/div>\n\t\t\t\t<div class=\"elementor-element elementor-element-a8c8cbd elementor-widget elementor-widget-text-editor\" data-id=\"a8c8cbd\" data-element_type=\"widget\" data-e-type=\"widget\" data-widget_type=\"text-editor.default\">\n\t\t\t\t\t\t\t\t\t<h3 style=\"text-align: center;\">Lan\u00e7amento do Projeto Identifica\u00e7\u00e3o Neonatal Goi\u00e1s<\/h3>\t\t\t\t\t\t\t\t<\/div>\n\t\t\t\t<\/div>\n\t\t\t\t\t<\/div>\n\t\t\t\t<\/div>\n\t\t<div class=\"elementor-element elementor-element-0dbfb19 e-flex e-con-boxed e-con e-parent\" data-id=\"0dbfb19\" data-element_type=\"container\" data-e-type=\"container\">\n\t\t\t\t\t<div class=\"e-con-inner\">\n\t\t<div class=\"elementor-element elementor-element-d3fd616 e-con-full e-flex e-con e-child\" data-id=\"d3fd616\" data-element_type=\"container\" data-e-type=\"container\">\n\t\t\t\t<div class=\"elementor-element elementor-element-d14e79f elementor-widget elementor-widget-image\" data-id=\"d14e79f\" data-element_type=\"widget\" data-e-type=\"widget\" data-widget_type=\"image.default\">\n\t\t\t\t\t\t\t\t\t\t\t\t\t\t\t\t<a href=\"https:\/\/bit.ly\/forum_seguranca\">\n\t\t\t\t\t\t\t<img loading=\"lazy\" decoding=\"async\" width=\"819\" height=\"1024\" src=\"https:\/\/goias.gov.br\/saude\/wp-content\/uploads\/sites\/34\/2025\/10\/evento-cremego-819x1024.jpg\" class=\"attachment-large size-large wp-image-519611\" alt=\"\" srcset=\"https:\/\/goias.gov.br\/saude\/wp-content\/uploads\/sites\/34\/2025\/10\/evento-cremego-819x1024.jpg 819w, https:\/\/goias.gov.br\/saude\/wp-content\/uploads\/sites\/34\/2025\/10\/evento-cremego-240x300.jpg 240w, https:\/\/goias.gov.br\/saude\/wp-content\/uploads\/sites\/34\/2025\/10\/evento-cremego-768x960.jpg 768w, https:\/\/goias.gov.br\/saude\/wp-content\/uploads\/sites\/34\/2025\/10\/evento-cremego.jpg 1000w\" sizes=\"(max-width: 819px) 100vw, 819px\" \/>\t\t\t\t\t\t\t\t<\/a>\n\t\t\t\t\t\t\t\t\t\t\t\t\t\t\t<\/div>\n\t\t\t\t<div class=\"elementor-element elementor-element-56902c0 elementor-widget elementor-widget-text-editor\" data-id=\"56902c0\" data-element_type=\"widget\" data-e-type=\"widget\" data-widget_type=\"text-editor.default\">\n\t\t\t\t\t\t\t\t\t<h3 style=\"text-align: center;\">F\u00f3rum Multidisciplinar de Seguran\u00e7a do Paciente<\/h3>\t\t\t\t\t\t\t\t<\/div>\n\t\t\t\t<\/div>\n\t\t<div class=\"elementor-element elementor-element-17d723e e-con-full e-flex e-con e-child\" data-id=\"17d723e\" data-element_type=\"container\" data-e-type=\"container\">\n\t\t\t\t<div class=\"elementor-element elementor-element-bf152a7 elementor-widget elementor-widget-image\" data-id=\"bf152a7\" data-element_type=\"widget\" data-e-type=\"widget\" data-widget_type=\"image.default\">\n\t\t\t\t\t\t\t\t\t\t\t\t\t\t\t<img loading=\"lazy\" decoding=\"async\" width=\"703\" height=\"489\" src=\"https:\/\/goias.gov.br\/saude\/wp-content\/uploads\/sites\/34\/2025\/09\/evento-negesp-regionais.png\" class=\"attachment-large size-large wp-image-495018\" alt=\"\" srcset=\"https:\/\/goias.gov.br\/saude\/wp-content\/uploads\/sites\/34\/2025\/09\/evento-negesp-regionais.png 703w, https:\/\/goias.gov.br\/saude\/wp-content\/uploads\/sites\/34\/2025\/09\/evento-negesp-regionais-300x209.png 300w\" sizes=\"(max-width: 703px) 100vw, 703px\" \/>\t\t\t\t\t\t\t\t\t\t\t\t\t\t\t<\/div>\n\t\t\t\t<div class=\"elementor-element elementor-element-65d6dd8 elementor-widget elementor-widget-text-editor\" data-id=\"65d6dd8\" data-element_type=\"widget\" data-e-type=\"widget\" data-widget_type=\"text-editor.default\">\n\t\t\t\t\t\t\t\t\t<div class=\"elementor-element elementor-element-d3fd616 e-con-full e-flex e-con e-child\" data-id=\"d3fd616\" data-element_type=\"container\" data-e-type=\"container\"><div class=\"elementor-element elementor-element-c9f864a elementor-widget elementor-widget-text-editor\" data-id=\"c9f864a\" data-element_type=\"widget\" data-e-type=\"widget\" data-widget_type=\"text-editor.default\"><h3 style=\"text-align: center;\">Capacita\u00e7\u00e3o das Refer\u00eancias Regionais em Seguran\u00e7a do Paciente<\/h3><\/div><\/div>\t\t\t\t\t\t\t\t<\/div>\n\t\t\t\t<\/div>\n\t\t<div class=\"elementor-element elementor-element-754ceb0 e-con-full e-flex e-con e-child\" data-id=\"754ceb0\" data-element_type=\"container\" data-e-type=\"container\">\n\t\t\t\t<div class=\"elementor-element elementor-element-73b0049 elementor-widget elementor-widget-image\" data-id=\"73b0049\" data-element_type=\"widget\" data-e-type=\"widget\" data-widget_type=\"image.default\">\n\t\t\t\t\t\t\t\t\t\t\t\t\t\t\t\t<a href=\"https:\/\/goias.gov.br\/saude\/iv-simposio-municipal-de-seguranca-do-paciente\/\">\n\t\t\t\t\t\t\t<img loading=\"lazy\" decoding=\"async\" width=\"1024\" height=\"717\" src=\"https:\/\/goias.gov.br\/saude\/wp-content\/uploads\/sites\/34\/2025\/09\/seminario-hemodialise-negesp-1024x717.png\" class=\"attachment-large size-large wp-image-488351\" alt=\"\" srcset=\"https:\/\/goias.gov.br\/saude\/wp-content\/uploads\/sites\/34\/2025\/09\/seminario-hemodialise-negesp-1024x717.png 1024w, https:\/\/goias.gov.br\/saude\/wp-content\/uploads\/sites\/34\/2025\/09\/seminario-hemodialise-negesp-300x210.png 300w, https:\/\/goias.gov.br\/saude\/wp-content\/uploads\/sites\/34\/2025\/09\/seminario-hemodialise-negesp-768x538.png 768w, https:\/\/goias.gov.br\/saude\/wp-content\/uploads\/sites\/34\/2025\/09\/seminario-hemodialise-negesp.png 1313w\" sizes=\"(max-width: 1024px) 100vw, 1024px\" \/>\t\t\t\t\t\t\t\t<\/a>\n\t\t\t\t\t\t\t\t\t\t\t\t\t\t\t<\/div>\n\t\t\t\t<div class=\"elementor-element elementor-element-530d612 elementor-widget elementor-widget-text-editor\" data-id=\"530d612\" data-element_type=\"widget\" data-e-type=\"widget\" data-widget_type=\"text-editor.default\">\n\t\t\t\t\t\t\t\t\t<div class=\"elementor-element elementor-element-17d723e e-con-full e-flex e-con e-child\" data-id=\"17d723e\" data-element_type=\"container\"><div class=\"elementor-element elementor-element-9dd4d3c elementor-widget elementor-widget-text-editor\" data-id=\"9dd4d3c\" data-element_type=\"widget\" data-widget_type=\"text-editor.default\"><h3 style=\"text-align: center;\">IV Simp\u00f3sio Municipal de Seguran\u00e7a do Paciente<\/h3><\/div><\/div>\t\t\t\t\t\t\t\t<\/div>\n\t\t\t\t<\/div>\n\t\t\t\t\t<\/div>\n\t\t\t\t<\/div>\n\t\t<div class=\"elementor-element elementor-element-ec8c592 e-flex e-con-boxed e-con e-parent\" data-id=\"ec8c592\" data-element_type=\"container\" data-e-type=\"container\">\n\t\t\t\t\t<div class=\"e-con-inner\">\n\t\t<div class=\"elementor-element elementor-element-d31f83b e-con-full e-flex e-con e-child\" data-id=\"d31f83b\" data-element_type=\"container\" data-e-type=\"container\">\n\t\t\t\t<div class=\"elementor-element elementor-element-4c9acc7 elementor-widget elementor-widget-image\" data-id=\"4c9acc7\" data-element_type=\"widget\" data-e-type=\"widget\" data-widget_type=\"image.default\">\n\t\t\t\t\t\t\t\t\t\t\t\t\t\t\t\t<a href=\"https:\/\/goias.gov.br\/saude\/wp-content\/uploads\/sites\/34\/2025\/09\/programacao-hemodialise-negesp.pdf\">\n\t\t\t\t\t\t\t<img loading=\"lazy\" decoding=\"async\" width=\"1024\" height=\"717\" src=\"https:\/\/goias.gov.br\/saude\/wp-content\/uploads\/sites\/34\/2025\/09\/seminario-hemodialise-negesp-1024x717.jpg\" class=\"attachment-large size-large wp-image-488150\" alt=\"\" srcset=\"https:\/\/goias.gov.br\/saude\/wp-content\/uploads\/sites\/34\/2025\/09\/seminario-hemodialise-negesp-1024x717.jpg 1024w, https:\/\/goias.gov.br\/saude\/wp-content\/uploads\/sites\/34\/2025\/09\/seminario-hemodialise-negesp-300x210.jpg 300w, https:\/\/goias.gov.br\/saude\/wp-content\/uploads\/sites\/34\/2025\/09\/seminario-hemodialise-negesp-768x538.jpg 768w, https:\/\/goias.gov.br\/saude\/wp-content\/uploads\/sites\/34\/2025\/09\/seminario-hemodialise-negesp.jpg 1313w\" sizes=\"(max-width: 1024px) 100vw, 1024px\" \/>\t\t\t\t\t\t\t\t<\/a>\n\t\t\t\t\t\t\t\t\t\t\t\t\t\t\t<\/div>\n\t\t\t\t<div class=\"elementor-element elementor-element-a1c6c18 elementor-widget elementor-widget-text-editor\" data-id=\"a1c6c18\" data-element_type=\"widget\" data-e-type=\"widget\" data-widget_type=\"text-editor.default\">\n\t\t\t\t\t\t\t\t\t<h3 style=\"text-align: center;\">Semin\u00e1rio Interinstitucional de Seguran\u00e7a do Paciente em Hemodi\u00e1lise<\/h3>\t\t\t\t\t\t\t\t<\/div>\n\t\t\t\t<\/div>\n\t\t<div class=\"elementor-element elementor-element-7386b83 e-con-full e-flex e-con e-child\" data-id=\"7386b83\" data-element_type=\"container\" data-e-type=\"container\">\n\t\t\t\t<\/div>\n\t\t<div class=\"elementor-element elementor-element-e8ec685 e-con-full e-flex e-con e-child\" data-id=\"e8ec685\" data-element_type=\"container\" data-e-type=\"container\">\n\t\t\t\t<\/div>\n\t\t\t\t\t<\/div>\n\t\t\t\t<\/div>\n\t\t\t\t<\/div>\n\t\t","protected":false},"excerpt":{"rendered":"<p>Abril pela Qualidade e Seguran\u00e7a do Paciente Qualidade, Seguran\u00e7a e Vidas PRotegidas: Um Compromisso Permanente do SUS em Goi\u00e1s Abril pela Seguran\u00e7a do Paciente II Simp\u00f3sio de Nefrologia Curso de Qualifica\u00e7\u00e3o em No\u00e7\u00f5es de Seguran\u00e7a do Paciente nos Servi\u00e7os de Sa\u00fade Lan\u00e7amento do Projeto Identifica\u00e7\u00e3o Neonatal Goi\u00e1s F\u00f3rum Multidisciplinar de Seguran\u00e7a do Paciente Capacita\u00e7\u00e3o das [&hellip;]<\/p>\n","protected":false},"author":164,"featured_media":0,"parent":0,"menu_order":0,"comment_status":"closed","ping_status":"closed","template":"","meta":{"footnotes":""},"class_list":["post-488114","page","type-page","status-publish","hentry"],"rttpg_featured_image_url":null,"rttpg_author":{"display_name":"isabelamelo","author_link":"https:\/\/goias.gov.br\/saude\/author\/isabelamelo\/"},"rttpg_comment":0,"rttpg_category":null,"rttpg_excerpt":"Abril pela Qualidade e Seguran\u00e7a do Paciente Qualidade, Seguran\u00e7a e Vidas PRotegidas: Um Compromisso Permanente do SUS em Goi\u00e1s Abril pela Seguran\u00e7a do Paciente II Simp\u00f3sio de Nefrologia Curso de Qualifica\u00e7\u00e3o em No\u00e7\u00f5es de Seguran\u00e7a do Paciente nos Servi\u00e7os de Sa\u00fade Lan\u00e7amento do Projeto Identifica\u00e7\u00e3o Neonatal Goi\u00e1s F\u00f3rum Multidisciplinar de Seguran\u00e7a do Paciente Capacita\u00e7\u00e3o das&hellip;","_links":{"self":[{"href":"https:\/\/goias.gov.br\/saude\/wp-json\/wp\/v2\/pages\/488114","targetHints":{"allow":["GET"]}}],"collection":[{"href":"https:\/\/goias.gov.br\/saude\/wp-json\/wp\/v2\/pages"}],"about":[{"href":"https:\/\/goias.gov.br\/saude\/wp-json\/wp\/v2\/types\/page"}],"author":[{"embeddable":true,"href":"https:\/\/goias.gov.br\/saude\/wp-json\/wp\/v2\/users\/164"}],"replies":[{"embeddable":true,"href":"https:\/\/goias.gov.br\/saude\/wp-json\/wp\/v2\/comments?post=488114"}],"version-history":[{"count":2,"href":"https:\/\/goias.gov.br\/saude\/wp-json\/wp\/v2\/pages\/488114\/revisions"}],"predecessor-version":[{"id":774097,"href":"https:\/\/goias.gov.br\/saude\/wp-json\/wp\/v2\/pages\/488114\/revisions\/774097"}],"wp:attachment":[{"href":"https:\/\/goias.gov.br\/saude\/wp-json\/wp\/v2\/media?parent=488114"}],"curies":[{"name":"wp","href":"https:\/\/api.w.org\/{rel}","templated":true}]}}