

{"id":464660,"date":"2025-08-13T09:53:29","date_gmt":"2025-08-13T12:53:29","guid":{"rendered":"https:\/\/goias.gov.br\/saude\/?page_id=464660"},"modified":"2025-12-02T11:12:00","modified_gmt":"2025-12-02T14:12:00","slug":"integrantes-da-comissao-organizadora-ecopis","status":"publish","type":"page","link":"https:\/\/goias.gov.br\/saude\/integrantes-da-comissao-organizadora-ecopis\/","title":{"rendered":"Integrantes da Comiss\u00e3o Organizadora &#8211; ECOPIS"},"content":{"rendered":"\t\t<div data-elementor-type=\"wp-page\" data-elementor-id=\"464660\" class=\"elementor elementor-464660\">\n\t\t\t\t<div class=\"elementor-element elementor-element-7865364 e-flex e-con-boxed e-con e-parent\" data-id=\"7865364\" data-element_type=\"container\" data-e-type=\"container\">\n\t\t\t\t\t<div class=\"e-con-inner\">\n\t\t<div class=\"elementor-element elementor-element-08d383a e-con-full e-flex e-con e-child\" data-id=\"08d383a\" data-element_type=\"container\" data-e-type=\"container\">\n\t\t\t\t<div class=\"elementor-element elementor-element-b470b18 elementor-position-top elementor-widget elementor-widget-image-box\" data-id=\"b470b18\" data-element_type=\"widget\" data-e-type=\"widget\" data-widget_type=\"image-box.default\">\n\t\t\t\t\t<div class=\"elementor-image-box-wrapper\"><figure class=\"elementor-image-box-img\"><img decoding=\"async\" src=\"https:\/\/goias.gov.br\/saude\/wp-content\/uploads\/sites\/34\/2025\/08\/nara.png\" title=\"\" alt=\"\" loading=\"lazy\" \/><\/figure><div class=\"elementor-image-box-content\"><h3 class=\"elementor-image-box-title\">Nara Costa \u2013 Coordenadora Geral do ECOPIS<\/h3><\/div><\/div>\t\t\t\t<\/div>\n\t\t\t\t<\/div>\n\t\t<div class=\"elementor-element elementor-element-06d2737 e-con-full e-flex e-con e-child\" data-id=\"06d2737\" data-element_type=\"container\" data-e-type=\"container\">\n\t\t\t\t<div class=\"elementor-element elementor-element-692dddb elementor-position-top elementor-widget elementor-widget-image-box\" data-id=\"692dddb\" data-element_type=\"widget\" data-e-type=\"widget\" data-widget_type=\"image-box.default\">\n\t\t\t\t\t<div class=\"elementor-image-box-wrapper\"><figure class=\"elementor-image-box-img\"><img decoding=\"async\" src=\"https:\/\/goias.gov.br\/saude\/wp-content\/uploads\/sites\/34\/2025\/08\/fernanda.png\" title=\"\" alt=\"\" loading=\"lazy\" \/><\/figure><div class=\"elementor-image-box-content\"><h3 class=\"elementor-image-box-title\">Fernanda Parreira - Coordenadora da Comiss\u00e3o Cient\u00edfica<\/h3><\/div><\/div>\t\t\t\t<\/div>\n\t\t\t\t<\/div>\n\t\t<div class=\"elementor-element elementor-element-70dcf23 e-con-full e-flex e-con e-child\" data-id=\"70dcf23\" data-element_type=\"container\" data-e-type=\"container\">\n\t\t\t\t<div class=\"elementor-element elementor-element-b26a0b5 elementor-position-top elementor-widget elementor-widget-image-box\" data-id=\"b26a0b5\" data-element_type=\"widget\" data-e-type=\"widget\" data-widget_type=\"image-box.default\">\n\t\t\t\t\t<div class=\"elementor-image-box-wrapper\"><figure class=\"elementor-image-box-img\"><img decoding=\"async\" src=\"https:\/\/goias.gov.br\/saude\/wp-content\/uploads\/sites\/34\/2025\/08\/aline.png\" title=\"\" alt=\"\" loading=\"lazy\" \/><\/figure><div class=\"elementor-image-box-content\"><h3 class=\"elementor-image-box-title\">Aline Parmeggiani - Coordenadora de Apoio Log\u00edstico<\/h3><\/div><\/div>\t\t\t\t<\/div>\n\t\t\t\t<\/div>\n\t\t\t\t\t<\/div>\n\t\t\t\t<\/div>\n\t\t\t\t<\/div>\n\t\t","protected":false},"excerpt":{"rendered":"<p>Nara Costa \u2013 Coordenadora Geral do ECOPIS Fernanda Parreira &#8211; Coordenadora da Comiss\u00e3o Cient\u00edfica Aline Parmeggiani &#8211; Coordenadora de Apoio Log\u00edstico<\/p>\n","protected":false},"author":164,"featured_media":0,"parent":0,"menu_order":0,"comment_status":"closed","ping_status":"closed","template":"","meta":{"footnotes":""},"class_list":["post-464660","page","type-page","status-publish","hentry"],"rttpg_featured_image_url":null,"rttpg_author":{"display_name":"isabelamelo","author_link":"https:\/\/goias.gov.br\/saude\/author\/isabelamelo\/"},"rttpg_comment":0,"rttpg_category":null,"rttpg_excerpt":"Nara Costa \u2013 Coordenadora Geral do ECOPIS Fernanda Parreira &#8211; Coordenadora da Comiss\u00e3o Cient\u00edfica Aline Parmeggiani &#8211; Coordenadora de Apoio Log\u00edstico","_links":{"self":[{"href":"https:\/\/goias.gov.br\/saude\/wp-json\/wp\/v2\/pages\/464660","targetHints":{"allow":["GET"]}}],"collection":[{"href":"https:\/\/goias.gov.br\/saude\/wp-json\/wp\/v2\/pages"}],"about":[{"href":"https:\/\/goias.gov.br\/saude\/wp-json\/wp\/v2\/types\/page"}],"author":[{"embeddable":true,"href":"https:\/\/goias.gov.br\/saude\/wp-json\/wp\/v2\/users\/164"}],"replies":[{"embeddable":true,"href":"https:\/\/goias.gov.br\/saude\/wp-json\/wp\/v2\/comments?post=464660"}],"version-history":[{"count":3,"href":"https:\/\/goias.gov.br\/saude\/wp-json\/wp\/v2\/pages\/464660\/revisions"}],"predecessor-version":[{"id":623087,"href":"https:\/\/goias.gov.br\/saude\/wp-json\/wp\/v2\/pages\/464660\/revisions\/623087"}],"wp:attachment":[{"href":"https:\/\/goias.gov.br\/saude\/wp-json\/wp\/v2\/media?parent=464660"}],"curies":[{"name":"wp","href":"https:\/\/api.w.org\/{rel}","templated":true}]}}

Integrantes da Comissão Organizadora &#8211; ECOPIS

<div data-elementor-type="wp-page" data-elementor-id="464660" class="elementor elementor-464660">
				<div class="elementor-element elementor-element-7865364 e-flex e-con-boxed e-con e-parent" data-id="7865364" data-element_type="container" data-e-type="container">
					<div class="e-con-inner">
		<div class="elementor-element elementor-element-08d383a e-con-full e-flex e-con e-child" data-id="08d383a" data-element_type="container" data-e-type="container">
				<div class="elementor-element elementor-element-b470b18 elementor-position-top elementor-widget elementor-widget-image-box" data-id="b470b18" data-element_type="widget" data-e-type="widget" data-widget_type="image-box.default">
					<div class="elementor-image-box-wrapper"><figure class="elementor-image-box-img"><img decoding="async" src="https://goias.gov.br/saude/wp-content/uploads/sites/34/2025/08/nara.png" title="" alt="" loading="lazy" /></figure><div class="elementor-image-box-content"><h3 class="elementor-image-box-title">Nara Costa – Coordenadora Geral do ECOPIS</h3></div></div>				</div>
				</div>
		<div class="elementor-element elementor-element-06d2737 e-con-full e-flex e-con e-child" data-id="06d2737" data-element_type="container" data-e-type="container">
				<div class="elementor-element elementor-element-692dddb elementor-position-top elementor-widget elementor-widget-image-box" data-id="692dddb" data-element_type="widget" data-e-type="widget" data-widget_type="image-box.default">
					<div class="elementor-image-box-wrapper"><figure class="elementor-image-box-img"><img decoding="async" src="https://goias.gov.br/saude/wp-content/uploads/sites/34/2025/08/fernanda.png" title="" alt="" loading="lazy" /></figure><div class="elementor-image-box-content"><h3 class="elementor-image-box-title">Fernanda Parreira - Coordenadora da Comissão Científica</h3></div></div>				</div>
				</div>
		<div class="elementor-element elementor-element-70dcf23 e-con-full e-flex e-con e-child" data-id="70dcf23" data-element_type="container" data-e-type="container">
				<div class="elementor-element elementor-element-b26a0b5 elementor-position-top elementor-widget elementor-widget-image-box" data-id="b26a0b5" data-element_type="widget" data-e-type="widget" data-widget_type="image-box.default">
					<div class="elementor-image-box-wrapper"><figure class="elementor-image-box-img"><img decoding="async" src="https://goias.gov.br/saude/wp-content/uploads/sites/34/2025/08/aline.png" title="" alt="" loading="lazy" /></figure><div class="elementor-image-box-content"><h3 class="elementor-image-box-title">Aline Parmeggiani - Coordenadora de Apoio Logístico</h3></div></div>				</div>
				</div>
					</div>
				</div>
				</div>

<p>Nara Costa – Coordenadora Geral do ECOPIS Fernanda Parreira &#8211; Coordenadora da Comissão Científica Aline Parmeggiani &#8211; Coordenadora de Apoio Logístico</p>

Nara Costa – Coordenadora Geral do ECOPIS Fernanda Parreira &#8211; Coordenadora da Comissão Científica Aline Parmeggiani &#8211; Coordenadora de Apoio Logístico
