

{"id":37835,"date":"2023-12-05T14:53:37","date_gmt":"2023-12-05T17:53:37","guid":{"rendered":"https:\/\/siteshom.goias.gov.br\/saude\/?page_id=37835"},"modified":"2025-12-03T08:18:35","modified_gmt":"2025-12-03T11:18:35","slug":"heja","status":"publish","type":"page","link":"https:\/\/goias.gov.br\/saude\/heja\/","title":{"rendered":"HEJA \u2013 Hospital Estadual de Jaragu\u00e1 Dr. Sandino de Amorim"},"content":{"rendered":"\t\t<div data-elementor-type=\"wp-page\" data-elementor-id=\"37835\" class=\"elementor elementor-37835\">\n\t\t\t\t<div class=\"elementor-element elementor-element-bfe8649 e-flex e-con-boxed e-con e-parent\" data-id=\"bfe8649\" data-element_type=\"container\" data-e-type=\"container\">\n\t\t\t\t\t<div class=\"e-con-inner\">\n\t\t\t\t<div class=\"elementor-element elementor-element-31491de elementor-widget elementor-widget-image\" data-id=\"31491de\" data-element_type=\"widget\" data-e-type=\"widget\" data-widget_type=\"image.default\">\n\t\t\t\t\t\t\t\t\t\t\t\t\t\t\t<img decoding=\"async\" src=\"https:\/\/goias.gov.br\/saude\/wp-content\/uploads\/sites\/34\/2019\/11\/heja-fc7.png\" title=\"\" alt=\"\" loading=\"lazy\" \/>\t\t\t\t\t\t\t\t\t\t\t\t\t\t\t<\/div>\n\t\t\t\t\t<\/div>\n\t\t\t\t<\/div>\n\t\t<div class=\"elementor-element elementor-element-80ada17 e-flex e-con-boxed e-con e-parent\" data-id=\"80ada17\" data-element_type=\"container\" data-e-type=\"container\">\n\t\t\t\t\t<div class=\"e-con-inner\">\n\t\t<div class=\"elementor-element elementor-element-ab280a4 e-con-full e-flex e-con e-child\" data-id=\"ab280a4\" data-element_type=\"container\" data-e-type=\"container\">\n\t\t\t\t<div class=\"elementor-element elementor-element-c3ed47d elementor-widget elementor-widget-text-editor\" data-id=\"c3ed47d\" data-element_type=\"widget\" data-e-type=\"widget\" data-widget_type=\"text-editor.default\">\n\t\t\t\t\t\t\t\t\t<h4 class=\"sppb-addon-title\">Recep\u00e7\u00e3o<\/h4><p class=\"sppb-addon-title\"><strong>Telefone:<\/strong> (62) 3326-1370<\/p><h4 class=\"sppb-addon-title\">Diretoria<\/h4><p><strong>Dire\u00e7\u00e3o Administrativa:<\/strong> Glaucia Siqueira<br \/>(62) 98524-6614 \/ <a href=\"mailto:glauciasiqueira@hmtjgo.org.br\">glauciasiqueira@hmtjgo.org.br<\/a><\/p><p><strong>Dire\u00e7\u00e3o T\u00e9cnica:<\/strong> Izidio Fel\u00edcio C\u00e2ndido Netto<br \/>(11) 98628-6069 \/ <a href=\"mailto:izidionetto@hmtjgo.org.br\">izidionetto@hmtjgo.org.br<\/a><\/p><p><strong>Ger\u00eancia Assistencial:<\/strong> Bruno Lucas dos Santos<br \/>(32) 8808-0071 \/ <a href=\"mailto:brunolucas@hmtjgo.org.br\">brunolucas@hmtjgo.org.br<\/a><\/p><p style=\"text-align: center;\"><a class=\"btn btn-primary btn-block\" href=\"https:\/\/fluig.hmtj.org.br:8443\/portal\/1\/Transparencia?codUnidade=27\" target=\"_blank\" rel=\"noopener\">Acesso \u00e0 Informa\u00e7\u00e3o da OS<\/a><\/p><h4>Localiza\u00e7\u00e3o<\/h4><p><a href=\"https:\/\/maps.app.goo.gl\/P3fSZQ5DAZMZYwzk6\" target=\"_blank\" rel=\"noopener\"><span class=\"section-info-text\"><span class=\"widget-pane-link\">Av. Dioni Gomes Pereira da Silva, 115 &#8211; Setor Aeroporto, Jaragu\u00e1 &#8211; GO, 76330-000<\/span><\/span><\/a><\/p>\t\t\t\t\t\t\t\t<\/div>\n\t\t\t\t<\/div>\n\t\t<div class=\"elementor-element elementor-element-e51a971 e-con-full e-flex e-con e-child\" data-id=\"e51a971\" data-element_type=\"container\" data-e-type=\"container\">\n\t\t\t\t<div class=\"elementor-element elementor-element-40a064c elementor-widget elementor-widget-text-editor\" data-id=\"40a064c\" data-element_type=\"widget\" data-e-type=\"widget\" data-widget_type=\"text-editor.default\">\n\t\t\t\t\t\t\t\t\t<p>\u00a0<\/p><p style=\"text-align: justify;\">O Hospital Estadual de Jaragu\u00e1 Dr. Sandino de Amorim (Heja) foi fundado em 1990. Atualmente, a unidade funciona 24 horas e realiza atendimentos de baixa e m\u00e9dia complexidade. S\u00e3o 55 leitos dispon\u00edveis para a popula\u00e7\u00e3o, sendo 5 de observa\u00e7\u00e3o, 39 leitos de interna\u00e7\u00e3o 10 leitos de observa\u00e7\u00e3o, 02 salas de cirurgia, 01 sala de parto e 03 de recupera\u00e7\u00e3o p\u00f3s anest\u00e9sica. Todos equipados com instrumentos de suporte a vida, como ventiladores mec\u00e2nicos e monitores multiparam\u00e9tricos.<\/p><p style=\"text-align: justify;\">Al\u00e9m de Jaragu\u00e1, o Heja tamb\u00e9m atende a popula\u00e7\u00e3o de outros sete munic\u00edpios da regi\u00e3o. S\u00e3o vindos de cidades como Miril\u00e2ndia, Artul\u00e2ndia, Alvel\u00e2ndia, Santa B\u00e1rbara, Chapeul\u00e2ndia, Palestina e S\u00e3o Geraldo, corresponde prioritariamente \u00e0 macrorregi\u00e3o Centro Norte e demais macrorregi\u00f5es. Atendendo os munic\u00edpios da regi\u00e3o de sa\u00fade S\u00e3o Patr\u00edcio II (Itaguaru, Jaragu\u00e1, Goian\u00e9sia, Santa Rita do Novo Destino, Barro Alto, Vila Prop\u00edcio, Mimoso de Goi\u00e1s e Padre Bernardo), com popula\u00e7\u00e3o estimada em 170.829 habitantes.<\/p><p style=\"text-align: center;\"><a class=\"btn btn-primary btn-block\" href=\"https:\/\/hmtj.org.br\/unidades-hospital-estadual-de-jaragua\/\" target=\"_blank\" rel=\"noopener\">Saiba mais sobre o Heja<\/a><\/p>\t\t\t\t\t\t\t\t<\/div>\n\t\t\t\t<\/div>\n\t\t\t\t\t<\/div>\n\t\t\t\t<\/div>\n\t\t<div class=\"elementor-element elementor-element-6eafb79 e-flex e-con-boxed e-con e-parent\" data-id=\"6eafb79\" data-element_type=\"container\" data-e-type=\"container\">\n\t\t\t\t\t<div class=\"e-con-inner\">\n\t\t\t\t<div class=\"elementor-element elementor-element-f6bd2af elementor-widget elementor-widget-heading\" data-id=\"f6bd2af\" data-element_type=\"widget\" data-e-type=\"widget\" data-widget_type=\"heading.default\">\n\t\t\t\t\t<h2 class=\"elementor-heading-title elementor-size-default\">INFORMA\u00c7\u00d5ES<\/h2>\t\t\t\t<\/div>\n\t\t\t\t<div class=\"elementor-element elementor-element-0f70bb2 elementor-widget elementor-widget-n-accordion\" data-id=\"0f70bb2\" data-element_type=\"widget\" data-e-type=\"widget\" data-settings=\"{&quot;default_state&quot;:&quot;all_collapsed&quot;,&quot;max_items_expended&quot;:&quot;one&quot;,&quot;n_accordion_animation_duration&quot;:{&quot;unit&quot;:&quot;ms&quot;,&quot;size&quot;:400,&quot;sizes&quot;:[]}}\" data-widget_type=\"nested-accordion.default\">\n\t\t\t\t\t\t\t<div class=\"e-n-accordion\" aria-label=\"Accordion. Open links with Enter or Space, close with Escape, and navigate with Arrow Keys\">\n\t\t\t\t\t\t<details id=\"e-n-accordion-item-1610\" class=\"e-n-accordion-item\" >\n\t\t\t\t<summary class=\"e-n-accordion-item-title\" data-accordion-index=\"1\" tabindex=\"0\" aria-expanded=\"false\" aria-controls=\"e-n-accordion-item-1610\" >\n\t\t\t\t\t<span class='e-n-accordion-item-title-header'><div class=\"e-n-accordion-item-title-text\"> Informa\u00e7\u00f5es para Familiares e Amigos de Pacientes <\/div><\/span>\n\t\t\t\t\t\t\t<span class='e-n-accordion-item-title-icon'>\n\t\t\t<span class='e-opened' ><svg aria-hidden=\"true\" class=\"e-font-icon-svg e-fas-angle-down\" viewBox=\"0 0 320 512\" xmlns=\"http:\/\/www.w3.org\/2000\/svg\"><path d=\"M143 352.3L7 216.3c-9.4-9.4-9.4-24.6 0-33.9l22.6-22.6c9.4-9.4 24.6-9.4 33.9 0l96.4 96.4 96.4-96.4c9.4-9.4 24.6-9.4 33.9 0l22.6 22.6c9.4 9.4 9.4 24.6 0 33.9l-136 136c-9.2 9.4-24.4 9.4-33.8 0z\"><\/path><\/svg><\/span>\n\t\t\t<span class='e-closed'><svg aria-hidden=\"true\" class=\"e-font-icon-svg e-fas-angle-right\" viewBox=\"0 0 256 512\" xmlns=\"http:\/\/www.w3.org\/2000\/svg\"><path d=\"M224.3 273l-136 136c-9.4 9.4-24.6 9.4-33.9 0l-22.6-22.6c-9.4-9.4-9.4-24.6 0-33.9l96.4-96.4-96.4-96.4c-9.4-9.4-9.4-24.6 0-33.9L54.3 103c9.4-9.4 24.6-9.4 33.9 0l136 136c9.5 9.4 9.5 24.6.1 34z\"><\/path><\/svg><\/span>\n\t\t<\/span>\n\n\t\t\t\t\t\t<\/summary>\n\t\t\t\t<div role=\"region\" aria-labelledby=\"e-n-accordion-item-1610\" class=\"elementor-element elementor-element-c12c267 e-con-full e-flex e-con e-child\" data-id=\"c12c267\" data-element_type=\"container\" data-e-type=\"container\">\n\t\t\t\t<div class=\"elementor-element elementor-element-36384ff elementor-widget elementor-widget-text-editor\" data-id=\"36384ff\" data-element_type=\"widget\" data-e-type=\"widget\" data-widget_type=\"text-editor.default\">\n\t\t\t\t\t\t\t\t\t<p>Na recep\u00e7\u00e3o de nossa unidade contamos com o servi\u00e7o de \u201cPosso-Ajudar?\u201d que \u00e9 um profissional devidamente capacitado que acolhe os usu\u00e1rios e direciona aos setores conforme fluxos estabelecidos.<\/p><p>Para suporte aos familiares dos pacientes internados, disponibilizamos informativos di\u00e1rios atrav\u00e9s do boletim m\u00e9dico, realiza\u00e7\u00e3o de liga\u00e7\u00f5es e chamadas de v\u00eddeos via WhatsApp.<\/p><p>Al\u00e9m disso, dispomos do servi\u00e7o de psicologia, servi\u00e7o social, coordena\u00e7\u00f5es de enfermarias, UTI, ger\u00eancia de enfermagem e equipe m\u00e9dica, para comunica\u00e7\u00f5es e atendimentos aos pacientes e familiares sempre que necess\u00e1rio.<\/p><p><strong>Telefone:<\/strong> (62) 3326-1370<\/p>\t\t\t\t\t\t\t\t<\/div>\n\t\t\t\t<\/div>\n\t\t\t\t\t<\/details>\n\t\t\t\t\t\t<details id=\"e-n-accordion-item-1611\" class=\"e-n-accordion-item\" >\n\t\t\t\t<summary class=\"e-n-accordion-item-title\" data-accordion-index=\"2\" tabindex=\"-1\" aria-expanded=\"false\" aria-controls=\"e-n-accordion-item-1611\" >\n\t\t\t\t\t<span class='e-n-accordion-item-title-header'><div class=\"e-n-accordion-item-title-text\"> Leitos <\/div><\/span>\n\t\t\t\t\t\t\t<span class='e-n-accordion-item-title-icon'>\n\t\t\t<span class='e-opened' ><svg aria-hidden=\"true\" class=\"e-font-icon-svg e-fas-angle-down\" viewBox=\"0 0 320 512\" xmlns=\"http:\/\/www.w3.org\/2000\/svg\"><path d=\"M143 352.3L7 216.3c-9.4-9.4-9.4-24.6 0-33.9l22.6-22.6c9.4-9.4 24.6-9.4 33.9 0l96.4 96.4 96.4-96.4c9.4-9.4 24.6-9.4 33.9 0l22.6 22.6c9.4 9.4 9.4 24.6 0 33.9l-136 136c-9.2 9.4-24.4 9.4-33.8 0z\"><\/path><\/svg><\/span>\n\t\t\t<span class='e-closed'><svg aria-hidden=\"true\" class=\"e-font-icon-svg e-fas-angle-right\" viewBox=\"0 0 256 512\" xmlns=\"http:\/\/www.w3.org\/2000\/svg\"><path d=\"M224.3 273l-136 136c-9.4 9.4-24.6 9.4-33.9 0l-22.6-22.6c-9.4-9.4-9.4-24.6 0-33.9l96.4-96.4-96.4-96.4c-9.4-9.4-9.4-24.6 0-33.9L54.3 103c9.4-9.4 24.6-9.4 33.9 0l136 136c9.5 9.4 9.5 24.6.1 34z\"><\/path><\/svg><\/span>\n\t\t<\/span>\n\n\t\t\t\t\t\t<\/summary>\n\t\t\t\t<div role=\"region\" aria-labelledby=\"e-n-accordion-item-1611\" class=\"elementor-element elementor-element-a0ce64a e-con-full e-flex e-con e-child\" data-id=\"a0ce64a\" data-element_type=\"container\" data-e-type=\"container\">\n\t\t\t\t<div class=\"elementor-element elementor-element-d991ac9 elementor-widget elementor-widget-text-editor\" data-id=\"d991ac9\" data-element_type=\"widget\" data-e-type=\"widget\" data-widget_type=\"text-editor.default\">\n\t\t\t\t\t\t\t\t\t<p>39 leitos (10 UTI adulto; 02 enfermaria pedi\u00e1trica e 27 enfermaria adulto)<\/p>\t\t\t\t\t\t\t\t<\/div>\n\t\t\t\t<\/div>\n\t\t\t\t\t<\/details>\n\t\t\t\t\t\t<details id=\"e-n-accordion-item-1612\" class=\"e-n-accordion-item\" >\n\t\t\t\t<summary class=\"e-n-accordion-item-title\" data-accordion-index=\"3\" tabindex=\"-1\" aria-expanded=\"false\" aria-controls=\"e-n-accordion-item-1612\" >\n\t\t\t\t\t<span class='e-n-accordion-item-title-header'><div class=\"e-n-accordion-item-title-text\"> Exames e Especialidades M\u00e9dicas <\/div><\/span>\n\t\t\t\t\t\t\t<span class='e-n-accordion-item-title-icon'>\n\t\t\t<span class='e-opened' ><svg aria-hidden=\"true\" class=\"e-font-icon-svg e-fas-angle-down\" viewBox=\"0 0 320 512\" xmlns=\"http:\/\/www.w3.org\/2000\/svg\"><path d=\"M143 352.3L7 216.3c-9.4-9.4-9.4-24.6 0-33.9l22.6-22.6c9.4-9.4 24.6-9.4 33.9 0l96.4 96.4 96.4-96.4c9.4-9.4 24.6-9.4 33.9 0l22.6 22.6c9.4 9.4 9.4 24.6 0 33.9l-136 136c-9.2 9.4-24.4 9.4-33.8 0z\"><\/path><\/svg><\/span>\n\t\t\t<span class='e-closed'><svg aria-hidden=\"true\" class=\"e-font-icon-svg e-fas-angle-right\" viewBox=\"0 0 256 512\" xmlns=\"http:\/\/www.w3.org\/2000\/svg\"><path d=\"M224.3 273l-136 136c-9.4 9.4-24.6 9.4-33.9 0l-22.6-22.6c-9.4-9.4-9.4-24.6 0-33.9l96.4-96.4-96.4-96.4c-9.4-9.4-9.4-24.6 0-33.9L54.3 103c9.4-9.4 24.6-9.4 33.9 0l136 136c9.5 9.4 9.5 24.6.1 34z\"><\/path><\/svg><\/span>\n\t\t<\/span>\n\n\t\t\t\t\t\t<\/summary>\n\t\t\t\t<div role=\"region\" aria-labelledby=\"e-n-accordion-item-1612\" class=\"elementor-element elementor-element-e5ac913 e-con-full e-flex e-con e-child\" data-id=\"e5ac913\" data-element_type=\"container\" data-e-type=\"container\">\n\t\t\t\t<div class=\"elementor-element elementor-element-7465789 elementor-widget elementor-widget-text-editor\" data-id=\"7465789\" data-element_type=\"widget\" data-e-type=\"widget\" data-widget_type=\"text-editor.default\">\n\t\t\t\t\t\t\t\t\t<p><strong>Exames<\/strong>: Eletrocardiograma, tomografia, ultrassonografia e radiografia e exames de laborat\u00f3rio.<\/p><p><strong>Especialidades<\/strong>\u00a0<strong>M\u00e9dicas<\/strong>: Cl\u00ednica Geral, Ginecologia e Obstetr\u00edcia, Ortopedia e Traumatologia, Cirurgia Geral, Otorrinolaringologista, Urologia, Pediatria e Cardiologia.<\/p>\t\t\t\t\t\t\t\t<\/div>\n\t\t\t\t<\/div>\n\t\t\t\t\t<\/details>\n\t\t\t\t\t\t<details id=\"e-n-accordion-item-1613\" class=\"e-n-accordion-item\" >\n\t\t\t\t<summary class=\"e-n-accordion-item-title\" data-accordion-index=\"4\" tabindex=\"-1\" aria-expanded=\"false\" aria-controls=\"e-n-accordion-item-1613\" >\n\t\t\t\t\t<span class='e-n-accordion-item-title-header'><div class=\"e-n-accordion-item-title-text\"> Recursos Humanos <\/div><\/span>\n\t\t\t\t\t\t\t<span class='e-n-accordion-item-title-icon'>\n\t\t\t<span class='e-opened' ><svg aria-hidden=\"true\" class=\"e-font-icon-svg e-fas-angle-down\" viewBox=\"0 0 320 512\" xmlns=\"http:\/\/www.w3.org\/2000\/svg\"><path d=\"M143 352.3L7 216.3c-9.4-9.4-9.4-24.6 0-33.9l22.6-22.6c9.4-9.4 24.6-9.4 33.9 0l96.4 96.4 96.4-96.4c9.4-9.4 24.6-9.4 33.9 0l22.6 22.6c9.4 9.4 9.4 24.6 0 33.9l-136 136c-9.2 9.4-24.4 9.4-33.8 0z\"><\/path><\/svg><\/span>\n\t\t\t<span class='e-closed'><svg aria-hidden=\"true\" class=\"e-font-icon-svg e-fas-angle-right\" viewBox=\"0 0 256 512\" xmlns=\"http:\/\/www.w3.org\/2000\/svg\"><path d=\"M224.3 273l-136 136c-9.4 9.4-24.6 9.4-33.9 0l-22.6-22.6c-9.4-9.4-9.4-24.6 0-33.9l96.4-96.4-96.4-96.4c-9.4-9.4-9.4-24.6 0-33.9L54.3 103c9.4-9.4 24.6-9.4 33.9 0l136 136c9.5 9.4 9.5 24.6.1 34z\"><\/path><\/svg><\/span>\n\t\t<\/span>\n\n\t\t\t\t\t\t<\/summary>\n\t\t\t\t<div role=\"region\" aria-labelledby=\"e-n-accordion-item-1613\" class=\"elementor-element elementor-element-e3cc64e e-con-full e-flex e-con e-child\" data-id=\"e3cc64e\" data-element_type=\"container\" data-e-type=\"container\">\n\t\t\t\t<div class=\"elementor-element elementor-element-5b9ea39 elementor-widget elementor-widget-text-editor\" data-id=\"5b9ea39\" data-element_type=\"widget\" data-e-type=\"widget\" data-widget_type=\"text-editor.default\">\n\t\t\t\t\t\t\t\t\t<p>207 colaboradores<\/p>\t\t\t\t\t\t\t\t<\/div>\n\t\t\t\t<\/div>\n\t\t\t\t\t<\/details>\n\t\t\t\t\t\t<details id=\"e-n-accordion-item-1614\" class=\"e-n-accordion-item\" >\n\t\t\t\t<summary class=\"e-n-accordion-item-title\" data-accordion-index=\"5\" tabindex=\"-1\" aria-expanded=\"false\" aria-controls=\"e-n-accordion-item-1614\" >\n\t\t\t\t\t<span class='e-n-accordion-item-title-header'><div class=\"e-n-accordion-item-title-text\"> Projetos e Programas <\/div><\/span>\n\t\t\t\t\t\t\t<span class='e-n-accordion-item-title-icon'>\n\t\t\t<span class='e-opened' ><svg aria-hidden=\"true\" class=\"e-font-icon-svg e-fas-angle-down\" viewBox=\"0 0 320 512\" xmlns=\"http:\/\/www.w3.org\/2000\/svg\"><path d=\"M143 352.3L7 216.3c-9.4-9.4-9.4-24.6 0-33.9l22.6-22.6c9.4-9.4 24.6-9.4 33.9 0l96.4 96.4 96.4-96.4c9.4-9.4 24.6-9.4 33.9 0l22.6 22.6c9.4 9.4 9.4 24.6 0 33.9l-136 136c-9.2 9.4-24.4 9.4-33.8 0z\"><\/path><\/svg><\/span>\n\t\t\t<span class='e-closed'><svg aria-hidden=\"true\" class=\"e-font-icon-svg e-fas-angle-right\" viewBox=\"0 0 256 512\" xmlns=\"http:\/\/www.w3.org\/2000\/svg\"><path d=\"M224.3 273l-136 136c-9.4 9.4-24.6 9.4-33.9 0l-22.6-22.6c-9.4-9.4-9.4-24.6 0-33.9l96.4-96.4-96.4-96.4c-9.4-9.4-9.4-24.6 0-33.9L54.3 103c9.4-9.4 24.6-9.4 33.9 0l136 136c9.5 9.4 9.5 24.6.1 34z\"><\/path><\/svg><\/span>\n\t\t<\/span>\n\n\t\t\t\t\t\t<\/summary>\n\t\t\t\t<div role=\"region\" aria-labelledby=\"e-n-accordion-item-1614\" class=\"elementor-element elementor-element-83f22e7 e-con-full e-flex e-con e-child\" data-id=\"83f22e7\" data-element_type=\"container\" data-e-type=\"container\">\n\t\t\t\t<div class=\"elementor-element elementor-element-6d969b6 elementor-widget elementor-widget-text-editor\" data-id=\"6d969b6\" data-element_type=\"widget\" data-e-type=\"widget\" data-widget_type=\"text-editor.default\">\n\t\t\t\t\t\t\t\t\t<p><b>Humaniza\u00e7\u00e3o<\/b><\/p><ul><li>Coordenar o processo de humaniza\u00e7\u00e3o;<\/li><li>Realizar visita aos colaboradores afastados;<\/li><li>Avaliar e propor projetos, de acordo com as normativas e pr\u00e1ticas;<\/li><li>Apoiar e divulgar as iniciativas e propostas de melhorias da \u00e1rea de humaniza\u00e7\u00e3o;<\/li><li>Coordenar o programa de voluntariado da Unidade;<\/li><li>Participar efetivamente do Grupo de Trabalho de Humaniza\u00e7\u00e3o;<\/li><li>Realizar oficinas de treinamento, levantamentos das potencialidades e defici\u00eancias relativas \u00e0 \u00a0humaniza\u00e7\u00e3o.<\/li><\/ul><p><strong>Est\u00e1gios<\/strong><\/p><p>A unidade recebe alunos do curso de medicina da Universidade de Rio Verde (UniRV), para est\u00e1gios, de acordo com o conv\u00eanio firmado entre a Escola de Sa\u00fade Estadual e a universidade.<\/p>\t\t\t\t\t\t\t\t<\/div>\n\t\t\t\t<\/div>\n\t\t\t\t\t<\/details>\n\t\t\t\t\t\t<details id=\"e-n-accordion-item-1615\" class=\"e-n-accordion-item\" >\n\t\t\t\t<summary class=\"e-n-accordion-item-title\" data-accordion-index=\"6\" tabindex=\"-1\" aria-expanded=\"false\" aria-controls=\"e-n-accordion-item-1615\" >\n\t\t\t\t\t<span class='e-n-accordion-item-title-header'><div class=\"e-n-accordion-item-title-text\"> Ouvidoria <\/div><\/span>\n\t\t\t\t\t\t\t<span class='e-n-accordion-item-title-icon'>\n\t\t\t<span class='e-opened' ><svg aria-hidden=\"true\" class=\"e-font-icon-svg e-fas-angle-down\" viewBox=\"0 0 320 512\" xmlns=\"http:\/\/www.w3.org\/2000\/svg\"><path d=\"M143 352.3L7 216.3c-9.4-9.4-9.4-24.6 0-33.9l22.6-22.6c9.4-9.4 24.6-9.4 33.9 0l96.4 96.4 96.4-96.4c9.4-9.4 24.6-9.4 33.9 0l22.6 22.6c9.4 9.4 9.4 24.6 0 33.9l-136 136c-9.2 9.4-24.4 9.4-33.8 0z\"><\/path><\/svg><\/span>\n\t\t\t<span class='e-closed'><svg aria-hidden=\"true\" class=\"e-font-icon-svg e-fas-angle-right\" viewBox=\"0 0 256 512\" xmlns=\"http:\/\/www.w3.org\/2000\/svg\"><path d=\"M224.3 273l-136 136c-9.4 9.4-24.6 9.4-33.9 0l-22.6-22.6c-9.4-9.4-9.4-24.6 0-33.9l96.4-96.4-96.4-96.4c-9.4-9.4-9.4-24.6 0-33.9L54.3 103c9.4-9.4 24.6-9.4 33.9 0l136 136c9.5 9.4 9.5 24.6.1 34z\"><\/path><\/svg><\/span>\n\t\t<\/span>\n\n\t\t\t\t\t\t<\/summary>\n\t\t\t\t<div role=\"region\" aria-labelledby=\"e-n-accordion-item-1615\" class=\"elementor-element elementor-element-274bd39 e-con-full e-flex e-con e-child\" data-id=\"274bd39\" data-element_type=\"container\" data-e-type=\"container\">\n\t\t\t\t<div class=\"elementor-element elementor-element-ff9edb6 elementor-widget elementor-widget-text-editor\" data-id=\"ff9edb6\" data-element_type=\"widget\" data-e-type=\"widget\" data-widget_type=\"text-editor.default\">\n\t\t\t\t\t\t\t\t\t<p>As atribui\u00e7\u00f5es da Ouvidoria incluem:<\/p><ul><li>Gerenciar demandas recebidas direcionando-as aos setores respons\u00e1veis, cobrar respostas nos prazos estabelecidos e responder ao usu\u00e1rio sobre seu questionamento;<\/li><li>Garantir e ampliar o acesso do cidad\u00e3o na busca efetiva de seus direitos, atuando enquanto ferramenta de gest\u00e3o e instrumento de fortalecimento do controle social;<\/li><li>Receber demandas, tanto pessoalmente, como por e-mail, telefone, formul\u00e1rios;<\/li><li>Monitorar a satisfa\u00e7\u00e3o do cliente externo para obter resultados positivos e\/ou negativos frente a percep\u00e7\u00e3o destes ao atendimento recebido nos setores da unidade;<\/li><li>Analisar as manifesta\u00e7\u00f5es, formalizar e transformar em demandas no sistema ouvidorSUS, relatando e encaminhando-as, posteriormente, ao setor correspondente;<\/li><li>Assegurar aos usu\u00e1rios resposta sobre as suas manifesta\u00e7\u00f5es;<\/li><li>Articular com as \u00e1reas administrativas e t\u00e9cnicas com vistas a garantir a instru\u00e7\u00e3o correta, objetiva e \u00e1gil das demandas apresentadas pelos usu\u00e1rios, bem como sua conclus\u00e3o dentro do prazo estabelecido, para resposta;<\/li><li>Realizar pesquisa de satisfa\u00e7\u00e3o, busca ativa e consequentemente orientar os pacientes e acompanhantes sobre a import\u00e2ncia da avalia\u00e7\u00e3o dos servi\u00e7os prestados;<\/li><li>Manter objetividade, imparcialidade e acolhimento humanizado, nos tratamentos das manifesta\u00e7\u00f5es de seus usu\u00e1rios;<\/li><li>Encaminhar \u00e0 diretoria os elogios anexados a carta para assinatura;<\/li><li>Entregar ao coordenador do setor\/colaborador elogiado para divulga\u00e7\u00e3o;<\/li><li>Tabular as demandas abertas na Ouvidoria, com vistas a gerar indicadores qualitativos e quantitativos;<\/li><li>Retornar ao reclamante com posicionamento da sua demanda<\/li><li>Compila\u00e7\u00e3o das demandas registradas, respondidas e encaminhadas com relat\u00f3rio para o setor da qualidade e diretoria;<\/li><li>Preenchimento da planilha de custos;<\/li><li>Apresentar os resultados de an\u00e1lise cr\u00edtica aos coordenadores e diretorias;<\/li><li>Participar de reuni\u00f5es;<\/li><li>Participar dos cursos de educa\u00e7\u00e3o continuada.<\/li><\/ul><p><strong>E-mail:<\/strong> <a href=\"mailto:ouvidoria.f27@hmtj.org.br\">ouvidoria.f27@hmtj.org.br<\/a><\/p><p><strong>Ouvidor:<\/strong> Higor Rodrigues de Faria<\/p>\t\t\t\t\t\t\t\t<\/div>\n\t\t\t\t<\/div>\n\t\t\t\t\t<\/details>\n\t\t\t\t\t<\/div>\n\t\t\t\t\t\t<\/div>\n\t\t\t\t\t<\/div>\n\t\t\t\t<\/div>\n\t\t\t\t<\/div>\n\t\t","protected":false},"excerpt":{"rendered":"<p>Recep\u00e7\u00e3o Telefone: (62) 3326-1370 Diretoria Dire\u00e7\u00e3o Administrativa: Glaucia Siqueira(62) 98524-6614 \/ glauciasiqueira@hmtjgo.org.br Dire\u00e7\u00e3o T\u00e9cnica: Izidio Fel\u00edcio C\u00e2ndido Netto(11) 98628-6069 \/ izidionetto@hmtjgo.org.br Ger\u00eancia Assistencial: Bruno Lucas dos Santos(32) 8808-0071 \/ brunolucas@hmtjgo.org.br Acesso \u00e0 Informa\u00e7\u00e3o da OS Localiza\u00e7\u00e3o Av. Dioni Gomes Pereira da Silva, 115 &#8211; Setor Aeroporto, Jaragu\u00e1 &#8211; GO, 76330-000 \u00a0 O Hospital Estadual de [&hellip;]<\/p>\n","protected":false},"author":7,"featured_media":0,"parent":0,"menu_order":0,"comment_status":"closed","ping_status":"closed","template":"","meta":{"footnotes":""},"class_list":["post-37835","page","type-page","status-publish","hentry"],"rttpg_featured_image_url":null,"rttpg_author":{"display_name":"gustavogoncalves","author_link":"https:\/\/goias.gov.br\/saude\/author\/gustavogoncalves\/"},"rttpg_comment":0,"rttpg_category":null,"rttpg_excerpt":"Recep\u00e7\u00e3o Telefone: (62) 3326-1370 Diretoria Dire\u00e7\u00e3o Administrativa: Glaucia Siqueira(62) 98524-6614 \/ glauciasiqueira@hmtjgo.org.br Dire\u00e7\u00e3o T\u00e9cnica: Izidio Fel\u00edcio C\u00e2ndido Netto(11) 98628-6069 \/ izidionetto@hmtjgo.org.br Ger\u00eancia Assistencial: Bruno Lucas dos Santos(32) 8808-0071 \/ brunolucas@hmtjgo.org.br Acesso \u00e0 Informa\u00e7\u00e3o da OS Localiza\u00e7\u00e3o Av. Dioni Gomes Pereira da Silva, 115 &#8211; Setor Aeroporto, Jaragu\u00e1 &#8211; GO, 76330-000 \u00a0 O Hospital Estadual de&hellip;","_links":{"self":[{"href":"https:\/\/goias.gov.br\/saude\/wp-json\/wp\/v2\/pages\/37835","targetHints":{"allow":["GET"]}}],"collection":[{"href":"https:\/\/goias.gov.br\/saude\/wp-json\/wp\/v2\/pages"}],"about":[{"href":"https:\/\/goias.gov.br\/saude\/wp-json\/wp\/v2\/types\/page"}],"author":[{"embeddable":true,"href":"https:\/\/goias.gov.br\/saude\/wp-json\/wp\/v2\/users\/7"}],"replies":[{"embeddable":true,"href":"https:\/\/goias.gov.br\/saude\/wp-json\/wp\/v2\/comments?post=37835"}],"version-history":[{"count":3,"href":"https:\/\/goias.gov.br\/saude\/wp-json\/wp\/v2\/pages\/37835\/revisions"}],"predecessor-version":[{"id":628372,"href":"https:\/\/goias.gov.br\/saude\/wp-json\/wp\/v2\/pages\/37835\/revisions\/628372"}],"wp:attachment":[{"href":"https:\/\/goias.gov.br\/saude\/wp-json\/wp\/v2\/media?parent=37835"}],"curies":[{"name":"wp","href":"https:\/\/api.w.org\/{rel}","templated":true}]}}