

{"id":37739,"date":"2023-12-01T15:19:18","date_gmt":"2023-12-01T18:19:18","guid":{"rendered":"https:\/\/siteshom.goias.gov.br\/saude\/?page_id=37739"},"modified":"2025-12-02T16:15:40","modified_gmt":"2025-12-02T19:15:40","slug":"vigilancia-em-saude","status":"publish","type":"page","link":"https:\/\/goias.gov.br\/saude\/vigilancia-em-saude\/","title":{"rendered":"Vigil\u00e2ncia em Sa\u00fade"},"content":{"rendered":"\t\t<div data-elementor-type=\"wp-page\" data-elementor-id=\"37739\" class=\"elementor elementor-37739\">\n\t\t\t\t<div class=\"elementor-element elementor-element-65bc710 e-flex e-con-boxed e-con e-parent\" data-id=\"65bc710\" data-element_type=\"container\" data-e-type=\"container\">\n\t\t\t\t\t<div class=\"e-con-inner\">\n\t\t<div class=\"elementor-element elementor-element-304a22a e-con-full e-flex e-con e-child\" data-id=\"304a22a\" data-element_type=\"container\" data-e-type=\"container\">\n\t\t\t\t<div class=\"elementor-element elementor-element-bfcb7bd elementor-widget elementor-widget-text-editor\" data-id=\"bfcb7bd\" data-element_type=\"widget\" data-e-type=\"widget\" data-widget_type=\"text-editor.default\">\n\t\t\t\t\t\t\t\t\t<h3 class=\"sppb-addon-title\">Subsecret\u00e1ria<\/h3><div class=\"sppb-addon-content\"><p><strong><span class=\"st\">Fl\u00favia Pereira Amorim da Silva<br \/><\/span><\/strong>(62) 3201-3933<br \/><a href=\"mailto:fluvia.silva@goias.gov.br\">fluvia.silva@goias.gov.br<\/a><\/p><p><a class=\"btn btn-primary btn-block\" href=\"https:\/\/goias.gov.br\/saude\/wp-content\/uploads\/sites\/34\/vigilancia-em-saude\/contatos-suvisa.pdf\" target=\"_blank\" rel=\"noopener\">Lista de contatos Suvisa<\/a><\/p><\/div><p><strong>Localiza\u00e7\u00e3o:<\/strong><br \/><a href=\"https:\/\/maps.app.goo.gl\/GebDdx7EHpgjhTLNA\">Av. 136, S\/N, Edif\u00edcio C\u00e9sar Sebba, Qd. F-44, Lts. 22 e 24 &#8211; Setor Sul<br \/>Goi\u00e2nia-GO<br \/>CEP: 74093-250<\/a><\/p>\t\t\t\t\t\t\t\t<\/div>\n\t\t\t\t<\/div>\n\t\t<div class=\"elementor-element elementor-element-819c041 e-con-full e-flex e-con e-child\" data-id=\"819c041\" data-element_type=\"container\" data-e-type=\"container\">\n\t\t\t\t<div class=\"elementor-element elementor-element-6db548a elementor-widget elementor-widget-text-editor\" data-id=\"6db548a\" data-element_type=\"widget\" data-e-type=\"widget\" data-widget_type=\"text-editor.default\">\n\t\t\t\t\t\t\t\t\t<p style=\"text-align: justify;\">A Subsecretaria de Vigil\u00e2ncia em Sa\u00fade (Suvisa) comp\u00f5e a estrutura da Secretaria de Estado da Sa\u00fade e realiza a coordena\u00e7\u00e3o das atividades de vigil\u00e2ncia em sa\u00fade em todo estado. Tem por finalidade promover a integra\u00e7\u00e3o e coordena\u00e7\u00e3o baseada na Pol\u00edtica Nacional de Vigil\u00e2ncia em Sa\u00fade de forma regionalizada por meio da gest\u00e3o estrat\u00e9gica das a\u00e7\u00f5es correlatas \u00e0: imuniza\u00e7\u00e3o, vigil\u00e2ncia epidemiol\u00f3gica de doen\u00e7as transmiss\u00edveis e de agravos, doen\u00e7as n\u00e3o transmiss\u00edveis e eventos de sa\u00fade p\u00fablica, vigil\u00e2ncia laboratorial, sanit\u00e1ria, sa\u00fade ambiental e de sa\u00fade do trabalhador.<\/p><p style=\"text-align: justify;\">\u00c9 por meio de suas superintend\u00eancias e ger\u00eancias espec\u00edficas que s\u00e3o realizadas as atividades desde o planejamento, coordena\u00e7\u00e3o e suas respectivas a\u00e7\u00f5es. Trabalhando de modo integrado, as superintend\u00eancias e ger\u00eancias v\u00e3o em busca dos resultados esperados, tanto pelas peculiaridades da vigil\u00e2ncia epidemiol\u00f3gica, como de imuniza\u00e7\u00e3o, vigil\u00e2ncia sanit\u00e1ria de produtos, de servi\u00e7os de sa\u00fade ambiental e tamb\u00e9m do trabalhador, assim como do laborat\u00f3rio Estadual de Sa\u00fade P\u00fablica (Lacen).<\/p>\t\t\t\t\t\t\t\t<\/div>\n\t\t\t\t<\/div>\n\t\t\t\t\t<\/div>\n\t\t\t\t<\/div>\n\t\t<div class=\"elementor-element elementor-element-a517760 e-flex e-con-boxed e-con e-parent\" data-id=\"a517760\" data-element_type=\"container\" data-e-type=\"container\">\n\t\t\t\t\t<div class=\"e-con-inner\">\n\t\t\t\t<div class=\"elementor-element elementor-element-1f5678e elementor-widget elementor-widget-html\" data-id=\"1f5678e\" data-element_type=\"widget\" data-e-type=\"widget\" data-widget_type=\"html.default\">\n\t\t\t\t\t<!DOCTYPE html>\r\n<html lang=\"pt-br\" dir=\"ltr\">\r\n<head>\r\n  <meta http-equiv=\"Content-Type\" content=\"text\/html; charset=UTF-8\" \/>\r\n  <style>\r\n    \/* Estilos para desktop *\/\r\n    .container {\r\n      padding: 20px;\r\n    }\r\n\r\n    .section {\r\n      margin-bottom: 40px;\r\n    }\r\n\r\n    .title {\r\n      text-align: center;\r\n      margin: 0 0 24px;\r\n      color: #0c326f;\r\n      font-weight: 600;\r\n      font-size: 2.7rem;\r\n      line-height: 1.5;\r\n    }\r\n\r\n    .cards {\r\n      display: flex;\r\n      justify-content: space-evenly;\r\n      flex-wrap: wrap;\r\n      margin: 0;\r\n      padding: 0;\r\n      list-style: none;\r\n    }\r\n\r\n    .cards li {\r\n      background-color: #ededed;\r\n      box-shadow: 0 3px 6px 0 rgba(0, 0, 0, 0.16);\r\n      text-align: center;\r\n      flex-basis: 23%;\r\n      box-sizing: border-box;\r\n      min-height: 230px;\r\n      margin-bottom: 1.2em;\r\n      line-height: 1.5em;\r\n      display: list-item;\r\n    }\r\n\r\n    .cards li a {\r\n      display: flex;\r\n      justify-content: center;\r\n      align-items: center;\r\n      flex-direction: column;\r\n      width: 100%;\r\n      height: 100%;\r\n      color: #1351b4;\r\n      font-weight: 500;\r\n      text-decoration: none;\r\n    }\r\n\r\n    .cards li i,\r\n    .cards li span {\r\n      font-size: 50px;\r\n      margin-bottom: 30px;\r\n      color: #0c326f;\r\n      width: auto;\r\n      font-weight: 900;\r\n    }\r\n\r\n    .cards li .title {\r\n      font-size: 20px;\r\n      color: #0c326f;\r\n      font-weight: 600;\r\n      margin: 0;\r\n      text-transform: uppercase;\r\n    }\r\n\r\n    \/* Estilos para telas menores *\/\r\n    @media screen and (max-width: 768px) {\r\n      .cards {\r\n        gap: 20px; \/* Espa\u00e7amento entre os cards *\/\r\n        margin-top: 20px; margin-bottom: 20px;\/* Margem superior para os cards *\/\r\n      }\r\n      .cards li {\r\n        flex-basis: calc(50% - 20px); \/* Tamanho dos cards com espa\u00e7amento *\/\r\n      }\r\n    }\r\n\r\n    @media screen and (max-width: 480px) {\r\n      .cards {\r\n        gap: 15px; \/* Espa\u00e7amento menor entre os cards *\/\r\n        margin-top: 15px; margin-bottom: 20px; \/* Margem superior menor para os cards *\/\r\n      }\r\n      .cards li {\r\n        flex-basis: calc(100% - 30px); \/* Tamanho dos cards com espa\u00e7amento menor *\/\r\n      }\r\n    }\r\n  <\/style>\r\n\t<div class=\"container\">\r\n        <div class=\"suvisa\">\r\n            \r\n            <div class=\"title-header\">\r\n               \r\n            <\/div>\r\n            <ul class=\"cards\">\r\n                <li>\r\n                    <a href=\"https:\/\/extranet.saude.go.gov.br\/sinavisa-publico\/\">\r\n                        <span class=\"fa-solid fa-file\"><\/span>\r\n                        <div class=\"title\">Alvar\u00e1 Sanit\u00e1rio<\/div>\r\n                    <\/a>\r\n                <\/li>\r\n                <li>\r\n                    <a href=\"https:\/\/goias.gov.br\/saude\/imunizacao\/\">\r\n                        <span class=\"fa-solid fa-syringe\"><\/span>\r\n                        <div class=\"title\">Imuniza\u00e7\u00e3o<\/div>\r\n                    <\/a>\r\n                <\/li>\r\n                <li>\r\n                    <a href=\"https:\/\/goias.gov.br\/saude\/vigilancia-em-saude\/saude-do-trabalhador\/\">\r\n                        <span class=\"fa-solid fa-person-circle-check\"><\/span>\r\n                        <div class=\"title\">Vigil\u00e2ncia em Sa\u00fade do trabalhador<\/div>\r\n                    <\/a>\r\n                <\/li>\r\n                <li>\r\n                    <a href=\"https:\/\/goias.gov.br\/saude\/vigilancia-em-saude\/saude-ambiental\/\">\r\n                        <span class=\"fa-solid fa-seedling\"><\/span>\r\n                        <div class=\"title\">Vigil\u00e2ncia em Sa\u00fade Ambiental<\/div>\r\n                    <\/a>\r\n                <\/li>\r\n\r\n <li>\r\n                    <a href=\"https:\/\/goias.gov.br\/saude\/vigilancia-em-saude\/vigilancia-sanitaria\/\">\r\n                        <span class=\"fa-solid fa-hand-holding-medical\"><\/span>\r\n                        <div class=\"title\">Vigil\u00e2ncia Sanit\u00e1ria<\/div>\r\n                    <\/a>\r\n                <\/li>\r\n\r\n <li>\r\n                    <a href=\"https:\/\/goias.gov.br\/saude\/vigilancia-em-saude\/vigilancia-epidemiologica\/\">\r\n                        <span class=\"fa-solid fa-viruses\"><\/span>\r\n                        <div class=\"title\">Vigil\u00e2ncia Epidemiol\u00f3gica<\/div>\r\n                    <\/a>\r\n                <\/li>\r\n\r\n<li>\r\n                    <a href=\"https:\/\/goias.gov.br\/saude\/vigilancia-de-alimentacao-e-nutricao\/\">\r\n                        <span class=\"fa-solid fa-carrot\"><\/span>\r\n                        <div class=\"title\">vigil\u00e2ncia de alimenta\u00e7\u00e3o e nutri\u00e7\u00e3o<\/div>\r\n                    <\/a>\r\n                <\/li>\r\n\r\n <li>\r\n                    <a href=\"https:\/\/goias.gov.br\/saude\/ciatox\/\">\r\n                        <span class=\"fa-solid fa-skull-crossbones\"><\/span>\r\n                        <div class=\"title\">Ciatox<\/div>\r\n                    <\/a>\r\n                <\/li>\r\n\r\n <li>\r\n                    <a href=\"https:\/\/goias.gov.br\/saude\/lacen\/\">\r\n                        <span class=\"fa-solid fa-flask-vial\"><\/span>\r\n                        <div class=\"title\">Laborat\u00f3rio de Sa\u00fade P\u00fablica - Lacen<\/div>\r\n                    <\/a>\r\n                <\/li>\r\n\r\n<li>\r\n                    <a href=\"https:\/\/goias.gov.br\/saude\/emergencias-em-saude-publica\/\">\r\n                        <span class=\"fa-solid fa-square-plus\"><\/span>\r\n                        <div class=\"title\">emerg\u00eancias em sa\u00fade p\u00fablica<\/div>\r\n                    <\/a>\r\n                <\/li>\r\n\r\n<li>\r\n                    <a href=\"https:\/\/goias.gov.br\/saude\/disque-denuncia\/\">\r\n                        <span class=\"fa-solid fa-square-phone-flip\"><\/span>\r\n                        <div class=\"title\">Disque Den\u00fancia 150<\/div>\r\n                    <\/a>\r\n                <\/li>\r\n\r\n<li>\r\n                    <a href=\"https:\/\/goias.gov.br\/saude\/alertas-boletins-e-informes\/\">\r\n                        <span class=\"fa-solid fa-laptop-medical\"><\/span>\r\n                        <div class=\"title\">Boletins, alertas e informes<\/div>\r\n                    <\/a>\r\n                <\/li>\r\n\r\n<li>\r\n                    <a href=\"https:\/\/goias.gov.br\/saude\/portarias-notas-tecnicas-e-informativas-suvisa\/\">\r\n                        <span class=\"fa-solid fa-file-medical\"><\/span>\r\n                        <div class=\"title\">portarias e Notas T\u00e9cnicas<\/div>\r\n                    <\/a>\r\n                <\/li>\r\n\r\n<li>\r\n                    <a href=\"https:\/\/goias.gov.br\/saude\/projeto-de-cofinanciamento-das-acoes-de-vigilancia-em-saude-do-estado-de-goias\/\">\r\n                        <span class=\"fa-solid fa-hand-holding-dollar\"><\/span>\r\n                        <div class=\"title\">Cofinanciamento das a\u00e7\u00f5es de visa<\/div>\r\n                    <\/a>\r\n                <\/li>\r\n\r\n<li>\r\n                    <a href=\"https:\/\/goias.gov.br\/saude\/campanhas-da-saude\/\">\r\n                        <span class=\"fa-solid fa-solid fa-file-invoice\"><\/span>\r\n                        <div class=\"title\">Campanhas da sa\u00fade<\/div>\r\n                    <\/a>\r\n                <\/li>\r\n                \r\n                <li>\r\n                    <a href=\"https:\/\/goias.gov.br\/saude\/gabinete-de-combate-a-dengue\/\">\r\n                        <span class=\"fa-solid fa-solid fa-mosquito\"><\/span>\r\n                        <div class=\"title\">gabinete de combate \u00e0 dengue<\/div>\r\n                    <\/a>\r\n                <\/li>\r\n                \r\n            <\/ul>\r\n        <\/div>\r\n\t<\/div>\r\n\t\t\t\t<\/div>\n\t\t\t\t\t<\/div>\n\t\t\t\t<\/div>\n\t\t\t\t<\/div>\n\t\t","protected":false},"excerpt":{"rendered":"<p>Subsecret\u00e1ria Fl\u00favia Pereira Amorim da Silva(62) 3201-3933fluvia.silva@goias.gov.br Lista de contatos Suvisa Localiza\u00e7\u00e3o:Av. 136, S\/N, Edif\u00edcio C\u00e9sar Sebba, Qd. F-44, Lts. 22 e 24 &#8211; Setor SulGoi\u00e2nia-GOCEP: 74093-250 A Subsecretaria de Vigil\u00e2ncia em Sa\u00fade (Suvisa) comp\u00f5e a estrutura da Secretaria de Estado da Sa\u00fade e realiza a coordena\u00e7\u00e3o das atividades de vigil\u00e2ncia em sa\u00fade em todo [&hellip;]<\/p>\n","protected":false},"author":693,"featured_media":0,"parent":0,"menu_order":0,"comment_status":"closed","ping_status":"closed","template":"","meta":{"footnotes":""},"class_list":["post-37739","page","type-page","status-publish","hentry"],"rttpg_featured_image_url":null,"rttpg_author":{"display_name":"elzenubiamoreira","author_link":"https:\/\/goias.gov.br\/saude\/author\/elzenubiamoreira\/"},"rttpg_comment":0,"rttpg_category":null,"rttpg_excerpt":"Subsecret\u00e1ria Fl\u00favia Pereira Amorim da Silva(62) 3201-3933fluvia.silva@goias.gov.br Lista de contatos Suvisa Localiza\u00e7\u00e3o:Av. 136, S\/N, Edif\u00edcio C\u00e9sar Sebba, Qd. F-44, Lts. 22 e 24 &#8211; Setor SulGoi\u00e2nia-GOCEP: 74093-250 A Subsecretaria de Vigil\u00e2ncia em Sa\u00fade (Suvisa) comp\u00f5e a estrutura da Secretaria de Estado da Sa\u00fade e realiza a coordena\u00e7\u00e3o das atividades de vigil\u00e2ncia em sa\u00fade em todo&hellip;","_links":{"self":[{"href":"https:\/\/goias.gov.br\/saude\/wp-json\/wp\/v2\/pages\/37739","targetHints":{"allow":["GET"]}}],"collection":[{"href":"https:\/\/goias.gov.br\/saude\/wp-json\/wp\/v2\/pages"}],"about":[{"href":"https:\/\/goias.gov.br\/saude\/wp-json\/wp\/v2\/types\/page"}],"author":[{"embeddable":true,"href":"https:\/\/goias.gov.br\/saude\/wp-json\/wp\/v2\/users\/693"}],"replies":[{"embeddable":true,"href":"https:\/\/goias.gov.br\/saude\/wp-json\/wp\/v2\/comments?post=37739"}],"version-history":[{"count":2,"href":"https:\/\/goias.gov.br\/saude\/wp-json\/wp\/v2\/pages\/37739\/revisions"}],"predecessor-version":[{"id":627095,"href":"https:\/\/goias.gov.br\/saude\/wp-json\/wp\/v2\/pages\/37739\/revisions\/627095"}],"wp:attachment":[{"href":"https:\/\/goias.gov.br\/saude\/wp-json\/wp\/v2\/media?parent=37739"}],"curies":[{"name":"wp","href":"https:\/\/api.w.org\/{rel}","templated":true}]}}