

{"id":37689,"date":"2023-11-30T17:00:08","date_gmt":"2023-11-30T20:00:08","guid":{"rendered":"https:\/\/siteshom.goias.gov.br\/saude\/?page_id=37689"},"modified":"2026-03-12T14:12:16","modified_gmt":"2026-03-12T17:12:16","slug":"regulacao-estadual","status":"publish","type":"page","link":"https:\/\/goias.gov.br\/saude\/regulacao-estadual\/","title":{"rendered":"Regula\u00e7\u00e3o Estadual"},"content":{"rendered":"\t\t<div data-elementor-type=\"wp-page\" data-elementor-id=\"37689\" class=\"elementor elementor-37689\">\n\t\t\t\t<div class=\"elementor-element elementor-element-45ce3ac e-flex e-con-boxed e-con e-parent\" data-id=\"45ce3ac\" data-element_type=\"container\" data-e-type=\"container\">\n\t\t\t\t\t<div class=\"e-con-inner\">\n\t\t\t\t<div class=\"elementor-element elementor-element-78c13f8 elementor-widget elementor-widget-text-editor\" data-id=\"78c13f8\" data-element_type=\"widget\" data-e-type=\"widget\" data-widget_type=\"text-editor.default\">\n\t\t\t\t\t\t\t\t\t<div style=\"padding: 10px; background-color: #ededed; border-radius: 4px;\"><h4 style=\"background-color: #2da44a; color: #ffffff; margin: -10px -10px 0px; border-top-right-radius: 4px; border-top-left-radius: 4px; padding: 10px 0px; text-align: center;\"><i class=\"fa fa-phone\" aria-hidden=\"true\"><\/i>\u00a0Fale com a Rede de Apoio Usu\u00e1rio (RAU)<\/h4><p style=\"text-align: center;\">Entre em contato com a Rede de Apoio Usu\u00e1rio (RAU) da Regula\u00e7\u00e3o Estadual pelo WhatsApp<a href=\"https:\/\/wa.me\/556232013797\" target=\"_blank\" rel=\"noopener\"> (62) 3201 3797<\/a>, telefone (62) 3201 3768 ou e-mail <a id=\"OWA18f414fe-5031-1620-7ffc-f8a197df1ef7\" class=\"x_OWAAutoLink\" title=\"mailto:rededeapoioaousuario.regulacao@goias.gov.br\" href=\"mailto:rededeapoioaousuario.regulacao@goias.gov.br\" target=\"_blank\" rel=\"noopener noreferrer\">rededeapoioaousuario.regulacao@goias.gov.br<\/a>.<\/p><p style=\"text-align: center;\">Devido \u00e0 implanta\u00e7\u00e3o de um novo sistema de atendimento, informamos que pode ocorrer lentid\u00e3o tempor\u00e1ria nos nossos canais de comunica\u00e7\u00e3o.<\/p><\/div>\t\t\t\t\t\t\t\t<\/div>\n\t\t\t\t\t<\/div>\n\t\t\t\t<\/div>\n\t\t<div class=\"elementor-element elementor-element-a07c20a e-flex e-con-boxed e-con e-parent\" data-id=\"a07c20a\" data-element_type=\"container\" data-e-type=\"container\">\n\t\t\t\t\t<div class=\"e-con-inner\">\n\t\t<div class=\"elementor-element elementor-element-3638343 e-con-full e-flex e-con e-child\" data-id=\"3638343\" data-element_type=\"container\" data-e-type=\"container\">\n\t\t\t\t<div class=\"elementor-element elementor-element-b024d24 elementor-widget elementor-widget-text-editor\" data-id=\"b024d24\" data-element_type=\"widget\" data-e-type=\"widget\" data-widget_type=\"text-editor.default\">\n\t\t\t\t\t\t\t\t\t<h3 class=\"sppb-addon-title\">Superintendente<\/h3><div class=\"sppb-addon-content\"><p><strong><span class=\"st\">Lorena Nunes Mota<br \/><\/span><\/strong>(62) 3201-3706<br \/><a href=\"mailto:regulacao.saude@goias.gov.br\">regulacao.saude@goias.gov.br<\/a><\/p><\/div><p><strong>Localiza\u00e7\u00e3o:<\/strong><br \/><a href=\"https:\/\/maps.app.goo.gl\/kc7F5NHFBznztmFh9\" target=\"_blank\" rel=\"noopener\">Av. T-7, n\u00ba 371, 4\u00ba andar, Edif\u00edcio Louren\u00e7o Office \u2013 Setor Oeste\u00a0<br \/>Goi\u00e2nia &#8211; GO<br \/>CEP: 74.140-110<\/a><\/p>\t\t\t\t\t\t\t\t<\/div>\n\t\t\t\t<\/div>\n\t\t<div class=\"elementor-element elementor-element-4634af8 e-con-full e-flex e-con e-child\" data-id=\"4634af8\" data-element_type=\"container\" data-e-type=\"container\">\n\t\t\t\t<div class=\"elementor-element elementor-element-532ba14 elementor-widget elementor-widget-text-editor\" data-id=\"532ba14\" data-element_type=\"widget\" data-e-type=\"widget\" data-widget_type=\"text-editor.default\">\n\t\t\t\t\t\t\t\t\t<p style=\"text-align: justify;\">Respons\u00e1vel pela Regula\u00e7\u00e3o Estadual, a Superintend\u00eancia de Regula\u00e7\u00e3o, Controle e Avalia\u00e7\u00e3o comp\u00f5e a estrutura da Secretaria Estadual da Sa\u00fade e tem por finalidade coordenar, supervisionar, orientar as a\u00e7\u00f5es de regula\u00e7\u00e3o do acesso \u00e0 assist\u00eancia a sa\u00fade. Dentre suas atividades est\u00e1 a implanta\u00e7\u00e3o e implementa\u00e7\u00e3o de pol\u00edticas p\u00fablicas, de acordo com as diretrizes do Minist\u00e9rio da Sa\u00fade, objetivando assist\u00eancia integral \u00e0 sa\u00fade da popula\u00e7\u00e3o goiana de forma regionalizada.<\/p><p style=\"text-align: justify;\">Atrav\u00e9s do trabalho integrado das ger\u00eancias de regula\u00e7\u00e3o ambulatorial, regula\u00e7\u00e3o de cirurgias eletivas, regula\u00e7\u00e3o de urg\u00eancia e emerg\u00eancia e regula\u00e7\u00e3o de interna\u00e7\u00e3o \u00e9 operacionalizado o processo de regula\u00e7\u00e3o. A Superintend\u00eancia de Regula\u00e7\u00e3o, Controle e Avalia\u00e7\u00e3o tamb\u00e9m assessora e subsidia tecnicamente os munic\u00edpios do Estado, atrav\u00e9s do apoio \u00e0s regionais de sa\u00fade, acompanhando e supervisionando as a\u00e7\u00f5es executadas pelas \u00e1reas da sua compet\u00eancia.<\/p>\t\t\t\t\t\t\t\t<\/div>\n\t\t\t\t<\/div>\n\t\t\t\t\t<\/div>\n\t\t\t\t<\/div>\n\t\t<div class=\"elementor-element elementor-element-dfe4f65 e-flex e-con-boxed e-con e-parent\" data-id=\"dfe4f65\" data-element_type=\"container\" data-e-type=\"container\">\n\t\t\t\t\t<div class=\"e-con-inner\">\n\t\t\t\t<div class=\"elementor-element elementor-element-ee14a2c elementor-widget elementor-widget-html\" data-id=\"ee14a2c\" data-element_type=\"widget\" data-e-type=\"widget\" data-widget_type=\"html.default\">\n\t\t\t\t\t<!DOCTYPE html>\r\n<html lang=\"pt-br\" dir=\"ltr\">\r\n<head>\r\n  <meta http-equiv=\"Content-Type\" content=\"text\/html; charset=UTF-8\" \/>\r\n  <style>\r\n    \/* Estilos para desktop *\/\r\n    .container {\r\n      padding: 20px;\r\n    }\r\n\r\n    .section {\r\n      margin-bottom: 40px;\r\n    }\r\n\r\n    .title {\r\n      text-align: center;\r\n      margin: 0 0 24px;\r\n      color: #0c326f;\r\n      font-weight: 600;\r\n      font-size: 2.7rem;\r\n      line-height: 1.5;\r\n    }\r\n\r\n    .cards {\r\n      display: flex;\r\n      justify-content: space-evenly;\r\n      flex-wrap: wrap;\r\n      margin: 0;\r\n      padding: 0;\r\n      list-style: none;\r\n    }\r\n\r\n    .cards li {\r\n      background-color: #ededed;\r\n      box-shadow: 0 3px 6px 0 rgba(0, 0, 0, 0.16);\r\n      text-align: center;\r\n      flex-basis: 23%;\r\n      box-sizing: border-box;\r\n      min-height: 230px;\r\n      margin-bottom: 1.2em;\r\n      line-height: 1.5em;\r\n      display: list-item;\r\n    }\r\n\r\n    .cards li a {\r\n      display: flex;\r\n      justify-content: center;\r\n      align-items: center;\r\n      flex-direction: column;\r\n      width: 100%;\r\n      height: 100%;\r\n      color: #1351b4;\r\n      font-weight: 500;\r\n      text-decoration: none;\r\n    }\r\n\r\n    .cards li i,\r\n    .cards li span {\r\n      font-size: 50px;\r\n      margin-bottom: 30px;\r\n      color: #0c326f;\r\n      width: auto;\r\n      font-weight: 900;\r\n    }\r\n\r\n    .cards li .title {\r\n      font-size: 20px;\r\n      color: #0c326f;\r\n      font-weight: 600;\r\n      margin: 0;\r\n      text-transform: uppercase;\r\n    }\r\n\r\n    \/* Estilos para telas menores *\/\r\n    @media screen and (max-width: 768px) {\r\n      .cards {\r\n        gap: 20px; \/* Espa\u00e7amento entre os cards *\/\r\n        margin-top: 20px; margin-bottom: 20px;\/* Margem superior para os cards *\/\r\n      }\r\n      .cards li {\r\n        flex-basis: calc(50% - 20px); \/* Tamanho dos cards com espa\u00e7amento *\/\r\n      }\r\n    }\r\n\r\n    @media screen and (max-width: 480px) {\r\n      .cards {\r\n        gap: 15px; \/* Espa\u00e7amento menor entre os cards *\/\r\n        margin-top: 15px; margin-bottom: 20px; \/* Margem superior menor para os cards *\/\r\n      }\r\n      .cards li {\r\n        flex-basis: calc(100% - 30px); \/* Tamanho dos cards com espa\u00e7amento menor *\/\r\n      }\r\n    }\r\n  <\/style>\r\n\t<div class=\"container\">\r\n        <div class=\"suvisa\">\r\n            \r\n            <div class=\"title-header\">\r\n               \r\n            <\/div>\r\n            <ul class=\"cards\">\r\n                <li>\r\n                    <a href=\"https:\/\/indicadores.saude.go.gov.br\/pentaho\/api\/repos\/:mapa_de_leitos:paineis:painel.wcdf\/generatedContent#\">\r\n                        <span class=\"fa-solid fa-map-location-dot\"><\/span>\r\n                        <div class=\"title\">mapa de leitos<\/div>\r\n                    <\/a>\r\n                <\/li>\r\n                <li>\r\n                    <a href=\"https:\/\/indicadores.saude.go.gov.br\/public\/transparencia_regulacao.html\">\r\n                        <span class=\"fa-solid fa-bed-pulse\"><\/span>\r\n                        <div class=\"title\">consultar fila de espera por leitos<\/div>\r\n                    <\/a>\r\n                <\/li>\r\n                <li>\r\n                    <a href=\"https:\/\/goias.gov.br\/saude\/regulacao-estadual\/acesso-ambulatorial\/\">\r\n                        <span class=\"fa-solid fa-house-chimney-medical\"><\/span>\r\n                        <div class=\"title\">Acesso ambulatorial<\/div>\r\n                    <\/a>\r\n                <\/li>\r\n     <li>\r\n                    <a href=\"https:\/\/goias.gov.br\/saude\/cirurgias-eletivas\/\">\r\n                        <span class=\"fa-solid fa-hospital\"><\/span>\r\n                        <div class=\"title\">cirurgias eletivas<\/div>\r\n                    <\/a>\r\n               \r\n\r\n<li>\r\n                    <a href=\"https:\/\/goias.gov.br\/saude\/internacao\/\">\r\n                        <span class=\"fa-solid fa-hospital-user\"><\/span>\r\n                        <div class=\"title\">interna\u00e7\u00e3o<\/div>\r\n                    <\/a>\r\n                <\/li>\r\n                \r\n                <li>\r\n                    <a href=\"https:\/\/goias.gov.br\/saude\/regulacao-e-acoes-de-urgencia\/\">\r\n                        <span class=\"fa-solid fa-truck-medical\"><\/span>\r\n                        <div class=\"title\">Regula\u00e7\u00e3o e A\u00e7\u00f5es de Urg\u00eancia<\/div>\r\n                    <\/a>\r\n                <\/li>\r\n\r\n\r\n<li>\r\n                    <a href=\"https:\/\/goias.gov.br\/saude\/central-estadual-de-regulacao-de-alta-complexidade-interestadual\/\">\r\n                        <span class=\"fa-solid fa-plane-departure\"><\/span>\r\n                        <div class=\"title\">Central Estadual de Regula\u00e7\u00e3o de Alta Complexidade Interestadual<\/div>\r\n                    <\/a>\r\n                <\/li>\r\n\r\n\r\n\r\n<li>\r\n                    <a href=\"https:\/\/goias.gov.br\/saude\/siate\/\">\r\n                        <span class=\"fa-solid fa-square-plus\"><\/span>\r\n                        <div class=\"title\">siate<\/div>\r\n                    <\/a>\r\n                <\/li>\r\n\r\n<li>\r\n                    <a href=\"https:\/\/goias.gov.br\/saude\/gerencia-de-transplantes\/\">\r\n                        <span class=\"fa-solid fa-hand-holding-heart\"><\/span>\r\n                        <div class=\"title\">transplantes<\/div>\r\n                    <\/a>\r\n                <\/li>\r\n\r\n\r\n<li>\r\n                    <a href=\"https:\/\/goias.gov.br\/saude\/regulacao-estadual-notas-tecnicas\/\">\r\n                        <span class=\"fa-solid fa-file-medical\"><\/span>\r\n                        <div class=\"title\">Notas T\u00e9cnicas<\/div>\r\n                    <\/a>\r\n                <\/li>\r\n\r\n<li>\r\n    <a href=\"https:\/\/youtu.be\/9bLTN4FtwhY\" target=\"_blank\" rel=\"noopener noreferrer\">\r\n        <span class=\"fa-brands fa-youtube\"><\/span>\r\n        <div class=\"title\">regula\u00e7\u00e3o news<\/div>\r\n    <\/a>\r\n<\/li>\r\n\r\n<li>\r\n    <a href=\"https:\/\/goias.gov.br\/saude\/gabinete-crise-uti\/\" target=\"_blank\" rel=\"noopener noreferrer\">\r\n        <span class=\"fa-solid fa-square-plus\"><\/span>\r\n        <div class=\"title\">Gabinete de Crise de UTI<\/div>\r\n    <\/a>\r\n<\/li>\r\n\r\n      \r\n            <\/ul>\r\n        <\/div>\r\n\t<\/div>\r\n\t\t\t\t<\/div>\n\t\t\t\t\t<\/div>\n\t\t\t\t<\/div>\n\t\t\t\t<\/div>\n\t\t","protected":false},"excerpt":{"rendered":"<p>\u00a0Fale com a Rede de Apoio Usu\u00e1rio (RAU) Entre em contato com a Rede de Apoio Usu\u00e1rio (RAU) da Regula\u00e7\u00e3o Estadual pelo WhatsApp (62) 3201 3797, telefone (62) 3201 3768 ou e-mail rededeapoioaousuario.regulacao@goias.gov.br. Devido \u00e0 implanta\u00e7\u00e3o de um novo sistema de atendimento, informamos que pode ocorrer lentid\u00e3o tempor\u00e1ria nos nossos canais de comunica\u00e7\u00e3o. Superintendente Lorena [&hellip;]<\/p>\n","protected":false},"author":222,"featured_media":0,"parent":0,"menu_order":0,"comment_status":"closed","ping_status":"closed","template":"","meta":{"footnotes":""},"class_list":["post-37689","page","type-page","status-publish","hentry"],"rttpg_featured_image_url":null,"rttpg_author":{"display_name":"diegomsilva","author_link":"https:\/\/goias.gov.br\/saude\/author\/diegomsilva\/"},"rttpg_comment":0,"rttpg_category":null,"rttpg_excerpt":"\u00a0Fale com a Rede de Apoio Usu\u00e1rio (RAU) Entre em contato com a Rede de Apoio Usu\u00e1rio (RAU) da Regula\u00e7\u00e3o Estadual pelo WhatsApp (62) 3201 3797, telefone (62) 3201 3768 ou e-mail rededeapoioaousuario.regulacao@goias.gov.br. Devido \u00e0 implanta\u00e7\u00e3o de um novo sistema de atendimento, informamos que pode ocorrer lentid\u00e3o tempor\u00e1ria nos nossos canais de comunica\u00e7\u00e3o. Superintendente Lorena&hellip;","_links":{"self":[{"href":"https:\/\/goias.gov.br\/saude\/wp-json\/wp\/v2\/pages\/37689","targetHints":{"allow":["GET"]}}],"collection":[{"href":"https:\/\/goias.gov.br\/saude\/wp-json\/wp\/v2\/pages"}],"about":[{"href":"https:\/\/goias.gov.br\/saude\/wp-json\/wp\/v2\/types\/page"}],"author":[{"embeddable":true,"href":"https:\/\/goias.gov.br\/saude\/wp-json\/wp\/v2\/users\/222"}],"replies":[{"embeddable":true,"href":"https:\/\/goias.gov.br\/saude\/wp-json\/wp\/v2\/comments?post=37689"}],"version-history":[{"count":2,"href":"https:\/\/goias.gov.br\/saude\/wp-json\/wp\/v2\/pages\/37689\/revisions"}],"predecessor-version":[{"id":728835,"href":"https:\/\/goias.gov.br\/saude\/wp-json\/wp\/v2\/pages\/37689\/revisions\/728835"}],"wp:attachment":[{"href":"https:\/\/goias.gov.br\/saude\/wp-json\/wp\/v2\/media?parent=37689"}],"curies":[{"name":"wp","href":"https:\/\/api.w.org\/{rel}","templated":true}]}}