

{"id":37655,"date":"2023-11-30T15:35:16","date_gmt":"2023-11-30T18:35:16","guid":{"rendered":"https:\/\/siteshom.goias.gov.br\/saude\/?page_id=37655"},"modified":"2025-12-03T08:13:09","modified_gmt":"2025-12-03T11:13:09","slug":"hel","status":"publish","type":"page","link":"https:\/\/goias.gov.br\/saude\/hel\/","title":{"rendered":"HEL \u2013 Hospital Estadual de Luzi\u00e2nia\u00a0"},"content":{"rendered":"\t\t<div data-elementor-type=\"wp-page\" data-elementor-id=\"37655\" class=\"elementor elementor-37655\">\n\t\t\t\t<div class=\"elementor-element elementor-element-5165439 e-flex e-con-boxed e-con e-parent\" data-id=\"5165439\" data-element_type=\"container\" data-e-type=\"container\">\n\t\t\t\t\t<div class=\"e-con-inner\">\n\t\t\t\t<div class=\"elementor-element elementor-element-254d61f elementor-widget elementor-widget-image\" data-id=\"254d61f\" data-element_type=\"widget\" data-e-type=\"widget\" data-widget_type=\"image.default\">\n\t\t\t\t\t\t\t\t\t\t\t\t\t\t\t<img decoding=\"async\" src=\"https:\/\/goias.gov.br\/saude\/wp-content\/uploads\/sites\/34\/2019\/11\/hospitalluziania-8f6.png\" title=\"\" alt=\"\" loading=\"lazy\" \/>\t\t\t\t\t\t\t\t\t\t\t\t\t\t\t<\/div>\n\t\t\t\t\t<\/div>\n\t\t\t\t<\/div>\n\t\t<div class=\"elementor-element elementor-element-d988a72 e-flex e-con-boxed e-con e-parent\" data-id=\"d988a72\" data-element_type=\"container\" data-e-type=\"container\">\n\t\t\t\t\t<div class=\"e-con-inner\">\n\t\t<div class=\"elementor-element elementor-element-460d8fe e-con-full e-flex e-con e-child\" data-id=\"460d8fe\" data-element_type=\"container\" data-e-type=\"container\">\n\t\t\t\t<div class=\"elementor-element elementor-element-711c83d elementor-widget elementor-widget-text-editor\" data-id=\"711c83d\" data-element_type=\"widget\" data-e-type=\"widget\" data-widget_type=\"text-editor.default\">\n\t\t\t\t\t\t\t\t\t<h4>Recep\u00e7\u00e3o<\/h4><p>Telefone: (61) 4042-9922<\/p><h4 class=\"sppb-addon-title\">Diretoria<\/h4><p><strong>Dire\u00e7\u00e3o Geral:<\/strong> Francisco Amud \/ <a href=\"mailto:diradm.hel@institutopatris.org.br\">diradm.hel@institutopatris.org.br<\/a><\/p><p><u><\/u><strong>Dire\u00e7\u00e3o T\u00e9cnica:<\/strong> Dra. Renata Meireles Roriz de Moraes \/ <a href=\"diretoriatecnica.hel@institutopatris.org.br\">diretoriatecnica.hel@institutopatris.org.br<\/a><\/p><p style=\"text-align: center;\"><a class=\"btn btn-primary btn-block\" href=\"https:\/\/www.institutopatris.org.br\/transparencia\/hospital-estadual-de-luziania-1\" target=\"_blank\" rel=\"noopener noreferrer\">Acesso \u00e0 Informa\u00e7\u00e3o da OS<\/a><\/p><h4>Localiza\u00e7\u00e3o<\/h4><p><a href=\"https:\/\/maps.app.goo.gl\/XS2PEWDmXr1ZWFmAA\" target=\"_blank\" rel=\"noopener\">Av. Alfredo Nasser, s\/n\u00ba &#8211; Parque Estrela Dalva VII Luzi\u00e2nia-Goi\u00e1s. CEP: 75513-540<\/a><\/p>\t\t\t\t\t\t\t\t<\/div>\n\t\t\t\t<\/div>\n\t\t<div class=\"elementor-element elementor-element-65241ca e-con-full e-flex e-con e-child\" data-id=\"65241ca\" data-element_type=\"container\" data-e-type=\"container\">\n\t\t\t\t<div class=\"elementor-element elementor-element-0801263 elementor-widget elementor-widget-text-editor\" data-id=\"0801263\" data-element_type=\"widget\" data-e-type=\"widget\" data-widget_type=\"text-editor.default\">\n\t\t\t\t\t\t\t\t\t<p>O Hospital Estadual de Luzi\u00e2nia (HEL) \u00e9 uma unidade da Secretaria de Estado da Sa\u00fade de Goi\u00e1s (SES-GO), gerida pelo Instituto Patris desde 2022. Caracterizado como hospital geral de alta e m\u00e9dia complexidade, o HEL conta com 72 leitos gerais destinados \u00e0 interna\u00e7\u00e3o de pacientes adultos e 10 leitos de UTI.<\/p><p style=\"text-align: justify;\">A unidade realiza cirurgias, exames e presta atendimento prioritariamente a Macrorregi\u00e3o Nordeste e as demais Macrorregi\u00f5es de Goi\u00e1s. Os atendimentos s\u00e3o encaminhados de forma referenciada pelo Complexo Regulador Estadual.<\/p><p style=\"text-align: justify;\">O HEL oferece atendimento nas especialidades de cardiologia; cirurgia geral; gastroenterologia geral; ginecologia; infectologia; ortopedia e traumatologia; proctologia geral; urologia; angiologia e cirurgia vascular.<\/p>\t\t\t\t\t\t\t\t<\/div>\n\t\t\t\t<\/div>\n\t\t\t\t\t<\/div>\n\t\t\t\t<\/div>\n\t\t<div class=\"elementor-element elementor-element-9017444 e-flex e-con-boxed e-con e-parent\" data-id=\"9017444\" data-element_type=\"container\" data-e-type=\"container\">\n\t\t\t\t\t<div class=\"e-con-inner\">\n\t\t\t\t<div class=\"elementor-element elementor-element-0bb6e44 elementor-widget elementor-widget-heading\" data-id=\"0bb6e44\" data-element_type=\"widget\" data-e-type=\"widget\" data-widget_type=\"heading.default\">\n\t\t\t\t\t<h2 class=\"elementor-heading-title elementor-size-default\">INFORMA\u00c7\u00d5ES<\/h2>\t\t\t\t<\/div>\n\t\t\t\t<div class=\"elementor-element elementor-element-a2b64a7 elementor-widget elementor-widget-n-accordion\" data-id=\"a2b64a7\" data-element_type=\"widget\" data-e-type=\"widget\" data-settings=\"{&quot;default_state&quot;:&quot;all_collapsed&quot;,&quot;max_items_expended&quot;:&quot;one&quot;,&quot;n_accordion_animation_duration&quot;:{&quot;unit&quot;:&quot;ms&quot;,&quot;size&quot;:400,&quot;sizes&quot;:[]}}\" data-widget_type=\"nested-accordion.default\">\n\t\t\t\t\t\t\t<div class=\"e-n-accordion\" aria-label=\"Accordion. Open links with Enter or Space, close with Escape, and navigate with Arrow Keys\">\n\t\t\t\t\t\t<details id=\"e-n-accordion-item-1700\" class=\"e-n-accordion-item\" >\n\t\t\t\t<summary class=\"e-n-accordion-item-title\" data-accordion-index=\"1\" tabindex=\"0\" aria-expanded=\"false\" aria-controls=\"e-n-accordion-item-1700\" >\n\t\t\t\t\t<span class='e-n-accordion-item-title-header'><div class=\"e-n-accordion-item-title-text\"> Informa\u00e7\u00f5es para Familiares e Amigos e Pacientes <\/div><\/span>\n\t\t\t\t\t\t\t<span class='e-n-accordion-item-title-icon'>\n\t\t\t<span class='e-opened' ><svg aria-hidden=\"true\" class=\"e-font-icon-svg e-fas-angle-down\" viewBox=\"0 0 320 512\" xmlns=\"http:\/\/www.w3.org\/2000\/svg\"><path d=\"M143 352.3L7 216.3c-9.4-9.4-9.4-24.6 0-33.9l22.6-22.6c9.4-9.4 24.6-9.4 33.9 0l96.4 96.4 96.4-96.4c9.4-9.4 24.6-9.4 33.9 0l22.6 22.6c9.4 9.4 9.4 24.6 0 33.9l-136 136c-9.2 9.4-24.4 9.4-33.8 0z\"><\/path><\/svg><\/span>\n\t\t\t<span class='e-closed'><svg aria-hidden=\"true\" class=\"e-font-icon-svg e-fas-angle-right\" viewBox=\"0 0 256 512\" xmlns=\"http:\/\/www.w3.org\/2000\/svg\"><path d=\"M224.3 273l-136 136c-9.4 9.4-24.6 9.4-33.9 0l-22.6-22.6c-9.4-9.4-9.4-24.6 0-33.9l96.4-96.4-96.4-96.4c-9.4-9.4-9.4-24.6 0-33.9L54.3 103c9.4-9.4 24.6-9.4 33.9 0l136 136c9.5 9.4 9.5 24.6.1 34z\"><\/path><\/svg><\/span>\n\t\t<\/span>\n\n\t\t\t\t\t\t<\/summary>\n\t\t\t\t<div role=\"region\" aria-labelledby=\"e-n-accordion-item-1700\" class=\"elementor-element elementor-element-e58a149 e-con-full e-flex e-con e-child\" data-id=\"e58a149\" data-element_type=\"container\" data-e-type=\"container\">\n\t\t\t\t<div class=\"elementor-element elementor-element-f3f0656 elementor-widget elementor-widget-text-editor\" data-id=\"f3f0656\" data-element_type=\"widget\" data-e-type=\"widget\" data-widget_type=\"text-editor.default\">\n\t\t\t\t\t\t\t\t\t<div style=\"text-align: justify;\"><p><strong>Hor\u00e1rio de visita Enfermaria<\/strong><\/p><p>15:00 \u00e0s 16:00hs &#8211; 2 pessoas por dia.<\/p><p><strong>Hor\u00e1rio de visita UTI<\/strong><\/p><p>16:00 \u00e0s 16:30hs &#8211; 1 pessoa por dia.<\/p><p><strong>Visitas Religiosas<\/strong><\/p><p>Ter\u00e7a-feira e Quinta feira \u00e0s 14:30hs &#8211; Somente com a<br \/>carteirinha de capel\u00e3o.<\/p><p><strong>Aten\u00e7\u00e3o! <\/strong>S\u00f3 ser\u00e1 permitido acompanhante na enfermaria nos casos previstos em Lei:<\/p><ul><li>Gestantes (Leis ns. 8.069\/90 e 11.108\/05)<\/li><li>Idosos (Lei n.10.741\/03- Estatuto do Idoso)<\/li><li>Portadores de defici\u00eancia (Lei n.13.146\/2015- Estatuto da Pessoa com Defici\u00eancia<\/li><li>Crian\u00e7as e adolescentes (Lei n.8.069\/90- Estatuto da Crian\u00e7a e do Adolescente)<\/li><\/ul><p><strong>Demais situa\u00e7\u00f5es dever\u00e3o ser avaliadas pela equipe e dire\u00e7\u00e3o.<\/strong><\/p><p><strong>Orienta\u00e7\u00f5es importantes<\/strong><\/p><ul><li style=\"text-align: left;\">Obrigat\u00f3rio a apresenta\u00e7\u00e3o de um documento oficial com foto para entrada de visitantes e troca de acompanhantes;<\/li><li style=\"text-align: left;\">Obrigat\u00f3rio o uso de m\u00e1scara cir\u00fargica cobrindo boca e nariz nas depend\u00eancias do hospital;<\/li><li style=\"text-align: left;\">Obrigat\u00f3ria a lavagem das m\u00e3os com sab\u00e3o antes e ap\u00f3s a visita para a preven\u00e7\u00e3o das infec\u00e7\u00f5es hospitalares;<\/li><li style=\"text-align: left;\">Proibida a entrada em ambiente hospitalar com vestimentas inadequadas, como shorts, saias curtas, roupas transparentes, bermudas, trajes de banho, chinelos e cal\u00e7ados abertos;<\/li><li style=\"text-align: left;\">Favor n\u00e3o trazer bolsas e mochilas durante a visita, pois n\u00e3o temos onde armazenar os pertences;<\/li><li style=\"text-align: left;\">Proibida a utiliza\u00e7\u00e3o de acess\u00f3rios como brincos, an\u00e9is, correntes, pulseiras, piercing, rel\u00f3gios, cord\u00f5es e outros;<\/li><li style=\"text-align: left;\">N\u00e3o \u00e9 permitida a entrada de visitantes ou acompanhantes portadores de sintomas gripais ou com diagn\u00f3stico de COVID-19;<\/li><li style=\"text-align: left;\">N\u00e3o \u00e9 permitido acompanhantes menores de 18 anos, exceto na qualidade de pais, e maiores de 65 anos;<\/li><li style=\"text-align: left;\">N\u00e3o permitida a entrada de menores de 12 anos. Havendo desejo, a possibilidade em fazer a visita ser\u00e1 avaliada pela dire\u00e7\u00e3o. A psic\u00f3loga ficar\u00e1 respons\u00e1vel pela avalia\u00e7\u00e3o inicial dos familiares e da crian\u00e7a, seguindo em discuss\u00e3o com a equipe para a\u00e7\u00f5es conjuntas.<\/li><li style=\"text-align: left;\">Proibida a entrada de alimentos e bebidas nas depend\u00eancias do hospital, pois o mesmo ser\u00e1 alimentado conforme a prescri\u00e7\u00e3o do m\u00e9dico e da nutricionista de acordo com seu estado cl\u00ednico. Pacientes em Cuidados Paliativos dever\u00e3o ser avaliados pela comiss\u00e3o;<\/li><li style=\"text-align: left;\">Proibida a manipula\u00e7\u00e3o do paciente sozinho ou retirar qualquer acess\u00f3rio sem a presen\u00e7a da enfermagem. Se necess\u00e1rio, chame algu\u00e9m da equipe;<\/li><li style=\"text-align: left;\">Proibido fumar nas depend\u00eancias hospitalar;<\/li><li style=\"text-align: left;\">N\u00e3o \u00e9 permitida a entrada de flores e plantas;<\/li><li style=\"text-align: left;\">\u00c9 Proibido tirar fotos de pacientes internados em UTI, devido ao princ\u00edpio de prote\u00e7\u00e3o da vulnerabilidade e da privacidade do paciente em estado cr\u00edtico e dependente de Cuidados Intensivos.<\/li><\/ul><\/div>\t\t\t\t\t\t\t\t<\/div>\n\t\t\t\t<\/div>\n\t\t\t\t\t<\/details>\n\t\t\t\t\t\t<details id=\"e-n-accordion-item-1701\" class=\"e-n-accordion-item\" >\n\t\t\t\t<summary class=\"e-n-accordion-item-title\" data-accordion-index=\"2\" tabindex=\"-1\" aria-expanded=\"false\" aria-controls=\"e-n-accordion-item-1701\" >\n\t\t\t\t\t<span class='e-n-accordion-item-title-header'><div class=\"e-n-accordion-item-title-text\"> Leitos <\/div><\/span>\n\t\t\t\t\t\t\t<span class='e-n-accordion-item-title-icon'>\n\t\t\t<span class='e-opened' ><svg aria-hidden=\"true\" class=\"e-font-icon-svg e-fas-angle-down\" viewBox=\"0 0 320 512\" xmlns=\"http:\/\/www.w3.org\/2000\/svg\"><path d=\"M143 352.3L7 216.3c-9.4-9.4-9.4-24.6 0-33.9l22.6-22.6c9.4-9.4 24.6-9.4 33.9 0l96.4 96.4 96.4-96.4c9.4-9.4 24.6-9.4 33.9 0l22.6 22.6c9.4 9.4 9.4 24.6 0 33.9l-136 136c-9.2 9.4-24.4 9.4-33.8 0z\"><\/path><\/svg><\/span>\n\t\t\t<span class='e-closed'><svg aria-hidden=\"true\" class=\"e-font-icon-svg e-fas-angle-right\" viewBox=\"0 0 256 512\" xmlns=\"http:\/\/www.w3.org\/2000\/svg\"><path d=\"M224.3 273l-136 136c-9.4 9.4-24.6 9.4-33.9 0l-22.6-22.6c-9.4-9.4-9.4-24.6 0-33.9l96.4-96.4-96.4-96.4c-9.4-9.4-9.4-24.6 0-33.9L54.3 103c9.4-9.4 24.6-9.4 33.9 0l136 136c9.5 9.4 9.5 24.6.1 34z\"><\/path><\/svg><\/span>\n\t\t<\/span>\n\n\t\t\t\t\t\t<\/summary>\n\t\t\t\t<div role=\"region\" aria-labelledby=\"e-n-accordion-item-1701\" class=\"elementor-element elementor-element-073efc2 e-con-full e-flex e-con e-child\" data-id=\"073efc2\" data-element_type=\"container\" data-e-type=\"container\">\n\t\t\t\t<div class=\"elementor-element elementor-element-6ecee93 elementor-widget elementor-widget-text-editor\" data-id=\"6ecee93\" data-element_type=\"widget\" data-e-type=\"widget\" data-widget_type=\"text-editor.default\">\n\t\t\t\t\t\t\t\t\t<div style=\"text-align: justify;\"><p>67 (7 leitos de UTI, 31 cl\u00ednica m\u00e9dica, 18 cl\u00ednica cir\u00fargica e 11 leitos de maternidade e centro obst\u00e9trico)\u00a0<\/p><\/div>\t\t\t\t\t\t\t\t<\/div>\n\t\t\t\t<\/div>\n\t\t\t\t\t<\/details>\n\t\t\t\t\t\t<details id=\"e-n-accordion-item-1702\" class=\"e-n-accordion-item\" >\n\t\t\t\t<summary class=\"e-n-accordion-item-title\" data-accordion-index=\"3\" tabindex=\"-1\" aria-expanded=\"false\" aria-controls=\"e-n-accordion-item-1702\" >\n\t\t\t\t\t<span class='e-n-accordion-item-title-header'><div class=\"e-n-accordion-item-title-text\"> Exames e Especialidades M\u00e9dicas <\/div><\/span>\n\t\t\t\t\t\t\t<span class='e-n-accordion-item-title-icon'>\n\t\t\t<span class='e-opened' ><svg aria-hidden=\"true\" class=\"e-font-icon-svg e-fas-angle-down\" viewBox=\"0 0 320 512\" xmlns=\"http:\/\/www.w3.org\/2000\/svg\"><path d=\"M143 352.3L7 216.3c-9.4-9.4-9.4-24.6 0-33.9l22.6-22.6c9.4-9.4 24.6-9.4 33.9 0l96.4 96.4 96.4-96.4c9.4-9.4 24.6-9.4 33.9 0l22.6 22.6c9.4 9.4 9.4 24.6 0 33.9l-136 136c-9.2 9.4-24.4 9.4-33.8 0z\"><\/path><\/svg><\/span>\n\t\t\t<span class='e-closed'><svg aria-hidden=\"true\" class=\"e-font-icon-svg e-fas-angle-right\" viewBox=\"0 0 256 512\" xmlns=\"http:\/\/www.w3.org\/2000\/svg\"><path d=\"M224.3 273l-136 136c-9.4 9.4-24.6 9.4-33.9 0l-22.6-22.6c-9.4-9.4-9.4-24.6 0-33.9l96.4-96.4-96.4-96.4c-9.4-9.4-9.4-24.6 0-33.9L54.3 103c9.4-9.4 24.6-9.4 33.9 0l136 136c9.5 9.4 9.5 24.6.1 34z\"><\/path><\/svg><\/span>\n\t\t<\/span>\n\n\t\t\t\t\t\t<\/summary>\n\t\t\t\t<div role=\"region\" aria-labelledby=\"e-n-accordion-item-1702\" class=\"elementor-element elementor-element-c05b4d5 e-con-full e-flex e-con e-child\" data-id=\"c05b4d5\" data-element_type=\"container\" data-e-type=\"container\">\n\t\t\t\t<div class=\"elementor-element elementor-element-1da7bb6 elementor-widget elementor-widget-text-editor\" data-id=\"1da7bb6\" data-element_type=\"widget\" data-e-type=\"widget\" data-widget_type=\"text-editor.default\">\n\t\t\t\t\t\t\t\t\t<p><strong>Exames<\/strong><\/p><ul><li>Colonoscopia<\/li><li>Ecocardiograma<\/li><li>Eletrocardiograma<\/li><li>Endoscopia<\/li><li>Raio-X<\/li><li>Tomografia Computadorizada<\/li><li>Ultrassonografia \/ Doppler<\/li><li>Ultrassonografia<\/li><\/ul><p><strong>Especialidades M\u00e9dicas<\/strong><\/p><ul><li>Cardiologia<\/li><li>Cirurgia Geral<\/li><li>Gastroenterologia Geral;<\/li><li>Cl\u00ednica M\u00e9dica<\/li><li>Ginecologia\/Obstetr\u00edcia<\/li><li>Infectologia<br \/>Ortopedia e Traumatologia<\/li><li>Proctologia Geral<\/li><li>Urologia<\/li><li>Angiologia<\/li><li>Cirurgia Vascular<\/li><\/ul>\t\t\t\t\t\t\t\t<\/div>\n\t\t\t\t<\/div>\n\t\t\t\t\t<\/details>\n\t\t\t\t\t\t<details id=\"e-n-accordion-item-1703\" class=\"e-n-accordion-item\" >\n\t\t\t\t<summary class=\"e-n-accordion-item-title\" data-accordion-index=\"4\" tabindex=\"-1\" aria-expanded=\"false\" aria-controls=\"e-n-accordion-item-1703\" >\n\t\t\t\t\t<span class='e-n-accordion-item-title-header'><div class=\"e-n-accordion-item-title-text\"> Recursos Humanos <\/div><\/span>\n\t\t\t\t\t\t\t<span class='e-n-accordion-item-title-icon'>\n\t\t\t<span class='e-opened' ><svg aria-hidden=\"true\" class=\"e-font-icon-svg e-fas-angle-down\" viewBox=\"0 0 320 512\" xmlns=\"http:\/\/www.w3.org\/2000\/svg\"><path d=\"M143 352.3L7 216.3c-9.4-9.4-9.4-24.6 0-33.9l22.6-22.6c9.4-9.4 24.6-9.4 33.9 0l96.4 96.4 96.4-96.4c9.4-9.4 24.6-9.4 33.9 0l22.6 22.6c9.4 9.4 9.4 24.6 0 33.9l-136 136c-9.2 9.4-24.4 9.4-33.8 0z\"><\/path><\/svg><\/span>\n\t\t\t<span class='e-closed'><svg aria-hidden=\"true\" class=\"e-font-icon-svg e-fas-angle-right\" viewBox=\"0 0 256 512\" xmlns=\"http:\/\/www.w3.org\/2000\/svg\"><path d=\"M224.3 273l-136 136c-9.4 9.4-24.6 9.4-33.9 0l-22.6-22.6c-9.4-9.4-9.4-24.6 0-33.9l96.4-96.4-96.4-96.4c-9.4-9.4-9.4-24.6 0-33.9L54.3 103c9.4-9.4 24.6-9.4 33.9 0l136 136c9.5 9.4 9.5 24.6.1 34z\"><\/path><\/svg><\/span>\n\t\t<\/span>\n\n\t\t\t\t\t\t<\/summary>\n\t\t\t\t<div role=\"region\" aria-labelledby=\"e-n-accordion-item-1703\" class=\"elementor-element elementor-element-e1b9f87 e-con-full e-flex e-con e-child\" data-id=\"e1b9f87\" data-element_type=\"container\" data-e-type=\"container\">\n\t\t\t\t<div class=\"elementor-element elementor-element-bb2ea08 elementor-widget elementor-widget-text-editor\" data-id=\"bb2ea08\" data-element_type=\"widget\" data-e-type=\"widget\" data-widget_type=\"text-editor.default\">\n\t\t\t\t\t\t\t\t\t<p>O quadro de colaboradores do HEL \u00e9 composto na sua totalidade de funcion\u00e1rios celetistas que est\u00e3o discriminados abaixo.<\/p><table><tbody><tr><td width=\"179\"><p><strong>AREA<\/strong><\/p><\/td><td width=\"207\"><p><strong>QUANTIDADE<\/strong><\/p><\/td><\/tr><tr><td width=\"179\"><p>ADMINISTRATIVO<\/p><\/td><td width=\"207\"><p>24<\/p><\/td><\/tr><tr><td width=\"179\"><p>APOIO ASSIST\u00caNCIAL<\/p><\/td><td width=\"207\"><p>183<\/p><\/td><\/tr><tr><td width=\"179\">\u00a0<\/td><td width=\"207\">\u00a0<\/td><\/tr><\/tbody><\/table><table><tbody><tr><td width=\"179\"><p><strong>AREA<\/strong><\/p><\/td><td width=\"207\"><p><strong>QUANTIDADE<\/strong><\/p><\/td><\/tr><tr><td width=\"179\"><p>TERCEIROS<\/p><\/td><td width=\"207\">114<\/td><\/tr><\/tbody><\/table><table><tbody><tr><td width=\"179\"><p><strong>AREA<\/strong><\/p><\/td><td width=\"207\"><p><strong>QUANTIDADE<\/strong><\/p><\/td><\/tr><tr><td width=\"179\"><p>M\u00c9DICOS<\/p><\/td><td width=\"207\"><p>62<\/p><\/td><\/tr><\/tbody><\/table>\t\t\t\t\t\t\t\t<\/div>\n\t\t\t\t<\/div>\n\t\t\t\t\t<\/details>\n\t\t\t\t\t\t<details id=\"e-n-accordion-item-1704\" class=\"e-n-accordion-item\" >\n\t\t\t\t<summary class=\"e-n-accordion-item-title\" data-accordion-index=\"5\" tabindex=\"-1\" aria-expanded=\"false\" aria-controls=\"e-n-accordion-item-1704\" >\n\t\t\t\t\t<span class='e-n-accordion-item-title-header'><div class=\"e-n-accordion-item-title-text\"> Projetos e Programas <\/div><\/span>\n\t\t\t\t\t\t\t<span class='e-n-accordion-item-title-icon'>\n\t\t\t<span class='e-opened' ><svg aria-hidden=\"true\" class=\"e-font-icon-svg e-fas-angle-down\" viewBox=\"0 0 320 512\" xmlns=\"http:\/\/www.w3.org\/2000\/svg\"><path d=\"M143 352.3L7 216.3c-9.4-9.4-9.4-24.6 0-33.9l22.6-22.6c9.4-9.4 24.6-9.4 33.9 0l96.4 96.4 96.4-96.4c9.4-9.4 24.6-9.4 33.9 0l22.6 22.6c9.4 9.4 9.4 24.6 0 33.9l-136 136c-9.2 9.4-24.4 9.4-33.8 0z\"><\/path><\/svg><\/span>\n\t\t\t<span class='e-closed'><svg aria-hidden=\"true\" class=\"e-font-icon-svg e-fas-angle-right\" viewBox=\"0 0 256 512\" xmlns=\"http:\/\/www.w3.org\/2000\/svg\"><path d=\"M224.3 273l-136 136c-9.4 9.4-24.6 9.4-33.9 0l-22.6-22.6c-9.4-9.4-9.4-24.6 0-33.9l96.4-96.4-96.4-96.4c-9.4-9.4-9.4-24.6 0-33.9L54.3 103c9.4-9.4 24.6-9.4 33.9 0l136 136c9.5 9.4 9.5 24.6.1 34z\"><\/path><\/svg><\/span>\n\t\t<\/span>\n\n\t\t\t\t\t\t<\/summary>\n\t\t\t\t<div role=\"region\" aria-labelledby=\"e-n-accordion-item-1704\" class=\"elementor-element elementor-element-615e387 e-con-full e-flex e-con e-child\" data-id=\"615e387\" data-element_type=\"container\" data-e-type=\"container\">\n\t\t\t\t<div class=\"elementor-element elementor-element-abc514e elementor-widget elementor-widget-text-editor\" data-id=\"abc514e\" data-element_type=\"widget\" data-e-type=\"widget\" data-widget_type=\"text-editor.default\">\n\t\t\t\t\t\t\t\t\t<div style=\"text-align: justify;\"><p><strong>Humaniza\u00e7\u00e3o<\/strong><\/p><p>A Humaniza\u00e7\u00e3o est\u00e1 entre os pilares que comp\u00f5em a miss\u00e3o do Hospital Estadual de Luzi\u00e2nia (HEL). A gest\u00e3o da unidade investe na melhoria dos processos, buscando oferecer aos pacientes um tratamento de qualidade, digno e humanizado.<\/p><\/div>\t\t\t\t\t\t\t\t<\/div>\n\t\t\t\t<\/div>\n\t\t\t\t\t<\/details>\n\t\t\t\t\t\t<details id=\"e-n-accordion-item-1705\" class=\"e-n-accordion-item\" >\n\t\t\t\t<summary class=\"e-n-accordion-item-title\" data-accordion-index=\"6\" tabindex=\"-1\" aria-expanded=\"false\" aria-controls=\"e-n-accordion-item-1705\" >\n\t\t\t\t\t<span class='e-n-accordion-item-title-header'><div class=\"e-n-accordion-item-title-text\"> Ouvidoria <\/div><\/span>\n\t\t\t\t\t\t\t<span class='e-n-accordion-item-title-icon'>\n\t\t\t<span class='e-opened' ><svg aria-hidden=\"true\" class=\"e-font-icon-svg e-fas-angle-down\" viewBox=\"0 0 320 512\" xmlns=\"http:\/\/www.w3.org\/2000\/svg\"><path d=\"M143 352.3L7 216.3c-9.4-9.4-9.4-24.6 0-33.9l22.6-22.6c9.4-9.4 24.6-9.4 33.9 0l96.4 96.4 96.4-96.4c9.4-9.4 24.6-9.4 33.9 0l22.6 22.6c9.4 9.4 9.4 24.6 0 33.9l-136 136c-9.2 9.4-24.4 9.4-33.8 0z\"><\/path><\/svg><\/span>\n\t\t\t<span class='e-closed'><svg aria-hidden=\"true\" class=\"e-font-icon-svg e-fas-angle-right\" viewBox=\"0 0 256 512\" xmlns=\"http:\/\/www.w3.org\/2000\/svg\"><path d=\"M224.3 273l-136 136c-9.4 9.4-24.6 9.4-33.9 0l-22.6-22.6c-9.4-9.4-9.4-24.6 0-33.9l96.4-96.4-96.4-96.4c-9.4-9.4-9.4-24.6 0-33.9L54.3 103c9.4-9.4 24.6-9.4 33.9 0l136 136c9.5 9.4 9.5 24.6.1 34z\"><\/path><\/svg><\/span>\n\t\t<\/span>\n\n\t\t\t\t\t\t<\/summary>\n\t\t\t\t<div role=\"region\" aria-labelledby=\"e-n-accordion-item-1705\" class=\"elementor-element elementor-element-67b9bb5 e-con-full e-flex e-con e-child\" data-id=\"67b9bb5\" data-element_type=\"container\" data-e-type=\"container\">\n\t\t\t\t<div class=\"elementor-element elementor-element-abb40ac elementor-widget elementor-widget-text-editor\" data-id=\"abb40ac\" data-element_type=\"widget\" data-e-type=\"widget\" data-widget_type=\"text-editor.default\">\n\t\t\t\t\t\t\t\t\t<div style=\"text-align: justify;\"><p>A ouvidoria exerce um papel relevante dentro da organiza\u00e7\u00e3o, proporcionando melhorias em servi\u00e7os de enfermagem, de acordo com as necessidades dos clientes. Al\u00e9m de atuar como parceira da gest\u00e3o, possibilita construir a\u00e7\u00f5es mais estrat\u00e9gicas para a continuidade da institui\u00e7\u00e3o.<\/p><p>Ouvidora: Nara Michele<\/p><p><strong>E-mail: <\/strong><a href=\"mailto:ouvidoria.hel@institutopatris.org.br\">ouvidoria.hel@institutopatris.org.br<\/a><\/p><\/div>\t\t\t\t\t\t\t\t<\/div>\n\t\t\t\t<\/div>\n\t\t\t\t\t<\/details>\n\t\t\t\t\t<\/div>\n\t\t\t\t\t\t<\/div>\n\t\t\t\t\t<\/div>\n\t\t\t\t<\/div>\n\t\t\t\t<\/div>\n\t\t","protected":false},"excerpt":{"rendered":"<p>Recep\u00e7\u00e3o Telefone: (61) 4042-9922 Diretoria Dire\u00e7\u00e3o Geral: Francisco Amud \/ diradm.hel@institutopatris.org.br Dire\u00e7\u00e3o T\u00e9cnica: Dra. Renata Meireles Roriz de Moraes \/ diretoriatecnica.hel@institutopatris.org.br Acesso \u00e0 Informa\u00e7\u00e3o da OS Localiza\u00e7\u00e3o Av. Alfredo Nasser, s\/n\u00ba &#8211; Parque Estrela Dalva VII Luzi\u00e2nia-Goi\u00e1s. CEP: 75513-540 O Hospital Estadual de Luzi\u00e2nia (HEL) \u00e9 uma unidade da Secretaria de Estado da Sa\u00fade de [&hellip;]<\/p>\n","protected":false},"author":222,"featured_media":0,"parent":0,"menu_order":0,"comment_status":"closed","ping_status":"closed","template":"","meta":{"footnotes":""},"class_list":["post-37655","page","type-page","status-publish","hentry"],"rttpg_featured_image_url":null,"rttpg_author":{"display_name":"diegomsilva","author_link":"https:\/\/goias.gov.br\/saude\/author\/diegomsilva\/"},"rttpg_comment":0,"rttpg_category":null,"rttpg_excerpt":"Recep\u00e7\u00e3o Telefone: (61) 4042-9922 Diretoria Dire\u00e7\u00e3o Geral: Francisco Amud \/ diradm.hel@institutopatris.org.br Dire\u00e7\u00e3o T\u00e9cnica: Dra. Renata Meireles Roriz de Moraes \/ diretoriatecnica.hel@institutopatris.org.br Acesso \u00e0 Informa\u00e7\u00e3o da OS Localiza\u00e7\u00e3o Av. Alfredo Nasser, s\/n\u00ba &#8211; Parque Estrela Dalva VII Luzi\u00e2nia-Goi\u00e1s. CEP: 75513-540 O Hospital Estadual de Luzi\u00e2nia (HEL) \u00e9 uma unidade da Secretaria de Estado da Sa\u00fade de&hellip;","_links":{"self":[{"href":"https:\/\/goias.gov.br\/saude\/wp-json\/wp\/v2\/pages\/37655","targetHints":{"allow":["GET"]}}],"collection":[{"href":"https:\/\/goias.gov.br\/saude\/wp-json\/wp\/v2\/pages"}],"about":[{"href":"https:\/\/goias.gov.br\/saude\/wp-json\/wp\/v2\/types\/page"}],"author":[{"embeddable":true,"href":"https:\/\/goias.gov.br\/saude\/wp-json\/wp\/v2\/users\/222"}],"replies":[{"embeddable":true,"href":"https:\/\/goias.gov.br\/saude\/wp-json\/wp\/v2\/comments?post=37655"}],"version-history":[{"count":3,"href":"https:\/\/goias.gov.br\/saude\/wp-json\/wp\/v2\/pages\/37655\/revisions"}],"predecessor-version":[{"id":628286,"href":"https:\/\/goias.gov.br\/saude\/wp-json\/wp\/v2\/pages\/37655\/revisions\/628286"}],"wp:attachment":[{"href":"https:\/\/goias.gov.br\/saude\/wp-json\/wp\/v2\/media?parent=37655"}],"curies":[{"name":"wp","href":"https:\/\/api.w.org\/{rel}","templated":true}]}}