

{"id":37522,"date":"2023-11-28T15:13:58","date_gmt":"2023-11-28T18:13:58","guid":{"rendered":"https:\/\/siteshom.goias.gov.br\/saude\/agenda-de-autoridades\/"},"modified":"2026-04-25T12:51:58","modified_gmt":"2026-04-25T15:51:58","slug":"agenda-de-autoridades","status":"publish","type":"page","link":"https:\/\/goias.gov.br\/saude\/agenda-de-autoridades\/","title":{"rendered":"Agenda de Autoridades"},"content":{"rendered":"<p><strong style='margin-block-end: -1.8rem'><a href='https:\/\/goias.gov.br\/saude\/secretario-de-estado-da-saude\/'>Secret\u00e1rio de Estado da Sa\u00fade<\/a><\/strong><br \/>RASIVEL DOS REIS SANTOS JUNIOR<\/p>\n<p><strong style='margin-block-end: -1.8rem'><a href='https:\/\/goias.gov.br\/saude\/chefe-de-gabinete\/'>Chefe de Gabinete<\/a><\/strong><br \/>ADRIANO SULLIVAN CHAGAS<\/p>\n<p><strong style='margin-block-end: -1.8rem'><a href='https:\/\/goias.gov.br\/saude\/chefe-da-comunicacao-setorial\/'>Chefe da Comunica\u00e7\u00e3o Setorial<\/a><\/strong><br \/>IARA SILVA LOURENCO<\/p>\n<p><strong style='margin-block-end: -1.8rem'><a href='https:\/\/goias.gov.br\/saude\/assessor-especial-de-prioridades-estrategicas\/'>Assessor Especial de Prioridades Estrat\u00e9gicas<\/a><\/strong><br \/>FELIPE SOARES DE SOUZA<\/p>\n<p><strong style='margin-block-end: -1.8rem'><a href='https:\/\/goias.gov.br\/saude\/chefe-do-escritorio-de-projetos-setorial\/'>Chefe do Escrit\u00f3rio de Projetos Setorial<\/a><\/strong><br \/>TALLES MENDES DE CASTRO<\/p>\n<p><strong style='margin-block-end: -1.8rem'><a href='https:\/\/goias.gov.br\/saude\/assessor-especial-de-gestao-institucional\/'>Assessor Especial de Gest\u00e3o Institucional<\/a><\/strong><br \/>SERGIO ALBERTO CUNHA VENCIO<\/p>\n<p><strong style='margin-block-end: -1.8rem'><a href='https:\/\/goias.gov.br\/saude\/assessora-especial-tecnico-em-gestao-da-saude\/'>Assessora Especial T\u00e9cnico em Gest\u00e3o da Sa\u00fade<\/a><\/strong><br \/>PALOMA CASSIA PEIXOTO NEVES<\/p>\n<p><strong style='margin-block-end: -1.8rem'><a href='https:\/\/goias.gov.br\/saude\/secretario-adjunto-de-estado-da-saude-de-goias\/'>Secret\u00e1rio-Adjunto de Estado da Sa\u00fade de Goi\u00e1s<\/a><\/strong><br \/>LUCIANO DE MOURA CARVALHO<\/p>\n<p><strong style='margin-block-end: -1.8rem'><a href='https:\/\/goias.gov.br\/saude\/superintendente-de-gestao-integrada\/'>Superintendente de Gest\u00e3o Integrada<\/a><\/strong><br \/>THALLES PAULINO DE AVILA<\/p>\n<p><strong style='margin-block-end: -1.8rem'><a href='https:\/\/goias.gov.br\/saude\/subsecretaria-de-politicas-e-acoes-em-saude\/'>Subsecret\u00e1ria de Pol\u00edticas e A\u00e7\u00f5es em Sa\u00fade<\/a><\/strong><br \/>AMANDA MELO E SANTOS LIMONGI<\/p>\n<p><strong style='margin-block-end: -1.8rem'><a href='https:\/\/goias.gov.br\/saude\/assessor-especial-de-relacoes-institucionais\/'>Assessor Especial de Rela\u00e7\u00f5es Institucionais<\/a><\/strong><br \/>JOSE FERNANDO LEMES DE JESUS<\/p>\n<p><strong style='margin-block-end: -1.8rem'><a href='https:\/\/goias.gov.br\/saude\/superintendente-de-regulacao-controle-e-avaliacao\/'>Superintendente de Regula\u00e7\u00e3o, Controle e Avalia\u00e7\u00e3o<\/a><\/strong><br \/>LORENA NUNES MOTA<\/p>\n<p><strong style='margin-block-end: -1.8rem'><a href='https:\/\/goias.gov.br\/saude\/superintendente-de-politicas-de-atencao-integral-a-saude\/'>Superintendente de Pol\u00edticas de Aten\u00e7\u00e3o Integral \u00e0 Sa\u00fade<\/a><\/strong><br \/>LIGIA VANESSA SILVA CRUZ DUARTE<\/p>\n<p><strong style='margin-block-end: -1.8rem'><a href='https:\/\/goias.gov.br\/saude\/superintendente-de-monitoramento-de-contratos-de-gestao-e-convenios\/'>Superintendente de Monitoramento de Contratos de Gest\u00e3o e Conv\u00eanios<\/a><\/strong><br \/>WAGNER ASSIS RODRIGUES<\/p>\n<p><strong style='margin-block-end: -1.8rem'><a href='https:\/\/goias.gov.br\/saude\/superintendente-de-regionalizacao\/'>Superintendente de Regionaliza\u00e7\u00e3o<\/a><\/strong><br \/>ERIKA LOPES ROCHA BATISTA<\/p>\n<p><strong style='margin-block-end: -1.8rem'><a href='https:\/\/goias.gov.br\/saude\/subsecretaria-de-vigilancia-em-saude\/'>Subsecret\u00e1ria de Vigil\u00e2ncia em Sa\u00fade<\/a><\/strong><br \/>FLUVIA PEREIRA AMORIM DA SILVA<\/p>\n<p><strong style='margin-block-end: -1.8rem'><a href='https:\/\/goias.gov.br\/saude\/superintendente-de-vigilancia-epidemiologica-e-imunizacao\/'>Superintendente de Vigil\u00e2ncia Epidemiol\u00f3gica e Imuniza\u00e7\u00e3o<\/a><\/strong><br \/>CRISTINA APARECIDA BORGES PEREIRA LAVAL<\/p>\n<p><strong style='margin-block-end: -1.8rem'><a href='https:\/\/goias.gov.br\/saude\/superintendente-de-vigilancia-sanitaria-ambiental-e-saude-do-trabalhador\/'>Superintendente de Vigil\u00e2ncia Sanit\u00e1ria, Ambiental e Sa\u00fade do Trabalhador<\/a><\/strong><br \/>ELIANE RODRIGUES DA CRUZ<\/p>\n<p><strong style='margin-block-end: -1.8rem'><a href='https:\/\/goias.gov.br\/saude\/subsecretaria-de-inovacao-planejamento-educacao-e-infraestrutura\/'>Subsecret\u00e1ria de Inova\u00e7\u00e3o, Planejamento, Educa\u00e7\u00e3o e Infraestrutura<\/a><\/strong><br \/>ANA CAROLINA REZENDE ABRAHAO<\/p>\n<p><strong style='margin-block-end: -1.8rem'><a href='https:\/\/goias.gov.br\/saude\/superintendente-de-tecnologia-inovacao-e-saude-digital\/'>Superintendente de Tecnologia, Inova\u00e7\u00e3o e Sa\u00fade Digital<\/a><\/strong><br \/>LUISELENA LUNA ESMERALDO<\/p>\n<p><strong style='margin-block-end: -1.8rem'><a href='https:\/\/goias.gov.br\/saude\/superintendente-de-planejamento\/'>Superintendente de Planejamento<\/a><\/strong><br \/>TULIO SILVA OLIVEIRA<\/p>\n<p><strong style='margin-block-end: -1.8rem'><a href='https:\/\/goias.gov.br\/saude\/superintendente-da-escola-de-saude-de-goias\/'>Superintendente da Escola de Sa\u00fade de Goi\u00e1s<\/a><\/strong><br \/>EDINALVA RODRIGUES BATISTA GONCALVES<\/p>\n<p><strong style='margin-block-end: -1.8rem'><a href='https:\/\/goias.gov.br\/saude\/superintendente-de-infraestrutura\/'>Superintendente de Infraestrutura<\/a><\/strong><br \/>MAURICIO ERTNER DE ALMEIDA<\/p>\n<p><strong style='margin-block-end: -1.8rem'><a href='https:\/\/goias.gov.br\/saude\/subsecretario-de-controle-interno-e-compliance\/'>Subsecret\u00e1rio de Controle Interno e Compliance<\/a><\/strong><br \/>RENEILTON BRITO DE ABREU<\/p>\n<p><strong style='margin-block-end: -1.8rem'><a href='https:\/\/goias.gov.br\/saude\/superintendente-de-governo-aberto-e-participacao-cidada\/'>Superintendente de Governo Aberto e Participa\u00e7\u00e3o Cidad\u00e3<\/a><\/strong><br \/>SERGIO GOMES DE CARVALHO<\/p>\n<p><strong style='margin-block-end: -1.8rem'><a href='https:\/\/goias.gov.br\/saude\/superintendente-de-controle-interno-e-correicao\/'>Superintendente de Controle Interno e Correi\u00e7\u00e3o<\/a><\/strong><br \/>SUELLEN DANTAS TOBIAS E SILVA RAVAZZI<\/p>\n","protected":false},"excerpt":{"rendered":"<p>Secret\u00e1rio de Estado da Sa\u00fadeRASIVEL DOS REIS SANTOS JUNIOR Chefe de GabineteADRIANO SULLIVAN CHAGAS Chefe da Comunica\u00e7\u00e3o SetorialIARA SILVA LOURENCO Assessor Especial de Prioridades Estrat\u00e9gicasFELIPE SOARES DE SOUZA Chefe do Escrit\u00f3rio de Projetos SetorialTALLES MENDES DE CASTRO Assessor Especial de Gest\u00e3o InstitucionalSERGIO ALBERTO CUNHA VENCIO Assessora Especial T\u00e9cnico em Gest\u00e3o da Sa\u00fadePALOMA CASSIA PEIXOTO NEVES [&hellip;]<\/p>\n","protected":false},"author":165,"featured_media":0,"parent":0,"menu_order":0,"comment_status":"closed","ping_status":"closed","template":"","meta":{"footnotes":""},"class_list":["post-37522","page","type-page","status-publish","hentry"],"rttpg_featured_image_url":null,"rttpg_author":{"display_name":"ricardocruz","author_link":"https:\/\/goias.gov.br\/saude\/author\/ricardocruz\/"},"rttpg_comment":0,"rttpg_category":null,"rttpg_excerpt":"Secret\u00e1rio de Estado da Sa\u00fadeRASIVEL DOS REIS SANTOS JUNIOR Chefe de GabineteADRIANO SULLIVAN CHAGAS Chefe da Comunica\u00e7\u00e3o SetorialIARA SILVA LOURENCO Assessor Especial de Prioridades Estrat\u00e9gicasFELIPE SOARES DE SOUZA Chefe do Escrit\u00f3rio de Projetos SetorialTALLES MENDES DE CASTRO Assessor Especial de Gest\u00e3o InstitucionalSERGIO ALBERTO CUNHA VENCIO Assessora Especial T\u00e9cnico em Gest\u00e3o da Sa\u00fadePALOMA CASSIA PEIXOTO NEVES&hellip;","_links":{"self":[{"href":"https:\/\/goias.gov.br\/saude\/wp-json\/wp\/v2\/pages\/37522","targetHints":{"allow":["GET"]}}],"collection":[{"href":"https:\/\/goias.gov.br\/saude\/wp-json\/wp\/v2\/pages"}],"about":[{"href":"https:\/\/goias.gov.br\/saude\/wp-json\/wp\/v2\/types\/page"}],"author":[{"embeddable":true,"href":"https:\/\/goias.gov.br\/saude\/wp-json\/wp\/v2\/users\/165"}],"replies":[{"embeddable":true,"href":"https:\/\/goias.gov.br\/saude\/wp-json\/wp\/v2\/comments?post=37522"}],"version-history":[{"count":2,"href":"https:\/\/goias.gov.br\/saude\/wp-json\/wp\/v2\/pages\/37522\/revisions"}],"predecessor-version":[{"id":773316,"href":"https:\/\/goias.gov.br\/saude\/wp-json\/wp\/v2\/pages\/37522\/revisions\/773316"}],"wp:attachment":[{"href":"https:\/\/goias.gov.br\/saude\/wp-json\/wp\/v2\/media?parent=37522"}],"curies":[{"name":"wp","href":"https:\/\/api.w.org\/{rel}","templated":true}]}}