

{"id":37494,"date":"2023-11-28T12:47:47","date_gmt":"2023-11-28T15:47:47","guid":{"rendered":"https:\/\/siteshom.goias.gov.br\/saude\/?page_id=37494"},"modified":"2025-12-02T10:51:31","modified_gmt":"2025-12-02T13:51:31","slug":"informacoes-administrativas-e-financeiras","status":"publish","type":"page","link":"https:\/\/goias.gov.br\/saude\/informacoes-administrativas-e-financeiras\/","title":{"rendered":"Informa\u00e7\u00f5es Administrativas e Financeiras"},"content":{"rendered":"\t\t<div data-elementor-type=\"wp-page\" data-elementor-id=\"37494\" class=\"elementor elementor-37494\">\n\t\t\t\t<div class=\"elementor-element elementor-element-6ce7fd1 e-flex e-con-boxed e-con e-parent\" data-id=\"6ce7fd1\" data-element_type=\"container\" data-e-type=\"container\">\n\t\t\t\t\t<div class=\"e-con-inner\">\n\t\t\t\t<div class=\"elementor-element elementor-element-c55282a elementor-widget elementor-widget-n-accordion\" data-id=\"c55282a\" data-element_type=\"widget\" data-e-type=\"widget\" data-settings=\"{&quot;default_state&quot;:&quot;all_collapsed&quot;,&quot;max_items_expended&quot;:&quot;one&quot;,&quot;n_accordion_animation_duration&quot;:{&quot;unit&quot;:&quot;ms&quot;,&quot;size&quot;:400,&quot;sizes&quot;:[]}}\" data-widget_type=\"nested-accordion.default\">\n\t\t\t\t\t\t\t<div class=\"e-n-accordion\" aria-label=\"Accordion. Open links with Enter or Space, close with Escape, and navigate with Arrow Keys\">\n\t\t\t\t\t\t<details id=\"e-n-accordion-item-2060\" class=\"e-n-accordion-item\" >\n\t\t\t\t<summary class=\"e-n-accordion-item-title\" data-accordion-index=\"1\" tabindex=\"0\" aria-expanded=\"false\" aria-controls=\"e-n-accordion-item-2060\" >\n\t\t\t\t\t<span class='e-n-accordion-item-title-header'><div class=\"e-n-accordion-item-title-text\"> Execu\u00e7\u00e3o Or\u00e7ament\u00e1ria e Financeira <\/div><\/span>\n\t\t\t\t\t\t\t<span class='e-n-accordion-item-title-icon'>\n\t\t\t<span class='e-opened' ><svg aria-hidden=\"true\" class=\"e-font-icon-svg e-fas-angle-down\" viewBox=\"0 0 320 512\" xmlns=\"http:\/\/www.w3.org\/2000\/svg\"><path d=\"M143 352.3L7 216.3c-9.4-9.4-9.4-24.6 0-33.9l22.6-22.6c9.4-9.4 24.6-9.4 33.9 0l96.4 96.4 96.4-96.4c9.4-9.4 24.6-9.4 33.9 0l22.6 22.6c9.4 9.4 9.4 24.6 0 33.9l-136 136c-9.2 9.4-24.4 9.4-33.8 0z\"><\/path><\/svg><\/span>\n\t\t\t<span class='e-closed'><svg aria-hidden=\"true\" class=\"e-font-icon-svg e-fas-angle-right\" viewBox=\"0 0 256 512\" xmlns=\"http:\/\/www.w3.org\/2000\/svg\"><path d=\"M224.3 273l-136 136c-9.4 9.4-24.6 9.4-33.9 0l-22.6-22.6c-9.4-9.4-9.4-24.6 0-33.9l96.4-96.4-96.4-96.4c-9.4-9.4-9.4-24.6 0-33.9L54.3 103c9.4-9.4 24.6-9.4 33.9 0l136 136c9.5 9.4 9.5 24.6.1 34z\"><\/path><\/svg><\/span>\n\t\t<\/span>\n\n\t\t\t\t\t\t<\/summary>\n\t\t\t\t<div role=\"region\" aria-labelledby=\"e-n-accordion-item-2060\" class=\"elementor-element elementor-element-445767d e-con-full e-flex e-con e-child\" data-id=\"445767d\" data-element_type=\"container\" data-e-type=\"container\">\n\t\t\t\t<div class=\"elementor-element elementor-element-7f0369f elementor-widget elementor-widget-text-editor\" data-id=\"7f0369f\" data-element_type=\"widget\" data-e-type=\"widget\" data-widget_type=\"text-editor.default\">\n\t\t\t\t\t\t\t\t\t<ul style=\"list-style-type: square;\"><li><a href=\"https:\/\/indicadores.saude.go.gov.br\/public\/saf_geral_vinculacao.html\" target=\"_blank\" rel=\"noopener\">Cumprimento da Vincula\u00e7\u00e3o Constitucional<\/a><\/li><li><a href=\"https:\/\/indicadores.saude.go.gov.br\/public\/gastoscovid.html\" target=\"_blank\" rel=\"noopener\">Gastos Covid-19<\/a><\/li><li><a href=\"https:\/\/indicadores.saude.go.gov.br\/public\/saf_tesouro.html\" target=\"_blank\" rel=\"noopener\">Recursos do Tesouro &#8211; Gr\u00e1fico<\/a><\/li><li><a href=\"https:\/\/indicadores.saude.go.gov.br\/public\/saf_rel_tesouro.html\" target=\"_blank\" rel=\"noopener\">Recursos do Tesouro &#8211; Relat\u00f3rio<\/a><\/li><li><a href=\"https:\/\/indicadores.saude.go.gov.br\/public\/saf_federal.html\" target=\"_blank\" rel=\"noopener\">Recursos Federal\/Pr\u00f3prio &#8211; Gr\u00e1fico<\/a><\/li><li><a href=\"https:\/\/indicadores.saude.go.gov.br\/public\/saf_rel_federal.html\" target=\"_blank\" rel=\"noopener\">Recursos Federal\/Pr\u00f3prio &#8211; Relat\u00f3rio<\/a><\/li><li><a href=\"\/saude\/relatorio-de-execucao-financeira-contratos\/\" target=\"_blank\" rel=\"noopener noreferrer\">Relat\u00f3rio de Execu\u00e7\u00e3o Financeira \u2013 Contratos<\/a><\/li><\/ul>\t\t\t\t\t\t\t\t<\/div>\n\t\t\t\t<\/div>\n\t\t\t\t\t<\/details>\n\t\t\t\t\t\t<details id=\"e-n-accordion-item-2061\" class=\"e-n-accordion-item\" >\n\t\t\t\t<summary class=\"e-n-accordion-item-title\" data-accordion-index=\"2\" tabindex=\"-1\" aria-expanded=\"false\" aria-controls=\"e-n-accordion-item-2061\" >\n\t\t\t\t\t<span class='e-n-accordion-item-title-header'><div class=\"e-n-accordion-item-title-text\"> Gest\u00e3o Integrada <\/div><\/span>\n\t\t\t\t\t\t\t<span class='e-n-accordion-item-title-icon'>\n\t\t\t<span class='e-opened' ><svg aria-hidden=\"true\" class=\"e-font-icon-svg e-fas-angle-down\" viewBox=\"0 0 320 512\" xmlns=\"http:\/\/www.w3.org\/2000\/svg\"><path d=\"M143 352.3L7 216.3c-9.4-9.4-9.4-24.6 0-33.9l22.6-22.6c9.4-9.4 24.6-9.4 33.9 0l96.4 96.4 96.4-96.4c9.4-9.4 24.6-9.4 33.9 0l22.6 22.6c9.4 9.4 9.4 24.6 0 33.9l-136 136c-9.2 9.4-24.4 9.4-33.8 0z\"><\/path><\/svg><\/span>\n\t\t\t<span class='e-closed'><svg aria-hidden=\"true\" class=\"e-font-icon-svg e-fas-angle-right\" viewBox=\"0 0 256 512\" xmlns=\"http:\/\/www.w3.org\/2000\/svg\"><path d=\"M224.3 273l-136 136c-9.4 9.4-24.6 9.4-33.9 0l-22.6-22.6c-9.4-9.4-9.4-24.6 0-33.9l96.4-96.4-96.4-96.4c-9.4-9.4-9.4-24.6 0-33.9L54.3 103c9.4-9.4 24.6-9.4 33.9 0l136 136c9.5 9.4 9.5 24.6.1 34z\"><\/path><\/svg><\/span>\n\t\t<\/span>\n\n\t\t\t\t\t\t<\/summary>\n\t\t\t\t<div role=\"region\" aria-labelledby=\"e-n-accordion-item-2061\" class=\"elementor-element elementor-element-612f9ab e-con-full e-flex e-con e-child\" data-id=\"612f9ab\" data-element_type=\"container\" data-e-type=\"container\">\n\t\t\t\t<div class=\"elementor-element elementor-element-d6581b9 elementor-widget elementor-widget-text-editor\" data-id=\"d6581b9\" data-element_type=\"widget\" data-e-type=\"widget\" data-widget_type=\"text-editor.default\">\n\t\t\t\t\t\t\t\t\t<ul style=\"list-style-type: square;\"><li><a href=\"https:\/\/indicadores.saude.go.gov.br\/public\/regionais.html\" target=\"_blank\" rel=\"noopener\">Regionais de Sa\u00fade<\/a><\/li><\/ul>\t\t\t\t\t\t\t\t<\/div>\n\t\t\t\t<\/div>\n\t\t\t\t\t<\/details>\n\t\t\t\t\t\t<details id=\"e-n-accordion-item-2062\" class=\"e-n-accordion-item\" >\n\t\t\t\t<summary class=\"e-n-accordion-item-title\" data-accordion-index=\"3\" tabindex=\"-1\" aria-expanded=\"false\" aria-controls=\"e-n-accordion-item-2062\" >\n\t\t\t\t\t<span class='e-n-accordion-item-title-header'><div class=\"e-n-accordion-item-title-text\"> Munic\u00edpios <\/div><\/span>\n\t\t\t\t\t\t\t<span class='e-n-accordion-item-title-icon'>\n\t\t\t<span class='e-opened' ><svg aria-hidden=\"true\" class=\"e-font-icon-svg e-fas-angle-down\" viewBox=\"0 0 320 512\" xmlns=\"http:\/\/www.w3.org\/2000\/svg\"><path d=\"M143 352.3L7 216.3c-9.4-9.4-9.4-24.6 0-33.9l22.6-22.6c9.4-9.4 24.6-9.4 33.9 0l96.4 96.4 96.4-96.4c9.4-9.4 24.6-9.4 33.9 0l22.6 22.6c9.4 9.4 9.4 24.6 0 33.9l-136 136c-9.2 9.4-24.4 9.4-33.8 0z\"><\/path><\/svg><\/span>\n\t\t\t<span class='e-closed'><svg aria-hidden=\"true\" class=\"e-font-icon-svg e-fas-angle-right\" viewBox=\"0 0 256 512\" xmlns=\"http:\/\/www.w3.org\/2000\/svg\"><path d=\"M224.3 273l-136 136c-9.4 9.4-24.6 9.4-33.9 0l-22.6-22.6c-9.4-9.4-9.4-24.6 0-33.9l96.4-96.4-96.4-96.4c-9.4-9.4-9.4-24.6 0-33.9L54.3 103c9.4-9.4 24.6-9.4 33.9 0l136 136c9.5 9.4 9.5 24.6.1 34z\"><\/path><\/svg><\/span>\n\t\t<\/span>\n\n\t\t\t\t\t\t<\/summary>\n\t\t\t\t<div role=\"region\" aria-labelledby=\"e-n-accordion-item-2062\" class=\"elementor-element elementor-element-6f929db e-con-full e-flex e-con e-child\" data-id=\"6f929db\" data-element_type=\"container\" data-e-type=\"container\">\n\t\t\t\t<div class=\"elementor-element elementor-element-9e96de4 elementor-widget elementor-widget-text-editor\" data-id=\"9e96de4\" data-element_type=\"widget\" data-e-type=\"widget\" data-widget_type=\"text-editor.default\">\n\t\t\t\t\t\t\t\t\t<ul style=\"list-style-type: square;\"><li>PPI (Programa\u00e7\u00e3o Pactuada Integrada)<\/li><li><a href=\"https:\/\/indicadores.saude.go.gov.br\/public\/fms.html\" target=\"_blank\" rel=\"noopener\">Repasse aos Munic\u00edpios &#8211; Fundo a Fundo<\/a><\/li><li><a href=\"https:\/\/extranet.saude.go.gov.br\/saf\/ManterRelatorioPagamentoFundoExterno.jsf\" target=\"_blank\" rel=\"noopener\">Repasse aos Munic\u00edpios &#8211; Pesquisa SAF<\/a><\/li><\/ul>\t\t\t\t\t\t\t\t<\/div>\n\t\t\t\t<\/div>\n\t\t\t\t\t<\/details>\n\t\t\t\t\t\t<details id=\"e-n-accordion-item-2063\" class=\"e-n-accordion-item\" >\n\t\t\t\t<summary class=\"e-n-accordion-item-title\" data-accordion-index=\"4\" tabindex=\"-1\" aria-expanded=\"false\" aria-controls=\"e-n-accordion-item-2063\" >\n\t\t\t\t\t<span class='e-n-accordion-item-title-header'><div class=\"e-n-accordion-item-title-text\"> Ouvidoria <\/div><\/span>\n\t\t\t\t\t\t\t<span class='e-n-accordion-item-title-icon'>\n\t\t\t<span class='e-opened' ><svg aria-hidden=\"true\" class=\"e-font-icon-svg e-fas-angle-down\" viewBox=\"0 0 320 512\" xmlns=\"http:\/\/www.w3.org\/2000\/svg\"><path d=\"M143 352.3L7 216.3c-9.4-9.4-9.4-24.6 0-33.9l22.6-22.6c9.4-9.4 24.6-9.4 33.9 0l96.4 96.4 96.4-96.4c9.4-9.4 24.6-9.4 33.9 0l22.6 22.6c9.4 9.4 9.4 24.6 0 33.9l-136 136c-9.2 9.4-24.4 9.4-33.8 0z\"><\/path><\/svg><\/span>\n\t\t\t<span class='e-closed'><svg aria-hidden=\"true\" class=\"e-font-icon-svg e-fas-angle-right\" viewBox=\"0 0 256 512\" xmlns=\"http:\/\/www.w3.org\/2000\/svg\"><path d=\"M224.3 273l-136 136c-9.4 9.4-24.6 9.4-33.9 0l-22.6-22.6c-9.4-9.4-9.4-24.6 0-33.9l96.4-96.4-96.4-96.4c-9.4-9.4-9.4-24.6 0-33.9L54.3 103c9.4-9.4 24.6-9.4 33.9 0l136 136c9.5 9.4 9.5 24.6.1 34z\"><\/path><\/svg><\/span>\n\t\t<\/span>\n\n\t\t\t\t\t\t<\/summary>\n\t\t\t\t<div role=\"region\" aria-labelledby=\"e-n-accordion-item-2063\" class=\"elementor-element elementor-element-2487b5a e-con-full e-flex e-con e-child\" data-id=\"2487b5a\" data-element_type=\"container\" data-e-type=\"container\">\n\t\t\t\t<div class=\"elementor-element elementor-element-227d733 elementor-widget elementor-widget-text-editor\" data-id=\"227d733\" data-element_type=\"widget\" data-e-type=\"widget\" data-widget_type=\"text-editor.default\">\n\t\t\t\t\t\t\t\t\t<ul style=\"list-style-type: square;\"><li><a href=\"https:\/\/goias.gov.br\/saude\/ouvidoria-geral-do-sus\/\" target=\"_blank\" rel=\"noopener noreferrer\">Ouvidoria Informa<\/a><\/li><\/ul>\t\t\t\t\t\t\t\t<\/div>\n\t\t\t\t<\/div>\n\t\t\t\t\t<\/details>\n\t\t\t\t\t<\/div>\n\t\t\t\t\t\t<\/div>\n\t\t\t\t\t<\/div>\n\t\t\t\t<\/div>\n\t\t\t\t<\/div>\n\t\t","protected":false},"excerpt":{"rendered":"<p>Execu\u00e7\u00e3o Or\u00e7ament\u00e1ria e Financeira Cumprimento da Vincula\u00e7\u00e3o Constitucional Gastos Covid-19 Recursos do Tesouro &#8211; Gr\u00e1fico Recursos do Tesouro &#8211; Relat\u00f3rio Recursos Federal\/Pr\u00f3prio &#8211; Gr\u00e1fico Recursos Federal\/Pr\u00f3prio &#8211; Relat\u00f3rio Relat\u00f3rio de Execu\u00e7\u00e3o Financeira \u2013 Contratos Gest\u00e3o Integrada Regionais de Sa\u00fade Munic\u00edpios PPI (Programa\u00e7\u00e3o Pactuada Integrada) Repasse aos Munic\u00edpios &#8211; Fundo a Fundo Repasse aos Munic\u00edpios &#8211; [&hellip;]<\/p>\n","protected":false},"author":7,"featured_media":0,"parent":0,"menu_order":0,"comment_status":"closed","ping_status":"closed","template":"","meta":{"footnotes":""},"class_list":["post-37494","page","type-page","status-publish","hentry"],"rttpg_featured_image_url":null,"rttpg_author":{"display_name":"gustavogoncalves","author_link":"https:\/\/goias.gov.br\/saude\/author\/gustavogoncalves\/"},"rttpg_comment":0,"rttpg_category":null,"rttpg_excerpt":"Execu\u00e7\u00e3o Or\u00e7ament\u00e1ria e Financeira Cumprimento da Vincula\u00e7\u00e3o Constitucional Gastos Covid-19 Recursos do Tesouro &#8211; Gr\u00e1fico Recursos do Tesouro &#8211; Relat\u00f3rio Recursos Federal\/Pr\u00f3prio &#8211; Gr\u00e1fico Recursos Federal\/Pr\u00f3prio &#8211; Relat\u00f3rio Relat\u00f3rio de Execu\u00e7\u00e3o Financeira \u2013 Contratos Gest\u00e3o Integrada Regionais de Sa\u00fade Munic\u00edpios PPI (Programa\u00e7\u00e3o Pactuada Integrada) Repasse aos Munic\u00edpios &#8211; Fundo a Fundo Repasse aos Munic\u00edpios &#8211;&hellip;","_links":{"self":[{"href":"https:\/\/goias.gov.br\/saude\/wp-json\/wp\/v2\/pages\/37494","targetHints":{"allow":["GET"]}}],"collection":[{"href":"https:\/\/goias.gov.br\/saude\/wp-json\/wp\/v2\/pages"}],"about":[{"href":"https:\/\/goias.gov.br\/saude\/wp-json\/wp\/v2\/types\/page"}],"author":[{"embeddable":true,"href":"https:\/\/goias.gov.br\/saude\/wp-json\/wp\/v2\/users\/7"}],"replies":[{"embeddable":true,"href":"https:\/\/goias.gov.br\/saude\/wp-json\/wp\/v2\/comments?post=37494"}],"version-history":[{"count":2,"href":"https:\/\/goias.gov.br\/saude\/wp-json\/wp\/v2\/pages\/37494\/revisions"}],"predecessor-version":[{"id":622625,"href":"https:\/\/goias.gov.br\/saude\/wp-json\/wp\/v2\/pages\/37494\/revisions\/622625"}],"wp:attachment":[{"href":"https:\/\/goias.gov.br\/saude\/wp-json\/wp\/v2\/media?parent=37494"}],"curies":[{"name":"wp","href":"https:\/\/api.w.org\/{rel}","templated":true}]}}