

{"id":37491,"date":"2023-11-28T12:44:12","date_gmt":"2023-11-28T15:44:12","guid":{"rendered":"https:\/\/siteshom.goias.gov.br\/saude\/?page_id=37491"},"modified":"2025-11-27T11:23:53","modified_gmt":"2025-11-27T14:23:53","slug":"conecta-sus","status":"publish","type":"page","link":"https:\/\/goias.gov.br\/saude\/conecta-sus\/","title":{"rendered":"Conecta SUS"},"content":{"rendered":"\t\t<div data-elementor-type=\"wp-page\" data-elementor-id=\"37491\" class=\"elementor elementor-37491\">\n\t\t\t\t<div class=\"elementor-element elementor-element-6f111c0 e-flex e-con-boxed e-con e-parent\" data-id=\"6f111c0\" data-element_type=\"container\" data-e-type=\"container\">\n\t\t\t\t\t<div class=\"e-con-inner\">\n\t\t<div class=\"elementor-element elementor-element-cfb7538 e-con-full e-flex e-con e-child\" data-id=\"cfb7538\" data-element_type=\"container\" data-e-type=\"container\">\n\t\t\t\t<div class=\"elementor-element elementor-element-f0acfca elementor-widget elementor-widget-text-editor\" data-id=\"f0acfca\" data-element_type=\"widget\" data-e-type=\"widget\" data-widget_type=\"text-editor.default\">\n\t\t\t\t\t\t\t\t\t<h3 class=\"sppb-addon-title\">Gerente<\/h3><div class=\"sppb-addon-content\"><p><strong>Juliana Dias Lopes<\/strong><br \/>(62) 3201-3780<br \/><a href=\"mailto:conectasus.saude@goias.gov.br\">conectasus.saude@goias.gov.br<\/a><\/p><p><strong>Localiza\u00e7\u00e3o:<\/strong><\/p><\/div><p><a href=\"https:\/\/maps.app.goo.gl\/PgPGUEBjn4Faj9iW7\" target=\"_blank\" rel=\"noopener\">Av. SC 1 n\u00ba 299 &#8211; Parque Santa Cruz<br \/>Goi\u00e2nia &#8211; GO<br \/>CEP: 74.860-260<\/a><\/p>\t\t\t\t\t\t\t\t<\/div>\n\t\t\t\t<\/div>\n\t\t<div class=\"elementor-element elementor-element-61f576b e-con-full e-flex e-con e-child\" data-id=\"61f576b\" data-element_type=\"container\" data-e-type=\"container\">\n\t\t\t\t<div class=\"elementor-element elementor-element-35f9e34 elementor-widget elementor-widget-text-editor\" data-id=\"35f9e34\" data-element_type=\"widget\" data-e-type=\"widget\" data-widget_type=\"text-editor.default\">\n\t\t\t\t\t\t\t\t\t<p style=\"text-align: justify;\">O Centro de Informa\u00e7\u00f5es e Decis\u00f5es Estrat\u00e9gicas em Sa\u00fade (Conecta SUS Zilda Arns Neumann), iniciou-se com a sala de situa\u00e7\u00e3o da dengue em 2013, e foi inaugurado na sede da Secretaria de Estado da Sa\u00fade de Goi\u00e1s em 03 de dezembro de 2014. Um projeto inovador e \u00fanico no Brasil, \u00e0 \u00e9poca.<\/p><p style=\"text-align: justify;\">O Conecta SUS tem como prop\u00f3sito fundamental dar suporte aos gestores de sa\u00fade em seus esfor\u00e7os para fortalecer sua capacidade de implementar interven\u00e7\u00f5es chave para otimizar as pol\u00edticas p\u00fablicas de sa\u00fade, por meio de informa\u00e7\u00f5es estrat\u00e9gicas, an\u00e1lise de indicadores, evid\u00eancias cientificas e an\u00e1lise de tend\u00eancias.<\/p><p style=\"text-align: justify;\">Com esse apoio de monitoramento, os gestores podem acompanhar o progresso em rela\u00e7\u00e3o aos planejamentos e podem assim, projetar formas de corrigir as discrep\u00e2ncias.<\/p>\t\t\t\t\t\t\t\t<\/div>\n\t\t\t\t<\/div>\n\t\t\t\t\t<\/div>\n\t\t\t\t<\/div>\n\t\t<div class=\"elementor-element elementor-element-9c197e4 e-flex e-con-boxed e-con e-parent\" data-id=\"9c197e4\" data-element_type=\"container\" data-e-type=\"container\">\n\t\t\t\t\t<div class=\"e-con-inner\">\n\t\t\t\t<div class=\"elementor-element elementor-element-accc057 elementor-widget elementor-widget-html\" data-id=\"accc057\" data-element_type=\"widget\" data-e-type=\"widget\" data-widget_type=\"html.default\">\n\t\t\t\t\t<!DOCTYPE html>\r\n<html lang=\"pt-br\" dir=\"ltr\">\r\n<head>\r\n  <meta http-equiv=\"Content-Type\" content=\"text\/html; charset=UTF-8\" \/>\r\n  <style>\r\n    \/* Estilos para desktop *\/\r\n    .container {\r\n      padding: 20px;\r\n    }\r\n\r\n    .section {\r\n      margin-bottom: 40px;\r\n    }\r\n\r\n    .title {\r\n      text-align: center;\r\n      margin: 0 0 24px;\r\n      color: #0c326f;\r\n      font-weight: 600;\r\n      font-size: 2.7rem;\r\n      line-height: 1.5;\r\n    }\r\n\r\n    .cards {\r\n      display: flex;\r\n      justify-content: space-evenly;\r\n      flex-wrap: wrap;\r\n      margin: 0;\r\n      padding: 0;\r\n      list-style: none;\r\n    }\r\n\r\n    .cards li {\r\n      background-color: #ededed;\r\n      box-shadow: 0 3px 6px 0 rgba(0, 0, 0, 0.16);\r\n      text-align: center;\r\n      flex-basis: 23%;\r\n      box-sizing: border-box;\r\n      min-height: 230px;\r\n      margin-bottom: 1.2em;\r\n      line-height: 1.5em;\r\n      display: list-item;\r\n    }\r\n\r\n    .cards li a {\r\n      display: flex;\r\n      justify-content: center;\r\n      align-items: center;\r\n      flex-direction: column;\r\n      width: 100%;\r\n      height: 100%;\r\n      color: #1351b4;\r\n      font-weight: 500;\r\n      text-decoration: none;\r\n    }\r\n\r\n    .cards li i,\r\n    .cards li span {\r\n      font-size: 50px;\r\n      margin-bottom: 30px;\r\n      color: #0c326f;\r\n      width: auto;\r\n      font-weight: 900;\r\n    }\r\n\r\n    .cards li .title {\r\n      font-size: 20px;\r\n      color: #0c326f;\r\n      font-weight: 600;\r\n      margin: 0;\r\n      text-transform: uppercase;\r\n    }\r\n\r\n    \/* Estilos para telas menores *\/\r\n    @media screen and (max-width: 768px) {\r\n      .cards {\r\n        gap: 20px; \/* Espa\u00e7amento entre os cards *\/\r\n        margin-top: 20px; margin-bottom: 20px;\/* Margem superior para os cards *\/\r\n      }\r\n      .cards li {\r\n        flex-basis: calc(50% - 20px); \/* Tamanho dos cards com espa\u00e7amento *\/\r\n      }\r\n    }\r\n\r\n    @media screen and (max-width: 480px) {\r\n      .cards {\r\n        gap: 15px; \/* Espa\u00e7amento menor entre os cards *\/\r\n        margin-top: 15px; margin-bottom: 20px; \/* Margem superior menor para os cards *\/\r\n      }\r\n      .cards li {\r\n        flex-basis: calc(100% - 30px); \/* Tamanho dos cards com espa\u00e7amento menor *\/\r\n      }\r\n    }\r\n  <\/style>\r\n\t<div class=\"container\">\r\n        <div class=\"suvisa\">\r\n            \r\n            <div class=\"title-header\">\r\n               \r\n            <\/div>\r\n            <ul class=\"cards\">\r\n                <li>\r\n                    <a href=\"https:\/\/goias.gov.br\/saude\/institucionalizacao-conecta-sus\/\" target=\"_blank\">\r\n                        <span class=\"fa-solid fa-file-signature\"><\/span>\r\n                        <div class=\"title\">institucionaliza\u00e7\u00e3o<\/div>\r\n                    <\/a>\r\n                <\/li>\r\n            \r\n                <li>\r\n        <a href=\"https:\/\/goias.gov.br\/saude\/produtos-tecnicos-conecta-sus\/\" target=\"_blank\">\r\n                        <span class=\"fa-solid fa-folder-tree\"><\/span>\r\n                        <div class=\"title\">produtos t\u00e9cnicos<\/div>\r\n                    <\/a>\r\n                <\/li>\r\n     \r\n\r\n<li>\r\n                    <a href=\"https:\/\/guia-indicadores.saude.go.gov.br\/index\" target=\"_blank\">\r\n                        <span class=\"fa-solid fa-book-medical\"><\/span>\r\n                        <div class=\"title\">guia de qualifica\u00e7\u00e3o dos indicadores de sa\u00fade<\/div>\r\n                    <\/a>\r\n                <\/li>\r\n\r\n\r\n<li>\r\n                    <a href=\"https:\/\/mapadasaude.goias.gov.br\/mobile.php\" target=\"_blank\">\r\n                        <span class=\"fa-solid fa-square-plus\"><\/span>\r\n                        <div class=\"title\">mapa da sa\u00fade<\/div>\r\n                    <\/a>\r\n                <\/li>\r\n\r\n<li>\r\n                    <a href=\"https:\/\/helpdesk.saude.go.gov.br\/index.php?noAUTO=1\" target=\"_blank\">\r\n                        <span class=\"fa-solid fa-person-circle-question\"><\/span>\r\n                        <div class=\"title\">como solicitar an\u00e1lises e\/ou mapas<\/div>\r\n                    <\/a>\r\n                <\/li>\r\n\r\n\r\n\r\n<li>\r\n                    <a href=\"https:\/\/goias.gov.br\/saude\/wp-content\/uploads\/sites\/34\/conecta-sus\/tutorial-cadastro-ficha-qualificacao-indicador.pdf\" target=\"_blank\">\r\n                        <span class=\"fa-solid fa-bars\"><\/span>\r\n                        <div class=\"title\">Tutorial - Ficha de qualifica\u00e7\u00e3o do indicador<\/div>\r\n                    <\/a>\r\n                <\/li>\r\n\r\n<li>\r\n                    <a href=\"https:\/\/www.gov.br\/saude\/pt-br\/composicao\/seidigi\/demas\/dados-populacionais\" target=\"_blank\">\r\n                        <span class=\"fa-solid fa-users\"><\/span>\r\n                        <div class=\"title\">dados populacionais<\/div>\r\n                    <\/a>\r\n                <\/li>\r\n      \r\n            <\/ul>\r\n        <\/div>\r\n\t<\/div>\r\n\t\t\t\t<\/div>\n\t\t\t\t\t<\/div>\n\t\t\t\t<\/div>\n\t\t\t\t<\/div>\n\t\t","protected":false},"excerpt":{"rendered":"<p>Gerente Juliana Dias Lopes(62) 3201-3780conectasus.saude@goias.gov.br Localiza\u00e7\u00e3o: Av. SC 1 n\u00ba 299 &#8211; Parque Santa CruzGoi\u00e2nia &#8211; GOCEP: 74.860-260 O Centro de Informa\u00e7\u00f5es e Decis\u00f5es Estrat\u00e9gicas em Sa\u00fade (Conecta SUS Zilda Arns Neumann), iniciou-se com a sala de situa\u00e7\u00e3o da dengue em 2013, e foi inaugurado na sede da Secretaria de Estado da Sa\u00fade de Goi\u00e1s [&hellip;]<\/p>\n","protected":false},"author":7,"featured_media":0,"parent":0,"menu_order":0,"comment_status":"closed","ping_status":"closed","template":"","meta":{"footnotes":""},"class_list":["post-37491","page","type-page","status-publish","hentry"],"rttpg_featured_image_url":null,"rttpg_author":{"display_name":"gustavogoncalves","author_link":"https:\/\/goias.gov.br\/saude\/author\/gustavogoncalves\/"},"rttpg_comment":0,"rttpg_category":null,"rttpg_excerpt":"Gerente Juliana Dias Lopes(62) 3201-3780conectasus.saude@goias.gov.br Localiza\u00e7\u00e3o: Av. SC 1 n\u00ba 299 &#8211; Parque Santa CruzGoi\u00e2nia &#8211; GOCEP: 74.860-260 O Centro de Informa\u00e7\u00f5es e Decis\u00f5es Estrat\u00e9gicas em Sa\u00fade (Conecta SUS Zilda Arns Neumann), iniciou-se com a sala de situa\u00e7\u00e3o da dengue em 2013, e foi inaugurado na sede da Secretaria de Estado da Sa\u00fade de Goi\u00e1s&hellip;","_links":{"self":[{"href":"https:\/\/goias.gov.br\/saude\/wp-json\/wp\/v2\/pages\/37491","targetHints":{"allow":["GET"]}}],"collection":[{"href":"https:\/\/goias.gov.br\/saude\/wp-json\/wp\/v2\/pages"}],"about":[{"href":"https:\/\/goias.gov.br\/saude\/wp-json\/wp\/v2\/types\/page"}],"author":[{"embeddable":true,"href":"https:\/\/goias.gov.br\/saude\/wp-json\/wp\/v2\/users\/7"}],"replies":[{"embeddable":true,"href":"https:\/\/goias.gov.br\/saude\/wp-json\/wp\/v2\/comments?post=37491"}],"version-history":[{"count":2,"href":"https:\/\/goias.gov.br\/saude\/wp-json\/wp\/v2\/pages\/37491\/revisions"}],"predecessor-version":[{"id":615932,"href":"https:\/\/goias.gov.br\/saude\/wp-json\/wp\/v2\/pages\/37491\/revisions\/615932"}],"wp:attachment":[{"href":"https:\/\/goias.gov.br\/saude\/wp-json\/wp\/v2\/media?parent=37491"}],"curies":[{"name":"wp","href":"https:\/\/api.w.org\/{rel}","templated":true}]}}