

{"id":37375,"date":"2023-11-27T15:24:01","date_gmt":"2023-11-27T18:24:01","guid":{"rendered":"https:\/\/siteshom.goias.gov.br\/saude\/?page_id=37375"},"modified":"2025-12-03T11:14:52","modified_gmt":"2025-12-03T14:14:52","slug":"calendario-nacional-de-imunizacao","status":"publish","type":"page","link":"https:\/\/goias.gov.br\/saude\/calendario-nacional-de-imunizacao\/","title":{"rendered":"Calend\u00e1rio Nacional de Imuniza\u00e7\u00e3o"},"content":{"rendered":"\t\t<div data-elementor-type=\"wp-page\" data-elementor-id=\"37375\" class=\"elementor elementor-37375\">\n\t\t\t\t<div class=\"elementor-element elementor-element-c62f799 e-flex e-con-boxed e-con e-parent\" data-id=\"c62f799\" data-element_type=\"container\" data-e-type=\"container\">\n\t\t\t\t\t<div class=\"e-con-inner\">\n\t\t<div class=\"elementor-element elementor-element-885f033 e-con-full e-flex e-con e-child\" data-id=\"885f033\" data-element_type=\"container\" data-e-type=\"container\">\n\t\t\t\t<div class=\"elementor-element elementor-element-e50bf75 elementor-widget elementor-widget-image\" data-id=\"e50bf75\" data-element_type=\"widget\" data-e-type=\"widget\" data-widget_type=\"image.default\">\n\t\t\t\t\t\t\t\t\t\t\t\t\t\t\t\t<a href=\"https:\/\/www.gov.br\/saude\/pt-br\/vacinacao\/arquivos\/calendario-nacional-de-vacinacao-crianca\">\n\t\t\t\t\t\t\t<img fetchpriority=\"high\" decoding=\"async\" width=\"800\" height=\"800\" src=\"https:\/\/goias.gov.br\/saude\/wp-content\/uploads\/sites\/34\/2023\/11\/icone-crianca1-1.png\" class=\"attachment-large size-large wp-image-37378\" alt=\"\" srcset=\"https:\/\/goias.gov.br\/saude\/wp-content\/uploads\/sites\/34\/2023\/11\/icone-crianca1-1.png 800w, https:\/\/goias.gov.br\/saude\/wp-content\/uploads\/sites\/34\/2023\/11\/icone-crianca1-1-300x300.png 300w, https:\/\/goias.gov.br\/saude\/wp-content\/uploads\/sites\/34\/2023\/11\/icone-crianca1-1-150x150.png 150w, https:\/\/goias.gov.br\/saude\/wp-content\/uploads\/sites\/34\/2023\/11\/icone-crianca1-1-768x768.png 768w\" sizes=\"(max-width: 800px) 100vw, 800px\" \/>\t\t\t\t\t\t\t\t<\/a>\n\t\t\t\t\t\t\t\t\t\t\t\t\t\t\t<\/div>\n\t\t\t\t<\/div>\n\t\t<div class=\"elementor-element elementor-element-c6358b5 e-con-full e-flex e-con e-child\" data-id=\"c6358b5\" data-element_type=\"container\" data-e-type=\"container\">\n\t\t\t\t<div class=\"elementor-element elementor-element-3205542 elementor-widget elementor-widget-image\" data-id=\"3205542\" data-element_type=\"widget\" data-e-type=\"widget\" data-widget_type=\"image.default\">\n\t\t\t\t\t\t\t\t\t\t\t\t\t\t\t\t<a href=\"https:\/\/www.gov.br\/saude\/pt-br\/vacinacao\/arquivos\/calendario-nacional-de-vacinacao-adolescentes-jovens\">\n\t\t\t\t\t\t\t<img decoding=\"async\" width=\"800\" height=\"800\" src=\"https:\/\/goias.gov.br\/saude\/wp-content\/uploads\/sites\/34\/2023\/11\/icone-adolescente1.png\" class=\"attachment-large size-large wp-image-37379\" alt=\"\" srcset=\"https:\/\/goias.gov.br\/saude\/wp-content\/uploads\/sites\/34\/2023\/11\/icone-adolescente1.png 800w, https:\/\/goias.gov.br\/saude\/wp-content\/uploads\/sites\/34\/2023\/11\/icone-adolescente1-300x300.png 300w, https:\/\/goias.gov.br\/saude\/wp-content\/uploads\/sites\/34\/2023\/11\/icone-adolescente1-150x150.png 150w, https:\/\/goias.gov.br\/saude\/wp-content\/uploads\/sites\/34\/2023\/11\/icone-adolescente1-768x768.png 768w\" sizes=\"(max-width: 800px) 100vw, 800px\" \/>\t\t\t\t\t\t\t\t<\/a>\n\t\t\t\t\t\t\t\t\t\t\t\t\t\t\t<\/div>\n\t\t\t\t<\/div>\n\t\t<div class=\"elementor-element elementor-element-190427d e-con-full e-flex e-con e-child\" data-id=\"190427d\" data-element_type=\"container\" data-e-type=\"container\">\n\t\t\t\t<div class=\"elementor-element elementor-element-2f02460 elementor-widget elementor-widget-image\" data-id=\"2f02460\" data-element_type=\"widget\" data-e-type=\"widget\" data-widget_type=\"image.default\">\n\t\t\t\t\t\t\t\t\t\t\t\t\t\t\t\t<a href=\"https:\/\/www.gov.br\/saude\/pt-br\/vacinacao\/arquivos\/calendario-nacional-de-vacinacao-adulto\">\n\t\t\t\t\t\t\t<img decoding=\"async\" width=\"800\" height=\"800\" src=\"https:\/\/goias.gov.br\/saude\/wp-content\/uploads\/sites\/34\/2023\/11\/icone-adulto1.png\" class=\"attachment-large size-large wp-image-37380\" alt=\"\" srcset=\"https:\/\/goias.gov.br\/saude\/wp-content\/uploads\/sites\/34\/2023\/11\/icone-adulto1.png 800w, https:\/\/goias.gov.br\/saude\/wp-content\/uploads\/sites\/34\/2023\/11\/icone-adulto1-300x300.png 300w, https:\/\/goias.gov.br\/saude\/wp-content\/uploads\/sites\/34\/2023\/11\/icone-adulto1-150x150.png 150w, https:\/\/goias.gov.br\/saude\/wp-content\/uploads\/sites\/34\/2023\/11\/icone-adulto1-768x768.png 768w\" sizes=\"(max-width: 800px) 100vw, 800px\" \/>\t\t\t\t\t\t\t\t<\/a>\n\t\t\t\t\t\t\t\t\t\t\t\t\t\t\t<\/div>\n\t\t\t\t<\/div>\n\t\t<div class=\"elementor-element elementor-element-0feae67 e-con-full e-flex e-con e-child\" data-id=\"0feae67\" data-element_type=\"container\" data-e-type=\"container\">\n\t\t\t\t<div class=\"elementor-element elementor-element-a183530 elementor-widget elementor-widget-image\" data-id=\"a183530\" data-element_type=\"widget\" data-e-type=\"widget\" data-widget_type=\"image.default\">\n\t\t\t\t\t\t\t\t\t\t\t\t\t\t\t\t<a href=\"https:\/\/www.gov.br\/saude\/pt-br\/vacinacao\/arquivos\/calendario-nacional-de-vacinacao-idoso\">\n\t\t\t\t\t\t\t<img loading=\"lazy\" decoding=\"async\" width=\"800\" height=\"800\" src=\"https:\/\/goias.gov.br\/saude\/wp-content\/uploads\/sites\/34\/2023\/11\/icone-idoso1-2.png\" class=\"attachment-large size-large wp-image-37383\" alt=\"\" srcset=\"https:\/\/goias.gov.br\/saude\/wp-content\/uploads\/sites\/34\/2023\/11\/icone-idoso1-2.png 800w, https:\/\/goias.gov.br\/saude\/wp-content\/uploads\/sites\/34\/2023\/11\/icone-idoso1-2-300x300.png 300w, https:\/\/goias.gov.br\/saude\/wp-content\/uploads\/sites\/34\/2023\/11\/icone-idoso1-2-150x150.png 150w, https:\/\/goias.gov.br\/saude\/wp-content\/uploads\/sites\/34\/2023\/11\/icone-idoso1-2-768x768.png 768w\" sizes=\"(max-width: 800px) 100vw, 800px\" \/>\t\t\t\t\t\t\t\t<\/a>\n\t\t\t\t\t\t\t\t\t\t\t\t\t\t\t<\/div>\n\t\t\t\t<\/div>\n\t\t<div class=\"elementor-element elementor-element-c8986cc e-con-full e-flex e-con e-child\" data-id=\"c8986cc\" data-element_type=\"container\" data-e-type=\"container\">\n\t\t\t\t<div class=\"elementor-element elementor-element-d80ab76 elementor-widget elementor-widget-image\" data-id=\"d80ab76\" data-element_type=\"widget\" data-e-type=\"widget\" data-widget_type=\"image.default\">\n\t\t\t\t\t\t\t\t\t\t\t\t\t\t\t\t<a href=\"https:\/\/www.gov.br\/saude\/pt-br\/vacinacao\/arquivos\/calendario-nacional-de-vacinacao-gestante\">\n\t\t\t\t\t\t\t<img loading=\"lazy\" decoding=\"async\" width=\"800\" height=\"800\" src=\"https:\/\/goias.gov.br\/saude\/wp-content\/uploads\/sites\/34\/2023\/11\/icone-gestante1-1.png\" class=\"attachment-large size-large wp-image-37388\" alt=\"\" srcset=\"https:\/\/goias.gov.br\/saude\/wp-content\/uploads\/sites\/34\/2023\/11\/icone-gestante1-1.png 800w, https:\/\/goias.gov.br\/saude\/wp-content\/uploads\/sites\/34\/2023\/11\/icone-gestante1-1-300x300.png 300w, https:\/\/goias.gov.br\/saude\/wp-content\/uploads\/sites\/34\/2023\/11\/icone-gestante1-1-150x150.png 150w, https:\/\/goias.gov.br\/saude\/wp-content\/uploads\/sites\/34\/2023\/11\/icone-gestante1-1-768x768.png 768w\" sizes=\"(max-width: 800px) 100vw, 800px\" \/>\t\t\t\t\t\t\t\t<\/a>\n\t\t\t\t\t\t\t\t\t\t\t\t\t\t\t<\/div>\n\t\t\t\t<\/div>\n\t\t\t\t\t<\/div>\n\t\t\t\t<\/div>\n\t\t\t\t<\/div>\n\t\t","protected":false},"excerpt":{"rendered":"","protected":false},"author":7,"featured_media":0,"parent":0,"menu_order":0,"comment_status":"closed","ping_status":"closed","template":"","meta":{"footnotes":""},"class_list":["post-37375","page","type-page","status-publish","hentry"],"rttpg_featured_image_url":null,"rttpg_author":{"display_name":"gustavogoncalves","author_link":"https:\/\/goias.gov.br\/saude\/author\/gustavogoncalves\/"},"rttpg_comment":0,"rttpg_category":null,"rttpg_excerpt":null,"_links":{"self":[{"href":"https:\/\/goias.gov.br\/saude\/wp-json\/wp\/v2\/pages\/37375","targetHints":{"allow":["GET"]}}],"collection":[{"href":"https:\/\/goias.gov.br\/saude\/wp-json\/wp\/v2\/pages"}],"about":[{"href":"https:\/\/goias.gov.br\/saude\/wp-json\/wp\/v2\/types\/page"}],"author":[{"embeddable":true,"href":"https:\/\/goias.gov.br\/saude\/wp-json\/wp\/v2\/users\/7"}],"replies":[{"embeddable":true,"href":"https:\/\/goias.gov.br\/saude\/wp-json\/wp\/v2\/comments?post=37375"}],"version-history":[{"count":2,"href":"https:\/\/goias.gov.br\/saude\/wp-json\/wp\/v2\/pages\/37375\/revisions"}],"predecessor-version":[{"id":632752,"href":"https:\/\/goias.gov.br\/saude\/wp-json\/wp\/v2\/pages\/37375\/revisions\/632752"}],"wp:attachment":[{"href":"https:\/\/goias.gov.br\/saude\/wp-json\/wp\/v2\/media?parent=37375"}],"curies":[{"name":"wp","href":"https:\/\/api.w.org\/{rel}","templated":true}]}}

Calendário Nacional de Imunização
