

{"id":373363,"date":"2025-05-22T08:05:35","date_gmt":"2025-05-22T11:05:35","guid":{"rendered":"https:\/\/goias.gov.br\/saude\/?page_id=373363"},"modified":"2025-12-02T15:19:48","modified_gmt":"2025-12-02T18:19:48","slug":"sistemas-de-informacao-em-saude","status":"publish","type":"page","link":"https:\/\/goias.gov.br\/saude\/sistemas-de-informacao-em-saude\/","title":{"rendered":"Sistemas de Informa\u00e7\u00e3o em Sa\u00fade"},"content":{"rendered":"\t\t<div data-elementor-type=\"wp-page\" data-elementor-id=\"373363\" class=\"elementor elementor-373363\">\n\t\t\t\t<div class=\"elementor-element elementor-element-c9b403a e-flex e-con-boxed e-con e-parent\" data-id=\"c9b403a\" data-element_type=\"container\" data-e-type=\"container\">\n\t\t\t\t\t<div class=\"e-con-inner\">\n\t\t\t\t<div class=\"elementor-element elementor-element-74c8087 elementor-widget elementor-widget-text-editor\" data-id=\"74c8087\" data-element_type=\"widget\" data-e-type=\"widget\" data-widget_type=\"text-editor.default\">\n\t\t\t\t\t\t\t\t\t<p>O departamento respons\u00e1vel pelos sistemas de informa\u00e7\u00e3o da Vigil\u00e2ncia Epidemiol\u00f3gica atua na gest\u00e3o, manuten\u00e7\u00e3o e atualiza\u00e7\u00e3o dessas plataformas, garantindo que estejam sempre operacionais e seguras.<\/p><p>Tamb\u00e9m presta suporte t\u00e9cnico \u00e0s Regionais de Sa\u00fade e Munic\u00edpios, al\u00e9m de oferecer capacita\u00e7\u00f5es para o uso adequado dos sistemas. \u00c9 respons\u00e1vel por planejar, monitorar e assegurar que os dados epidemiol\u00f3gicos sejam disponibilizados de forma \u00e1gil e precisa, zelando pela integridade das informa\u00e7\u00f5es.<\/p><p>Al\u00e9m disso, colabora na elabora\u00e7\u00e3o de materiais educativos, participa de a\u00e7\u00f5es de educa\u00e7\u00e3o em sa\u00fade e contribui diretamente na forma\u00e7\u00e3o e qualifica\u00e7\u00e3o dos profissionais da \u00e1rea, sempre oferecendo apoio t\u00e9cnico e avaliando as a\u00e7\u00f5es desenvolvidas no \u00e2mbito estadual e municipal.<\/p>\t\t\t\t\t\t\t\t<\/div>\n\t\t\t\t\t<\/div>\n\t\t\t\t<\/div>\n\t\t<div class=\"elementor-element elementor-element-f1307ff e-flex e-con-boxed e-con e-parent\" data-id=\"f1307ff\" data-element_type=\"container\" data-e-type=\"container\">\n\t\t\t\t\t<div class=\"e-con-inner\">\n\t\t\t\t<div class=\"elementor-element elementor-element-5ead03a elementor-widget elementor-widget-html\" data-id=\"5ead03a\" data-element_type=\"widget\" data-e-type=\"widget\" data-widget_type=\"html.default\">\n\t\t\t\t\t<!DOCTYPE html>\r\n<html lang=\"pt-br\" dir=\"ltr\">\r\n<head>\r\n  <meta http-equiv=\"Content-Type\" content=\"text\/html; charset=UTF-8\" \/>\r\n  <style>\r\n    \/* Estilos para desktop *\/\r\n    .container {\r\n      padding: 10px;\r\n    }\r\n\r\n    .section {\r\n      margin-bottom: 10px;\r\n    }\r\n\r\n    .title {\r\n      text-align: center;\r\n      margin: 0 0 24px;\r\n      color: #0c326f;\r\n      font-weight: 600;\r\n      font-size: 2.2rem;\r\n      line-height: 1.5;\r\n    }\r\n\r\n    .cards {\r\n      display: flex;\r\n      justify-content: space-evenly;\r\n      flex-wrap: wrap;\r\n      margin: 0;\r\n      padding: 0;\r\n      list-style: none;\r\n    }\r\n\r\n    .cards li {\r\n      background-color: #ededed;\r\n      box-shadow: 0 3px 6px 0 rgba(0, 0, 0, 0.16);\r\n      text-align: center;\r\n      flex-basis: 23%;\r\n      box-sizing: border-box;\r\n      min-height: 60px;\r\n      margin-bottom: 0.9em;\r\n      line-height: 1.2em;\r\n      display: list-item;\r\n    }\r\n\r\n    .cards li a {\r\n      display: flex;\r\n      justify-content: center;\r\n      align-items: center;\r\n      flex-direction: column;\r\n      width: 100%;\r\n      height: 100%;\r\n      color: #1351b4;\r\n      font-weight: 600;\r\n      text-decoration: none;\r\n    }\r\n\r\n    .cards li i,\r\n    .cards li span {\r\n      font-size: 10px;\r\n      margin-bottom: 30px;\r\n      color: #0c326f;\r\n      width: auto;\r\n      font-weight: 200;\r\n    }\r\n\r\n    .cards li .title {\r\n      font-size: 15px;\r\n      color: #0c326f;\r\n      font-weight: 500;\r\n      margin: 0;\r\n      text-transform: uppercase;\r\n    }\r\n\r\n    \/* Estilos para telas menores *\/\r\n    @media screen and (max-width: 768px) {\r\n      .cards {\r\n        gap: 20px; \/* Espa\u00e7amento entre os cards *\/\r\n        margin-top: 20px; \/* Margem superior para os cards *\/\r\n      }\r\n      .cards li {\r\n        flex-basis: calc(50% - 20px); \/* Tamanho dos cards com espa\u00e7amento *\/\r\n      }\r\n    }\r\n\r\n    @media screen and (max-width: 480px) {\r\n      .cards {\r\n        gap: 15px; \/* Espa\u00e7amento menor entre os cards *\/\r\n        margin-top: 15px; \/* Margem superior menor para os cards *\/\r\n      }\r\n      .cards li {\r\n        flex-basis: calc(100% - 30px); \/* Tamanho dos cards com espa\u00e7amento menor *\/\r\n      }\r\n    }\r\n  <\/style>\r\n<\/head>\r\n<body>\r\n  <div class=\"container\">\r\n    <div class=\"section\">\r\n      <div class=\"suvisa\">\r\n        \r\n        <ul class=\"cards\">\r\n          <li>\r\n                    <a href=\"https:\/\/goias.gov.br\/saude\/manuais-sistema-de-informacao-sinan\/\">\r\n\r\n                        <div class=\"title\">Manuais<\/div>\r\n                    <\/a>\r\n                <\/li>\r\n\r\n<li>\r\n                    <a href=\"https:\/\/goias.gov.br\/saude\/wp-content\/uploads\/sites\/34\/vigilancia-em-saude\/vigilancia-epidemiologica\/transmissiveis\/sistema-informacao\/Sistemas%20de%20Informa%C3%A7%C3%A3o%20de%20Vigil%C3%A2ncia%20Epidemiol%C3%B3gica%20de%20Doen%C3%A7as%20Transmiss%C3%ADveis.pdf\">\r\n\r\n                        <div class=\"title\">sistemas de Informa\u00e7\u00e3o em Sa\u00fade<\/div>\r\n                    <\/a>\r\n                <\/li>\r\n               \r\n\r\n  \r\n        <\/ul>\r\n      <\/div>\r\n    <\/div>\r\n  <\/div>\r\n<\/body>\r\n<\/html>\r\n\t\t\t\t<\/div>\n\t\t\t\t\t<\/div>\n\t\t\t\t<\/div>\n\t\t\t\t<\/div>\n\t\t","protected":false},"excerpt":{"rendered":"<p>O departamento respons\u00e1vel pelos sistemas de informa\u00e7\u00e3o da Vigil\u00e2ncia Epidemiol\u00f3gica atua na gest\u00e3o, manuten\u00e7\u00e3o e atualiza\u00e7\u00e3o dessas plataformas, garantindo que estejam sempre operacionais e seguras. Tamb\u00e9m presta suporte t\u00e9cnico \u00e0s Regionais de Sa\u00fade e Munic\u00edpios, al\u00e9m de oferecer capacita\u00e7\u00f5es para o uso adequado dos sistemas. \u00c9 respons\u00e1vel por planejar, monitorar e assegurar que os dados [&hellip;]<\/p>\n","protected":false},"author":165,"featured_media":0,"parent":0,"menu_order":0,"comment_status":"closed","ping_status":"closed","template":"","meta":{"footnotes":""},"class_list":["post-373363","page","type-page","status-publish","hentry"],"rttpg_featured_image_url":null,"rttpg_author":{"display_name":"ricardocruz","author_link":"https:\/\/goias.gov.br\/saude\/author\/ricardocruz\/"},"rttpg_comment":0,"rttpg_category":null,"rttpg_excerpt":"O departamento respons\u00e1vel pelos sistemas de informa\u00e7\u00e3o da Vigil\u00e2ncia Epidemiol\u00f3gica atua na gest\u00e3o, manuten\u00e7\u00e3o e atualiza\u00e7\u00e3o dessas plataformas, garantindo que estejam sempre operacionais e seguras. Tamb\u00e9m presta suporte t\u00e9cnico \u00e0s Regionais de Sa\u00fade e Munic\u00edpios, al\u00e9m de oferecer capacita\u00e7\u00f5es para o uso adequado dos sistemas. \u00c9 respons\u00e1vel por planejar, monitorar e assegurar que os dados&hellip;","_links":{"self":[{"href":"https:\/\/goias.gov.br\/saude\/wp-json\/wp\/v2\/pages\/373363","targetHints":{"allow":["GET"]}}],"collection":[{"href":"https:\/\/goias.gov.br\/saude\/wp-json\/wp\/v2\/pages"}],"about":[{"href":"https:\/\/goias.gov.br\/saude\/wp-json\/wp\/v2\/types\/page"}],"author":[{"embeddable":true,"href":"https:\/\/goias.gov.br\/saude\/wp-json\/wp\/v2\/users\/165"}],"replies":[{"embeddable":true,"href":"https:\/\/goias.gov.br\/saude\/wp-json\/wp\/v2\/comments?post=373363"}],"version-history":[{"count":3,"href":"https:\/\/goias.gov.br\/saude\/wp-json\/wp\/v2\/pages\/373363\/revisions"}],"predecessor-version":[{"id":625989,"href":"https:\/\/goias.gov.br\/saude\/wp-json\/wp\/v2\/pages\/373363\/revisions\/625989"}],"wp:attachment":[{"href":"https:\/\/goias.gov.br\/saude\/wp-json\/wp\/v2\/media?parent=373363"}],"curies":[{"name":"wp","href":"https:\/\/api.w.org\/{rel}","templated":true}]}}