

{"id":36948,"date":"2025-06-27T15:51:53","date_gmt":"2025-06-27T18:51:53","guid":{"rendered":"https:\/\/goias.gov.br\/retomada\/?page_id=36948"},"modified":"2025-06-27T15:51:53","modified_gmt":"2025-06-27T18:51:53","slug":"documentos-especificos-da-pasta","status":"publish","type":"page","link":"https:\/\/goias.gov.br\/retomada\/documentos-especificos-da-pasta\/","title":{"rendered":"Documentos Espec\u00edficos da Pasta"},"content":{"rendered":"\n<p><a href=\"https:\/\/goias.gov.br\/retomada\/wp-content\/uploads\/sites\/22\/2025\/06\/Resolucao_Normativa_TCE__003_2022.pdf\" target=\"_blank\" rel=\"noreferrer noopener\">Resolu\u00e7\u00e3o Normativa 003\/2024 Tribunal de Contas do Estado de Goi\u00e1s<\/a> <\/p>\n\n\n\n<p><a href=\"https:\/\/goias.gov.br\/retomada\/wp-content\/uploads\/sites\/22\/2025\/06\/RELATORIO_DE_GESTAO__assinado.pdf\" target=\"_blank\" rel=\"noreferrer noopener\">Relat\u00f3rio Gest\u00e3o de 2024 <\/a><\/p>\n\n\n\n<p><a href=\"https:\/\/goias.gov.br\/retomada\/wp-content\/uploads\/sites\/22\/2025\/06\/Portaria_41___Institui_o_Comite_Setorial_de_Compliance_Publico___RETOMADA-1.pdf\" target=\"_blank\" rel=\"noreferrer noopener\">Portaria n\u00ba 41 institui o Comit\u00ea Setorial do PCP <\/a><\/p>\n\n\n\n<p><a href=\"https:\/\/goias.gov.br\/retomada\/wp-content\/uploads\/sites\/22\/2025\/06\/Portaria_42___Institui_o_Escritorio_de_Compliance___RETOMADA.pdf\" target=\"_blank\" rel=\"noreferrer noopener\">Portaria N\u00ba 42 &#8211; institui o Escrit\u00f3rio de Compliance <\/a><\/p>\n\n\n\n<p><a href=\"https:\/\/goias.gov.br\/retomada\/wp-content\/uploads\/sites\/22\/2025\/06\/Portaria_no_81_21_de_maio_de_2024__Planejamento_estrategico.pdf\" target=\"_blank\" rel=\"noreferrer noopener\">Portaria n\u00ba 81 &#8211; Disp\u00f5e sobre o Plano Estrat\u00e9gico da Pasta <\/a><\/p>\n\n\n\n<p><a href=\"https:\/\/goias.gov.br\/retomada\/wp-content\/uploads\/sites\/22\/2025\/06\/Portaria_10_Comissao_Prestacao_de_Contas.pdf\" target=\"_blank\" rel=\"noreferrer noopener\">Portaria n\u00ba 10 Comit\u00ea de Presta\u00e7\u00e3o de Contas <\/a><\/p>\n\n\n\n<p><a href=\"https:\/\/goias.gov.br\/retomada\/wp-content\/uploads\/sites\/22\/2025\/06\/Politica-de-Gestao-de-Riscos-2.pdf\" target=\"_blank\" rel=\"noreferrer noopener\">Portaria n\u00ba 03 &#8211; Institui a Pol\u00edtica de Gest\u00e3o de Risco <\/a><\/p>\n\n\n\n<p><\/p>\n","protected":false},"excerpt":{"rendered":"<p>Resolu\u00e7\u00e3o Normativa 003\/2024 Tribunal de Contas do Estado de Goi\u00e1s Relat\u00f3rio Gest\u00e3o de 2024 Portaria n\u00ba 41 institui o Comit\u00ea Setorial do PCP Portaria N\u00ba 42 &#8211; institui o Escrit\u00f3rio de Compliance Portaria n\u00ba 81 &#8211; Disp\u00f5e sobre o Plano Estrat\u00e9gico da Pasta Portaria n\u00ba 10 Comit\u00ea de Presta\u00e7\u00e3o de Contas Portaria n\u00ba 03 &#8211; [&hellip;]<\/p>\n","protected":false},"author":319,"featured_media":0,"parent":0,"menu_order":0,"comment_status":"closed","ping_status":"closed","template":"","meta":{"footnotes":""},"class_list":["post-36948","page","type-page","status-publish","hentry"],"rttpg_featured_image_url":null,"rttpg_author":{"display_name":"fransergiooliveira","author_link":"https:\/\/goias.gov.br\/retomada\/author\/fransergiooliveira\/"},"rttpg_comment":0,"rttpg_category":null,"rttpg_excerpt":"Resolu\u00e7\u00e3o Normativa 003\/2024 Tribunal de Contas do Estado de Goi\u00e1s Relat\u00f3rio Gest\u00e3o de 2024 Portaria n\u00ba 41 institui o Comit\u00ea Setorial do PCP Portaria N\u00ba 42 &#8211; institui o Escrit\u00f3rio de Compliance Portaria n\u00ba 81 &#8211; Disp\u00f5e sobre o Plano Estrat\u00e9gico da Pasta Portaria n\u00ba 10 Comit\u00ea de Presta\u00e7\u00e3o de Contas Portaria n\u00ba 03 &#8211;&hellip;","_links":{"self":[{"href":"https:\/\/goias.gov.br\/retomada\/wp-json\/wp\/v2\/pages\/36948","targetHints":{"allow":["GET"]}}],"collection":[{"href":"https:\/\/goias.gov.br\/retomada\/wp-json\/wp\/v2\/pages"}],"about":[{"href":"https:\/\/goias.gov.br\/retomada\/wp-json\/wp\/v2\/types\/page"}],"author":[{"embeddable":true,"href":"https:\/\/goias.gov.br\/retomada\/wp-json\/wp\/v2\/users\/319"}],"replies":[{"embeddable":true,"href":"https:\/\/goias.gov.br\/retomada\/wp-json\/wp\/v2\/comments?post=36948"}],"version-history":[{"count":1,"href":"https:\/\/goias.gov.br\/retomada\/wp-json\/wp\/v2\/pages\/36948\/revisions"}],"predecessor-version":[{"id":36988,"href":"https:\/\/goias.gov.br\/retomada\/wp-json\/wp\/v2\/pages\/36948\/revisions\/36988"}],"wp:attachment":[{"href":"https:\/\/goias.gov.br\/retomada\/wp-json\/wp\/v2\/media?parent=36948"}],"curies":[{"name":"wp","href":"https:\/\/api.w.org\/{rel}","templated":true}]}}