

{"id":36107,"date":"2025-06-24T15:05:39","date_gmt":"2025-06-24T18:05:39","guid":{"rendered":"https:\/\/goias.gov.br\/retomada\/?page_id=36107"},"modified":"2025-06-24T15:05:39","modified_gmt":"2025-06-24T18:05:39","slug":"obras-paralisadas","status":"publish","type":"page","link":"https:\/\/goias.gov.br\/retomada\/obras-paralisadas\/","title":{"rendered":"Obras Paralisadas"},"content":{"rendered":"\n<p>Com base no princ\u00edpio da transpar\u00eancia p\u00fablica e conforme o Art. 8\u00ba, \u00a71\u00ba, V, da Lei Federal n.\u00ba 12.527\/2011; Art. 6\u00ba \u00a7 1\u00ba, II, da Lei Estadual n.\u00ba 18.025\/2013 e Art. 115, \u00a7 6\u00ba, da Lei Federal n.\u00ba 14.133\/2021, Lei Estadual n.\u00ba 20.726\/2020 e Portaria SEGES\/ME n.\u00ba 25.405\/2020, a Secretaria de Estado da Retomada declara que, nos \u00faltimos (3) tr\u00eas anos, e at\u00e9 a presente data, n\u00e3o possuiu Obras Paralisadas.<\/p>\n","protected":false},"excerpt":{"rendered":"<p>Com base no princ\u00edpio da transpar\u00eancia p\u00fablica e conforme o Art. 8\u00ba, \u00a71\u00ba, V, da Lei Federal n.\u00ba 12.527\/2011; Art. 6\u00ba \u00a7 1\u00ba, II, da Lei Estadual n.\u00ba 18.025\/2013 e Art. 115, \u00a7 6\u00ba, da Lei Federal n.\u00ba 14.133\/2021, Lei Estadual n.\u00ba 20.726\/2020 e Portaria SEGES\/ME n.\u00ba 25.405\/2020, a Secretaria de Estado da Retomada declara [&hellip;]<\/p>\n","protected":false},"author":319,"featured_media":0,"parent":0,"menu_order":0,"comment_status":"closed","ping_status":"closed","template":"","meta":{"footnotes":""},"class_list":["post-36107","page","type-page","status-publish","hentry"],"rttpg_featured_image_url":null,"rttpg_author":{"display_name":"fransergiooliveira","author_link":"https:\/\/goias.gov.br\/retomada\/author\/fransergiooliveira\/"},"rttpg_comment":0,"rttpg_category":null,"rttpg_excerpt":"Com base no princ\u00edpio da transpar\u00eancia p\u00fablica e conforme o Art. 8\u00ba, \u00a71\u00ba, V, da Lei Federal n.\u00ba 12.527\/2011; Art. 6\u00ba \u00a7 1\u00ba, II, da Lei Estadual n.\u00ba 18.025\/2013 e Art. 115, \u00a7 6\u00ba, da Lei Federal n.\u00ba 14.133\/2021, Lei Estadual n.\u00ba 20.726\/2020 e Portaria SEGES\/ME n.\u00ba 25.405\/2020, a Secretaria de Estado da Retomada declara&hellip;","_links":{"self":[{"href":"https:\/\/goias.gov.br\/retomada\/wp-json\/wp\/v2\/pages\/36107","targetHints":{"allow":["GET"]}}],"collection":[{"href":"https:\/\/goias.gov.br\/retomada\/wp-json\/wp\/v2\/pages"}],"about":[{"href":"https:\/\/goias.gov.br\/retomada\/wp-json\/wp\/v2\/types\/page"}],"author":[{"embeddable":true,"href":"https:\/\/goias.gov.br\/retomada\/wp-json\/wp\/v2\/users\/319"}],"replies":[{"embeddable":true,"href":"https:\/\/goias.gov.br\/retomada\/wp-json\/wp\/v2\/comments?post=36107"}],"version-history":[{"count":1,"href":"https:\/\/goias.gov.br\/retomada\/wp-json\/wp\/v2\/pages\/36107\/revisions"}],"predecessor-version":[{"id":36115,"href":"https:\/\/goias.gov.br\/retomada\/wp-json\/wp\/v2\/pages\/36107\/revisions\/36115"}],"wp:attachment":[{"href":"https:\/\/goias.gov.br\/retomada\/wp-json\/wp\/v2\/media?parent=36107"}],"curies":[{"name":"wp","href":"https:\/\/api.w.org\/{rel}","templated":true}]}}