

{"id":34905,"date":"2025-06-11T09:45:24","date_gmt":"2025-06-11T12:45:24","guid":{"rendered":"https:\/\/goias.gov.br\/retomada\/?page_id=34905"},"modified":"2025-12-09T08:39:43","modified_gmt":"2025-12-09T11:39:43","slug":"programa-de-compliance-publico-pcp","status":"publish","type":"page","link":"https:\/\/goias.gov.br\/retomada\/programa-de-compliance-publico-pcp\/","title":{"rendered":"PROGRAMA DE COMPLIANCE P\u00daBLICO &#8211; PCP"},"content":{"rendered":"<div class=\"meta-date\"><i class=\"far fa-clock\" aria-hidden=\"true\"><\/i>\u00a0<span class=\"meta-prefix\">Publicado em\u00a0<\/span><a class=\"meta-date-link\" title=\"PROGRAMA DE COMPLIANCE P\u00daBLICO - PCP\" href=\"https:\/\/goias.gov.br\/retomada\/programa-de-compliance-publico-pcp\/\"><span class=\"date\">11 de junho de 2025<\/span><\/a><\/div>\n<div class=\"meta-date\">\u00a0<span class=\"meta-prefix\">\u00daltima Atualiza\u00e7\u00e3o em <\/span><a class=\"meta-date-link\" title=\"PROGRAMA DE COMPLIANCE P\u00daBLICO - PCP\" href=\"https:\/\/goias.gov.br\/retomada\/programa-de-compliance-publico-pcp\/\">9 de dezembro de 2025<\/a><\/div>\n\n\n<p><a href=\"https:\/\/goias.gov.br\/retomada\/wp-content\/uploads\/sites\/22\/2025\/06\/Portaria-41-Institui-o-Comite-Setorial-de-Compliance-Publico-RETOMADA.pdf\" target=\"_blank\" rel=\"noreferrer noopener\">Portaria de Institui\u00e7\u00e3o  do Comit\u00ea Setorial do Programa de Compliance P\u00fablico<\/a><\/p>\n\n\n\n<p><a href=\"https:\/\/goias.gov.br\/retomada\/wp-content\/uploads\/sites\/22\/2025\/06\/Portaria-42-Institui-o-Escritorio-de-Compliance-RETOMADA.pdf\" target=\"_blank\" rel=\"noreferrer noopener\">Portaria de Institui\u00e7\u00e3o do Escrit\u00f3rio de Compliance<\/a><\/p>\n\n\n\n<p><a href=\"https:\/\/goias.gov.br\/retomada\/wp-content\/uploads\/sites\/22\/2025\/06\/Politica-de-Gestao-de-Riscos.pdf\" target=\"_blank\" rel=\"noreferrer noopener\">Pol\u00edtica de Gest\u00e3o de Riscos<\/a><\/p>\n\n\n\n<p><a href=\"https:\/\/goias.gov.br\/retomada\/wp-content\/uploads\/sites\/22\/2025\/08\/PR___COMSET___POLITICA_DE_SEGURANCA_DA_COMUNICACAO_SETORIAL_REV.0.pdf\">Plano de Comunica\u00e7\u00e3o de Gest\u00e3o de Riscos<\/a><\/p>\n\n\n\n<p><a href=\"https:\/\/goias.gov.br\/retomada\/wp-content\/uploads\/sites\/22\/2025\/08\/ESCOPO__CONTEXTO_E_CRITERIOS___PCP___REVISAO_3___2022.pdf\" data-type=\"link\" data-id=\"https:\/\/goias.gov.br\/retomada\/wp-content\/uploads\/sites\/22\/2025\/08\/ESCOPO__CONTEXTO_E_CRITERIOS___PCP___REVISAO_3___2022.pdf\">Escopo, Contexto e Crit\u00e9rios em Gest\u00e3o de Riscos<\/a><\/p>\n\n\n\n<p><a href=\"https:\/\/goias.gov.br\/retomada\/documentos-especificos-da-pasta\/\" target=\"_blank\" rel=\"noreferrer noopener\">Documentos Espec\u00edficos da Pasta<\/a><\/p>\n\n\n\n<p><a href=\"https:\/\/goias.gov.br\/retomada\/wp-content\/uploads\/sites\/22\/2025\/08\/Decreto-Numerado-9.837.pdf\" target=\"_blank\" rel=\"noreferrer noopener\">C\u00f3digo de \u00c9tica do Estado de Goi\u00e1s <\/a><\/p>\n\n\n\n<p><a href=\"https:\/\/goias.gov.br\/retomada\/wp-content\/uploads\/sites\/22\/2025\/08\/Decreto-Numerado-9.837.pdf\">C\u00f3digo de \u00c9tica Secretaria de Estado da Retomada<\/a><\/p>\n\n\n\n<p><a href=\"https:\/\/goias.gov.br\/retomada\/repositorio-de-documentos\/\">Reposit\u00f3rio de Documentos<\/a><\/p>\n\n\n\n<p><a href=\"https:\/\/goias.gov.br\/retomada\/wp-content\/uploads\/sites\/22\/2025\/06\/Certificado_Instrumento_de_Melhoria_da_Governanca_e_Gestao_IMGG-1.pdf\" target=\"_blank\" rel=\"noreferrer noopener\">Certificado N\u00edvel de Maturidade de Governan\u00e7a e da Gest\u00e3o 2025<\/a><\/p>\n\n\n\n<p><\/p>\n","protected":false},"excerpt":{"rendered":"<p>\u00a0Publicado em\u00a011 de junho de 2025 \u00a0\u00daltima Atualiza\u00e7\u00e3o em 9 de dezembro de 2025 Portaria de Institui\u00e7\u00e3o do Comit\u00ea Setorial do Programa de Compliance P\u00fablico Portaria de Institui\u00e7\u00e3o do Escrit\u00f3rio de Compliance Pol\u00edtica de Gest\u00e3o de Riscos Plano de Comunica\u00e7\u00e3o de Gest\u00e3o de Riscos Escopo, Contexto e Crit\u00e9rios em Gest\u00e3o de Riscos Documentos Espec\u00edficos da [&hellip;]<\/p>\n","protected":false},"author":319,"featured_media":0,"parent":0,"menu_order":0,"comment_status":"closed","ping_status":"closed","template":"","meta":{"footnotes":""},"class_list":["post-34905","page","type-page","status-publish","hentry"],"rttpg_featured_image_url":null,"rttpg_author":{"display_name":"fransergiooliveira","author_link":"https:\/\/goias.gov.br\/retomada\/author\/fransergiooliveira\/"},"rttpg_comment":0,"rttpg_category":null,"rttpg_excerpt":"\u00a0Publicado em\u00a011 de junho de 2025 \u00a0\u00daltima Atualiza\u00e7\u00e3o em 9 de dezembro de 2025 Portaria de Institui\u00e7\u00e3o do Comit\u00ea Setorial do Programa de Compliance P\u00fablico Portaria de Institui\u00e7\u00e3o do Escrit\u00f3rio de Compliance Pol\u00edtica de Gest\u00e3o de Riscos Plano de Comunica\u00e7\u00e3o de Gest\u00e3o de Riscos Escopo, Contexto e Crit\u00e9rios em Gest\u00e3o de Riscos Documentos Espec\u00edficos da&hellip;","_links":{"self":[{"href":"https:\/\/goias.gov.br\/retomada\/wp-json\/wp\/v2\/pages\/34905","targetHints":{"allow":["GET"]}}],"collection":[{"href":"https:\/\/goias.gov.br\/retomada\/wp-json\/wp\/v2\/pages"}],"about":[{"href":"https:\/\/goias.gov.br\/retomada\/wp-json\/wp\/v2\/types\/page"}],"author":[{"embeddable":true,"href":"https:\/\/goias.gov.br\/retomada\/wp-json\/wp\/v2\/users\/319"}],"replies":[{"embeddable":true,"href":"https:\/\/goias.gov.br\/retomada\/wp-json\/wp\/v2\/comments?post=34905"}],"version-history":[{"count":2,"href":"https:\/\/goias.gov.br\/retomada\/wp-json\/wp\/v2\/pages\/34905\/revisions"}],"predecessor-version":[{"id":62561,"href":"https:\/\/goias.gov.br\/retomada\/wp-json\/wp\/v2\/pages\/34905\/revisions\/62561"}],"wp:attachment":[{"href":"https:\/\/goias.gov.br\/retomada\/wp-json\/wp\/v2\/media?parent=34905"}],"curies":[{"name":"wp","href":"https:\/\/api.w.org\/{rel}","templated":true}]}}