

{"id":31288,"date":"2025-05-27T15:01:54","date_gmt":"2025-05-27T18:01:54","guid":{"rendered":"https:\/\/goias.gov.br\/retomada\/?page_id=31288"},"modified":"2025-05-27T15:02:32","modified_gmt":"2025-05-27T18:02:32","slug":"04-2025","status":"publish","type":"page","link":"https:\/\/goias.gov.br\/retomada\/editais\/04-2025\/","title":{"rendered":"Edital de Chamamento P\u00fablico N\u00ba 04\/2025"},"content":{"rendered":"<p><strong>Objeto<\/strong>: O Estado de Goi\u00e1s, por meio da Secretaria de Estado da Retomada e por interm\u00e9dio da Coordena\u00e7\u00e3o Estadual de Artesanato de Goi\u00e1s, em conformidade com as diretrizes estabelecidas pelo Programa do Artesanato Brasileiro (PAB), nas Portarias n\u00ba 29\/2010, n\u00ba 8\/2012, n\u00ba 14\/2012 e n\u00ba 26\/2012 e n\u00ba 1.007\/2018, e da Lei Estadual n\u00ba 21.792, de 16 de Fevereiro de 2023, torna p\u00fablico o processo de sele\u00e7\u00e3o de interessados em participar do 7\u00aa edi\u00e7\u00e3o da Goi\u00e1s Feito \u00e0 M\u00e3o \u2013 Feira de Artesanato e Economia Criava, a ser realizado no Centro Cultural Oscar Niemeyer \u2013 CCON, localizado \u00e0 Avenida Deputado Jamel Cec\u00edlio, Km 01, Goi\u00e2nia- GO, CEP: 74891-135, do dia 29\/03\/2025 e 30\/03\/2025, nos termos deste Edital e pela legisla\u00e7\u00e3o aplic\u00e1vel.<\/p>\n<p><strong>Processo<\/strong>: 202519222000616<\/p>\n<ul class=\"wp-block-list\">\n<li><a href=\"https:\/\/goias.gov.br\/retomada\/wp-content\/uploads\/sites\/22\/2025\/03\/SEI_GOVERNADORIA-71732467-Aviso-de-Chamamento-Publico.pdf\">Aviso de Chamamento P\u00fablico<\/a><\/li>\n<li><a href=\"https:\/\/goias.gov.br\/retomada\/wp-content\/uploads\/sites\/22\/2025\/03\/SEI_GOVERNADORIA-71732491-Edital.pdf\">Edital de Chamamento P\u00fablico<\/a><\/li>\n<li><a href=\"https:\/\/goias.gov.br\/retomada\/wp-content\/uploads\/sites\/22\/2025\/03\/SEI_GOVERNADORIA-71688574-Termo-de-Referencia.pdf\">Termo de Refer\u00eancia<\/a><\/li>\n<li><a href=\"https:\/\/goias.gov.br\/retomada\/wp-content\/uploads\/sites\/22\/2025\/03\/Publiocacao_DOE___Aviso_de_Chamamento_Publico_N__04__2025___RETOMADA.pdf\">Publica\u00e7\u00e3o DOE<\/a><\/li>\n<li><a href=\"https:\/\/goias.gov.br\/retomada\/wp-content\/uploads\/sites\/22\/2025\/03\/ANEXO-I.docx\">Anexo I<\/a><\/li>\n<li><a href=\"https:\/\/goias.gov.br\/retomada\/wp-content\/uploads\/sites\/22\/2025\/03\/ANEXO-II.docx\">Anexo II<\/a><\/li>\n<li><a href=\"https:\/\/goias.gov.br\/retomada\/wp-content\/uploads\/sites\/22\/2025\/03\/ANEXO-III.docx\">Anexo III<\/a><\/li>\n<li><a href=\"https:\/\/goias.gov.br\/retomada\/wp-content\/uploads\/sites\/22\/2025\/03\/ANEXO-IV.docx\">Anexo IV<\/a><\/li>\n<li><a href=\"https:\/\/goias.gov.br\/retomada\/wp-content\/uploads\/sites\/22\/2025\/03\/ANEXO-V.docx\">Anexo V<\/a><\/li>\n<li><a href=\"https:\/\/goias.gov.br\/retomada\/wp-content\/uploads\/sites\/22\/2025\/03\/ANEXO-VI.docx\">Anexo VI<\/a><\/li>\n<li><a href=\"https:\/\/goias.gov.br\/retomada\/wp-content\/uploads\/sites\/22\/2025\/03\/ANEXO-VII.docx\">Anexo VII<\/a><\/li>\n<li><a href=\"https:\/\/goias.gov.br\/retomada\/wp-content\/uploads\/sites\/22\/2025\/03\/resultado-definitivo-do-certame_edital-n-0182024seadretomada-secretaria-de-estado-da-retomada_220.pdf\" target=\"_blank\" rel=\"noreferrer noopener\">Resultado Preliminar<\/a><\/li>\n<li><a href=\"https:\/\/goias.gov.br\/retomada\/wp-content\/uploads\/sites\/22\/2025\/03\/Publicacao_DOE___T._Homologacao_Ch._Publ._n__004_2025-1.pdf\">Termo de homologa\u00e7\u00e3o do resultado<\/a><\/li>\n<\/ul>\n","protected":false},"excerpt":{"rendered":"<p>Objeto: O Estado de Goi\u00e1s, por meio da Secretaria de Estado da Retomada e por interm\u00e9dio da Coordena\u00e7\u00e3o Estadual de Artesanato de Goi\u00e1s, em conformidade com as diretrizes estabelecidas pelo Programa do Artesanato Brasileiro (PAB), nas Portarias n\u00ba 29\/2010, n\u00ba 8\/2012, n\u00ba 14\/2012 e n\u00ba 26\/2012 e n\u00ba 1.007\/2018, e da Lei Estadual n\u00ba 21.792, [&hellip;]<\/p>\n","protected":false},"author":62,"featured_media":0,"parent":31012,"menu_order":0,"comment_status":"closed","ping_status":"closed","template":"","meta":{"footnotes":""},"class_list":["post-31288","page","type-page","status-publish","hentry"],"rttpg_featured_image_url":null,"rttpg_author":{"display_name":"italoreis","author_link":"https:\/\/goias.gov.br\/retomada\/author\/italoreis\/"},"rttpg_comment":0,"rttpg_category":null,"rttpg_excerpt":"Objeto: O Estado de Goi\u00e1s, por meio da Secretaria de Estado da Retomada e por interm\u00e9dio da Coordena\u00e7\u00e3o Estadual de Artesanato de Goi\u00e1s, em conformidade com as diretrizes estabelecidas pelo Programa do Artesanato Brasileiro (PAB), nas Portarias n\u00ba 29\/2010, n\u00ba 8\/2012, n\u00ba 14\/2012 e n\u00ba 26\/2012 e n\u00ba 1.007\/2018, e da Lei Estadual n\u00ba 21.792,&hellip;","_links":{"self":[{"href":"https:\/\/goias.gov.br\/retomada\/wp-json\/wp\/v2\/pages\/31288","targetHints":{"allow":["GET"]}}],"collection":[{"href":"https:\/\/goias.gov.br\/retomada\/wp-json\/wp\/v2\/pages"}],"about":[{"href":"https:\/\/goias.gov.br\/retomada\/wp-json\/wp\/v2\/types\/page"}],"author":[{"embeddable":true,"href":"https:\/\/goias.gov.br\/retomada\/wp-json\/wp\/v2\/users\/62"}],"replies":[{"embeddable":true,"href":"https:\/\/goias.gov.br\/retomada\/wp-json\/wp\/v2\/comments?post=31288"}],"version-history":[{"count":2,"href":"https:\/\/goias.gov.br\/retomada\/wp-json\/wp\/v2\/pages\/31288\/revisions"}],"predecessor-version":[{"id":31300,"href":"https:\/\/goias.gov.br\/retomada\/wp-json\/wp\/v2\/pages\/31288\/revisions\/31300"}],"up":[{"embeddable":true,"href":"https:\/\/goias.gov.br\/retomada\/wp-json\/wp\/v2\/pages\/31012"}],"wp:attachment":[{"href":"https:\/\/goias.gov.br\/retomada\/wp-json\/wp\/v2\/media?parent=31288"}],"curies":[{"name":"wp","href":"https:\/\/api.w.org\/{rel}","templated":true}]}}