

{"id":31283,"date":"2025-05-27T15:00:37","date_gmt":"2025-05-27T18:00:37","guid":{"rendered":"https:\/\/goias.gov.br\/retomada\/?page_id=31283"},"modified":"2025-05-27T15:00:37","modified_gmt":"2025-05-27T18:00:37","slug":"05-2025","status":"publish","type":"page","link":"https:\/\/goias.gov.br\/retomada\/05-2025\/","title":{"rendered":"Edital de Chamamento P\u00fablico N\u00b005\/2025"},"content":{"rendered":"\n<p><strong>Objeto:<\/strong> O\u00a0<strong>ESTADO DE GOI\u00c1S<\/strong>, por interveni\u00eancia da\u00a0<strong>SECRETARIA DE ESTADO DA RETOMADA<\/strong>, torna p\u00fablico, por meio de publica\u00e7\u00f5es realizadas no Di\u00e1rio Oficial do Estado de Goi\u00e1s e em via eletr\u00f4nica, para conhecimento dos interessados, que estar\u00e1 aberto o Instrumento de CHAMAMENTO P\u00daBLICO n.\u00ba 05\/2025 e seus anexos, objetivando a\u00a0sele\u00e7\u00e3o de projetos apresentados por munic\u00edpios goianos, para a realiza\u00e7\u00e3o, de interesse comum dos part\u00edcipes, de eventos voltados \u00e0 promo\u00e7\u00e3o e fomento das pol\u00edticas p\u00fablicas de gera\u00e7\u00e3o de emprego e renda, bem como desenvolvimento socioecon\u00f4mico e humano, al\u00e9m do com\u00e9rcio cultural, com o objetivo fim, a viabilidade de empregos diretos e indiretos, al\u00e9m da eleva\u00e7\u00e3o de renda econ\u00f4mica local, conforme os eixos tem\u00e1ticos estabelecidos,\u00a0atrav\u00e9s da formaliza\u00e7\u00e3o de\u00a0Conv\u00eanio, para a realiza\u00e7\u00e3o de finalidade de interesse p\u00fablico e rec\u00edproco que envolve a transfer\u00eancia de recursos financeiros aos Munic\u00edpios, conforme condi\u00e7\u00f5es estabelecidas em Edital de Chamamento P\u00fablico, nos termos da\u00a0Decreto Estadual n.\u00ba 10.248\/2023, e demais normativos aplic\u00e1veis, al\u00e9m das condi\u00e7\u00f5es previstas no Edital.\u00a0<\/p>\n\n\n\n<p>A retirada do Edital e de seus Anexos, bem como todos os atos, convoca\u00e7\u00f5es e resultados\/julgamentos, poder\u00e1 ser feita na Secretaria de Estado da Retomada \u2013 RETOMADA, localizada na Av. 85, 22 \u2013 St. Sul, Goi\u00e2nia \u2013 GO, 74080-010 (Pra\u00e7a Pedro Ludovico Teixeira), Fone: (62) 3201-5205, ou ainda pelo endere\u00e7o eletr\u00f4nico: www.retomada.go.gov.br.\u00a0Os documentos poder\u00e3o ser enviados pelo e-mail <a href=\"mailto:chamamento.ser@goias.gov.br\">chamamento.ser@goias.gov.br<\/a>, at\u00e9 \u00e0s 18h do \u00faltimo dia do prazo.<\/p>\n\n\n\n<p><strong>Processo: <\/strong>202519222000634<\/p>\n\n\n\n<ul class=\"wp-block-list\">\n<li><a href=\"https:\/\/goias.gov.br\/retomada\/wp-content\/uploads\/sites\/22\/2025\/04\/SEI-202519222000634-aviso.pdf\">Aviso de Chamamento P\u00fablico<\/a><\/li>\n\n\n\n<li><a href=\"https:\/\/goias.gov.br\/retomada\/wp-content\/uploads\/sites\/22\/2025\/04\/SEI-202519222000634-edital.pdf\">Edital<\/a><\/li>\n\n\n\n<li><a href=\"https:\/\/goias.gov.br\/retomada\/wp-content\/uploads\/sites\/22\/2025\/04\/SEI-202519222000634-termo-de-referencia.pdf\">Termo de Refer\u00eancia<\/a><\/li>\n\n\n\n<li><a href=\"https:\/\/goias.gov.br\/retomada\/wp-content\/uploads\/sites\/22\/2025\/05\/Anexo_I___Oficio_de_Encaminhamento.docx\">Anexo I \u2013 Of\u00edcio de Encaminhamento;<\/a><\/li>\n\n\n\n<li><a href=\"https:\/\/goias.gov.br\/retomada\/wp-content\/uploads\/sites\/22\/2025\/05\/Anexo_III___Plano_de_Trabalho.docx\">Anexo II \u2013 Plano de Trabalho;<\/a><\/li>\n\n\n\n<li><a href=\"https:\/\/goias.gov.br\/retomada\/wp-content\/uploads\/sites\/22\/2025\/05\/Anexo____Declaracao_de_Capacidade_Tecnica__Administrativa_e_Gerencial.docx\">Anexo III \u2013 Declara\u00e7\u00e3o de Capacidade T\u00e9cnica e Gerencial;<\/a><\/li>\n\n\n\n<li><a href=\"https:\/\/goias.gov.br\/retomada\/wp-content\/uploads\/sites\/22\/2025\/05\/Anexo_IV.docx\">Anexo IV \u2013 Declara\u00e7\u00e3o n\u00e3o celebra conv\u00eanio id\u00eantico;<\/a><\/li>\n\n\n\n<li><a href=\"https:\/\/goias.gov.br\/retomada\/wp-content\/uploads\/sites\/22\/2025\/05\/Anexo_V___Declaracao_de_que_nao_se_encontra_em_situacao_de_mora.docx\">Anexo V\u00a0\u2013 Declara\u00e7\u00e3o situa\u00e7\u00e3o de mora;<\/a><\/li>\n\n\n\n<li><a href=\"https:\/\/goias.gov.br\/retomada\/wp-content\/uploads\/sites\/22\/2025\/05\/VI_Declaracao_que_nao_emprega_menor_de_idade_OK__2_.docx\">Anexo VI\u00a0\u2013 Declara\u00e7\u00e3o que n\u00e3o emprega menor;<\/a><\/li>\n\n\n\n<li><a href=\"https:\/\/goias.gov.br\/retomada\/wp-content\/uploads\/sites\/22\/2025\/05\/Anexo_VI___Declaracao_de_abertura_de_conta_corrente_especifica.docx\">Anexo VIII Abertura conta especifica;<\/a><\/li>\n\n\n\n<li><a href=\"https:\/\/goias.gov.br\/retomada\/wp-content\/uploads\/sites\/22\/2025\/05\/SEI-202519222000634-Portaria.pdf\">Portaria da Comiss\u00e3o de Sele\u00e7\u00e3o<\/a><\/li>\n<\/ul>\n","protected":false},"excerpt":{"rendered":"<p>Objeto: O\u00a0ESTADO DE GOI\u00c1S, por interveni\u00eancia da\u00a0SECRETARIA DE ESTADO DA RETOMADA, torna p\u00fablico, por meio de publica\u00e7\u00f5es realizadas no Di\u00e1rio Oficial do Estado de Goi\u00e1s e em via eletr\u00f4nica, para conhecimento dos interessados, que estar\u00e1 aberto o Instrumento de CHAMAMENTO P\u00daBLICO n.\u00ba 05\/2025 e seus anexos, objetivando a\u00a0sele\u00e7\u00e3o de projetos apresentados por munic\u00edpios goianos, para [&hellip;]<\/p>\n","protected":false},"author":62,"featured_media":0,"parent":0,"menu_order":0,"comment_status":"closed","ping_status":"closed","template":"","meta":{"footnotes":""},"class_list":["post-31283","page","type-page","status-publish","hentry"],"rttpg_featured_image_url":null,"rttpg_author":{"display_name":"italoreis","author_link":"https:\/\/goias.gov.br\/retomada\/author\/italoreis\/"},"rttpg_comment":0,"rttpg_category":null,"rttpg_excerpt":"Objeto: O\u00a0ESTADO DE GOI\u00c1S, por interveni\u00eancia da\u00a0SECRETARIA DE ESTADO DA RETOMADA, torna p\u00fablico, por meio de publica\u00e7\u00f5es realizadas no Di\u00e1rio Oficial do Estado de Goi\u00e1s e em via eletr\u00f4nica, para conhecimento dos interessados, que estar\u00e1 aberto o Instrumento de CHAMAMENTO P\u00daBLICO n.\u00ba 05\/2025 e seus anexos, objetivando a\u00a0sele\u00e7\u00e3o de projetos apresentados por munic\u00edpios goianos, para&hellip;","_links":{"self":[{"href":"https:\/\/goias.gov.br\/retomada\/wp-json\/wp\/v2\/pages\/31283","targetHints":{"allow":["GET"]}}],"collection":[{"href":"https:\/\/goias.gov.br\/retomada\/wp-json\/wp\/v2\/pages"}],"about":[{"href":"https:\/\/goias.gov.br\/retomada\/wp-json\/wp\/v2\/types\/page"}],"author":[{"embeddable":true,"href":"https:\/\/goias.gov.br\/retomada\/wp-json\/wp\/v2\/users\/62"}],"replies":[{"embeddable":true,"href":"https:\/\/goias.gov.br\/retomada\/wp-json\/wp\/v2\/comments?post=31283"}],"version-history":[{"count":1,"href":"https:\/\/goias.gov.br\/retomada\/wp-json\/wp\/v2\/pages\/31283\/revisions"}],"predecessor-version":[{"id":31287,"href":"https:\/\/goias.gov.br\/retomada\/wp-json\/wp\/v2\/pages\/31283\/revisions\/31287"}],"wp:attachment":[{"href":"https:\/\/goias.gov.br\/retomada\/wp-json\/wp\/v2\/media?parent=31283"}],"curies":[{"name":"wp","href":"https:\/\/api.w.org\/{rel}","templated":true}]}}