

{"id":31282,"date":"2025-05-27T15:00:29","date_gmt":"2025-05-27T18:00:29","guid":{"rendered":"https:\/\/goias.gov.br\/retomada\/?page_id=31282"},"modified":"2025-05-27T15:00:29","modified_gmt":"2025-05-27T18:00:29","slug":"03-2025","status":"publish","type":"page","link":"https:\/\/goias.gov.br\/retomada\/editais\/03-2025\/","title":{"rendered":"Edital de Chamamento P\u00fablico N\u00ba 03\/2025"},"content":{"rendered":"<p><strong>Objeto<\/strong>: O <strong>ESTADO DE GOI\u00c1S<\/strong>, por meio da\u00a0<strong>SECRETARIA DE ESTADO DA RETOMADA<\/strong>\u00a0E POR INTERM\u00c9DIO DA\u00a0<strong>COORDENA\u00c7\u00c3O ESTADUAL DE ARTESANATO DE GOI\u00c1S<\/strong>, em conformidade com as diretrizes estabelecidas pelo Programa do Artesanato Brasileiro(PAB) nas Portarias n\u00ba 29\/2010, n\u00ba 8\/2012, n\u00ba 14\/2012 e n\u00ba 26\/2012 e n\u00ba 1.007\/2018 e\u00a0nos termos da Lei Federal n\u00b0. 13.019, de 31 de julho de 2014, torna p\u00fablico o processo de\u00a0sele\u00e7\u00e3o de artes\u00e3os, trabalhadores manuais, entidades (associa\u00e7\u00f5es e cooperativas) e Munic\u00edpios, juntamente com suas respectivas produ\u00e7\u00f5es, para a ocupa\u00e7\u00e3o de um espa\u00e7o individual de 3m\u00b2,\u00a0para participar das\u00a0edi\u00e7\u00f5es da\u00a0<strong>Goi\u00e1s Feito \u00e0 M\u00e3o \u2013 Feira de Artesanato e Economia Criativa<\/strong>, a serem realizadas nos\u00a0<strong>Munic\u00edpios de Goi\u00e1s, de<\/strong>\u00a0<strong>Goi\u00e2nia e\u00a0de\u00a0Piren\u00f3polis,<\/strong>\u00a0a se realizar nas datas abaixo descritas,\u00a0nos termos deste Edital e pela legisla\u00e7\u00e3o aplic\u00e1vel.<\/p>\n<p><strong>Processo<\/strong>: 202519222000403<\/p>\n<ul class=\"wp-block-list\">\n<li><a href=\"https:\/\/goias.gov.br\/retomada\/wp-content\/uploads\/sites\/22\/2025\/03\/SEI_GOVERNADORIA-71980701-Aviso-de-Chamamento-Publico.pdf\">Aviso de Chamamento P\u00fablico<\/a><\/li>\n<li><a href=\"https:\/\/goias.gov.br\/retomada\/wp-content\/uploads\/sites\/22\/2025\/03\/SEI_GOVERNADORIA-71975428-Edital.pdf\">Edital<\/a><\/li>\n<li><a href=\"https:\/\/goias.gov.br\/retomada\/wp-content\/uploads\/sites\/22\/2025\/03\/SEI_GOVERNADORIA-71816533-Termo-de-Referencia.pdf\">Termo de Refer\u00eancia<\/a><\/li>\n<li><a href=\"https:\/\/goias.gov.br\/retomada\/wp-content\/uploads\/sites\/22\/2025\/03\/ANEXO_I.pdf\">Anexo I \u2013 Termo de Compromisso<\/a><\/li>\n<li><a href=\"https:\/\/goias.gov.br\/retomada\/wp-content\/uploads\/sites\/22\/2025\/03\/ANEXO_II.pdf\">Anexo II -Declara\u00e7\u00e3o de Cess\u00e3o de Direito de Uso de Imagem<\/a><\/li>\n<li><a href=\"https:\/\/goias.gov.br\/retomada\/wp-content\/uploads\/sites\/22\/2025\/03\/ANEXO_III.pdf\">Anexo III \u2013 Autodeclara\u00e7\u00e3o de Resid\u00eancia<\/a><\/li>\n<li><a href=\"https:\/\/goias.gov.br\/retomada\/wp-content\/uploads\/sites\/22\/2025\/03\/ANEXO_IV.pdf\">Anexo IV \u2013 Procura\u00e7\u00e3o<\/a><\/li>\n<li><a href=\"https:\/\/goias.gov.br\/retomada\/wp-content\/uploads\/sites\/22\/2025\/03\/ANEXO_V.pdf\">Anexo V \u2013 Termo de Compromisso<\/a><\/li>\n<li><a href=\"https:\/\/goias.gov.br\/retomada\/wp-content\/uploads\/sites\/22\/2025\/03\/ANEXO_VI.pdf\">Anexo VI -Declara\u00e7\u00e3o de Cess\u00e3o de Direto de Imagem (Entidades)<\/a><\/li>\n<li><a href=\"https:\/\/goias.gov.br\/retomada\/wp-content\/uploads\/sites\/22\/2025\/03\/ANEXO_VII.pdf\">Anexo VII \u2013 Declara\u00e7\u00e3o de Cess\u00e3o de Direto (Munic\u00edpios)<\/a><\/li>\n<li><a href=\"https:\/\/goias.gov.br\/retomada\/wp-content\/uploads\/sites\/22\/2025\/04\/SEI_GOVERNADORIA-72847174-Resultado-Preliminar.pdf\">Resultado Preliminar<\/a><\/li>\n<li><a href=\"https:\/\/goias.gov.br\/retomada\/wp-content\/uploads\/sites\/22\/2025\/04\/SEI_GOVERNADORIA-73106796-Resposta.pdf\">Resposta ao Recurso<\/a><\/li>\n<li><a href=\"https:\/\/goias.gov.br\/retomada\/wp-content\/uploads\/sites\/22\/2025\/04\/SEI_GOVERNADORIA-72868703-Retificacao.pdf\">Retifica\u00e7\u00e3o de Resultado Preliminar<\/a><\/li>\n<li><a href=\"https:\/\/goias.gov.br\/retomada\/wp-content\/uploads\/sites\/22\/2025\/04\/SEI_GOVERNADORIA-73166510-Termo-de-Homologacao.pdf\">Termo de Homologa\u00e7\u00e3o<\/a><\/li>\n<\/ul>\n","protected":false},"excerpt":{"rendered":"<p>Objeto: O ESTADO DE GOI\u00c1S, por meio da\u00a0SECRETARIA DE ESTADO DA RETOMADA\u00a0E POR INTERM\u00c9DIO DA\u00a0COORDENA\u00c7\u00c3O ESTADUAL DE ARTESANATO DE GOI\u00c1S, em conformidade com as diretrizes estabelecidas pelo Programa do Artesanato Brasileiro(PAB) nas Portarias n\u00ba 29\/2010, n\u00ba 8\/2012, n\u00ba 14\/2012 e n\u00ba 26\/2012 e n\u00ba 1.007\/2018 e\u00a0nos termos da Lei Federal n\u00b0. 13.019, de 31 de [&hellip;]<\/p>\n","protected":false},"author":62,"featured_media":0,"parent":31012,"menu_order":0,"comment_status":"closed","ping_status":"closed","template":"","meta":{"footnotes":""},"class_list":["post-31282","page","type-page","status-publish","hentry"],"rttpg_featured_image_url":null,"rttpg_author":{"display_name":"italoreis","author_link":"https:\/\/goias.gov.br\/retomada\/author\/italoreis\/"},"rttpg_comment":0,"rttpg_category":null,"rttpg_excerpt":"Objeto: O ESTADO DE GOI\u00c1S, por meio da\u00a0SECRETARIA DE ESTADO DA RETOMADA\u00a0E POR INTERM\u00c9DIO DA\u00a0COORDENA\u00c7\u00c3O ESTADUAL DE ARTESANATO DE GOI\u00c1S, em conformidade com as diretrizes estabelecidas pelo Programa do Artesanato Brasileiro(PAB) nas Portarias n\u00ba 29\/2010, n\u00ba 8\/2012, n\u00ba 14\/2012 e n\u00ba 26\/2012 e n\u00ba 1.007\/2018 e\u00a0nos termos da Lei Federal n\u00b0. 13.019, de 31 de&hellip;","_links":{"self":[{"href":"https:\/\/goias.gov.br\/retomada\/wp-json\/wp\/v2\/pages\/31282","targetHints":{"allow":["GET"]}}],"collection":[{"href":"https:\/\/goias.gov.br\/retomada\/wp-json\/wp\/v2\/pages"}],"about":[{"href":"https:\/\/goias.gov.br\/retomada\/wp-json\/wp\/v2\/types\/page"}],"author":[{"embeddable":true,"href":"https:\/\/goias.gov.br\/retomada\/wp-json\/wp\/v2\/users\/62"}],"replies":[{"embeddable":true,"href":"https:\/\/goias.gov.br\/retomada\/wp-json\/wp\/v2\/comments?post=31282"}],"version-history":[{"count":1,"href":"https:\/\/goias.gov.br\/retomada\/wp-json\/wp\/v2\/pages\/31282\/revisions"}],"predecessor-version":[{"id":31286,"href":"https:\/\/goias.gov.br\/retomada\/wp-json\/wp\/v2\/pages\/31282\/revisions\/31286"}],"up":[{"embeddable":true,"href":"https:\/\/goias.gov.br\/retomada\/wp-json\/wp\/v2\/pages\/31012"}],"wp:attachment":[{"href":"https:\/\/goias.gov.br\/retomada\/wp-json\/wp\/v2\/media?parent=31282"}],"curies":[{"name":"wp","href":"https:\/\/api.w.org\/{rel}","templated":true}]}}