

{"id":31259,"date":"2025-05-27T14:57:45","date_gmt":"2025-05-27T17:57:45","guid":{"rendered":"https:\/\/goias.gov.br\/retomada\/?page_id=31259"},"modified":"2025-05-27T14:57:45","modified_gmt":"2025-05-27T17:57:45","slug":"01-2025","status":"publish","type":"page","link":"https:\/\/goias.gov.br\/retomada\/editais\/01-2025\/","title":{"rendered":"Edital de Chamamento P\u00fablico N\u00ba 01\/2025"},"content":{"rendered":"<p><strong>Objeto<\/strong>: A finalidade da presente colabora\u00e7\u00e3o \u00e9 a sele\u00e7\u00e3o de propostas para a celebra\u00e7\u00e3o de parceria entre o Estado de Goi\u00e1s, por meio da Secretaria de Estado da Retomada, atrav\u00e9s da formaliza\u00e7\u00e3o de Termo de Colabora\u00e7\u00e3o, para a realiza\u00e7\u00e3o de finalidade de interesse p\u00fablico e rec\u00edproco que envolve a transfer\u00eancia de recursos financeiros \u00e0 Organiza\u00e7\u00e3o da Sociedade Civil, conforme condi\u00e7\u00f5es estabelecidas em Edital de Chamamento P\u00fablico, objetivando a realiza\u00e7\u00e3o da Temporada do Araguaia 2025.<\/p>\n<p><strong>Processo<\/strong>: 202519222000282<\/p>\n<ul class=\"wp-block-list\">\n<li><a href=\"https:\/\/goias.gov.br\/retomada\/wp-content\/uploads\/sites\/22\/2025\/03\/SEI_GOVERNADORIA-71573170-Aviso-de-Chamamento-Publico.pdf\">Aviso de Chamamento<\/a><\/li>\n<li><a href=\"https:\/\/goias.gov.br\/retomada\/wp-content\/uploads\/sites\/22\/2025\/03\/SEI_GOVERNADORIA-71573246-Edital.pdf\">Edital<\/a><\/li>\n<li><a href=\"https:\/\/goias.gov.br\/retomada\/wp-content\/uploads\/sites\/22\/2025\/03\/SEI_GOVERNADORIA-70202331-Termo-de-Referencia.pdf\">Termo de Refer\u00eancia<\/a><\/li>\n<li><a href=\"https:\/\/goias.gov.br\/retomada\/wp-content\/uploads\/sites\/22\/2025\/03\/SEI_GOVERNADORIA-71649384-Retificacao.pdf\">Termo de Refer\u00eancia \u2013 Retificado<\/a><\/li>\n<li><a href=\"https:\/\/goias.gov.br\/retomada\/wp-content\/uploads\/sites\/22\/2025\/03\/SEI_GOVERNADORIA-71457327-Plano-de-Trabalho.pdf\">Refer\u00eancia para Colabora\u00e7\u00e3o<\/a><\/li>\n<li><a href=\"https:\/\/goias.gov.br\/retomada\/wp-content\/uploads\/sites\/22\/2025\/03\/ANEXOS_I_DECLARACAO_DE_CIENCIA_E_CONCORDANCIA__2___3_.docx\">Anexo I \u2013 Declara\u00e7\u00e3o de Ci\u00eancia<\/a><\/li>\n<li><a href=\"https:\/\/goias.gov.br\/retomada\/wp-content\/uploads\/sites\/22\/2025\/03\/ANEXOS_II_DECLARACAO_SOBRE_INSTALACOES_E_CONDICOES_MATERIAIS.docx\">Anexo II \u2013 Declara\u00e7\u00e3o Instala\u00e7\u00f5es e Materiais<\/a><\/li>\n<li><a href=\"https:\/\/goias.gov.br\/retomada\/wp-content\/uploads\/sites\/22\/2025\/03\/ANEXOS_III_DECLARACAO_E_RELACAO_DOS_DIRIGENTES_DA_ENTIDADE.docx\">Anexo III \u2013 Declara\u00e7\u00e3o e Rela\u00e7\u00e3o de Dirigentes<\/a><\/li>\n<li><a href=\"https:\/\/goias.gov.br\/retomada\/wp-content\/uploads\/sites\/22\/2025\/03\/ANEXOS_IV_DECLARACAO_DA_NAO_OCORRENCIA_DE_IMPEDIMENTOS.docx\">Anexo IV \u2013 Declara\u00e7\u00e3o de N\u00e3o Ocorr\u00eancia de Impedimentos<\/a><\/li>\n<li><a href=\"https:\/\/goias.gov.br\/retomada\/wp-content\/uploads\/sites\/22\/2025\/03\/ANEXOS_V_DIRETRIZES_PARA_PROPOSTA.docx\">Anexo V \u2013 Diretrizes para Proposta<\/a><\/li>\n<li><a href=\"https:\/\/goias.gov.br\/retomada\/wp-content\/uploads\/sites\/22\/2025\/03\/SEI_GOVERNADORIA-71647545-Retificacao.pdf\">Edital \u2013 Retificado<\/a><\/li>\n<li><a href=\"https:\/\/goias.gov.br\/retomada\/wp-content\/uploads\/sites\/22\/2025\/04\/SEI-202519222000282-portaria.pdf\">Portaria Comiss\u00e3o de Sele\u00e7\u00e3o<\/a><\/li>\n<li><a href=\"https:\/\/goias.gov.br\/retomada\/wp-content\/uploads\/sites\/22\/2025\/04\/SEI-202519222000282-retificacao.pdf\">Edital \u2013 2\u00ba Retifica\u00e7\u00e3o<\/a><\/li>\n<li><a href=\"https:\/\/goias.gov.br\/retomada\/wp-content\/uploads\/sites\/22\/2025\/04\/recibo-fluir.pdf\">Recibo \u2013 Envelope Instituto Fluir<\/a><\/li>\n<li><a href=\"https:\/\/goias.gov.br\/retomada\/wp-content\/uploads\/sites\/22\/2025\/04\/proposta-instituto-fluir_compressed.pdf\">Of\u00edcio \u2013 Proposta Instituto Fluir<\/a><\/li>\n<li><a href=\"https:\/\/goias.gov.br\/retomada\/wp-content\/uploads\/sites\/22\/2025\/04\/recio-cruzeiro.pdf\">Recibo \u2013 Envelope Instituto Cruzeiro do Sul<\/a><\/li>\n<li><a href=\"https:\/\/goias.gov.br\/retomada\/wp-content\/uploads\/sites\/22\/2025\/04\/Projeto_Instituto_Cruzeiro_do_Sul___1_compressed.pdf\">Of\u00edcio \u2013 Proposta Instituto Cruzeiro do Sul \u2013 Parte I<\/a><\/li>\n<li><a href=\"https:\/\/goias.gov.br\/retomada\/wp-content\/uploads\/sites\/22\/2025\/04\/Projeto_Instituto_Cruzeiro_do_Sul___2.pdf\">Proposta Instituto Cruzeiro do Sul \u2013 Parte II<\/a><\/li>\n<li><a href=\"https:\/\/goias.gov.br\/retomada\/wp-content\/uploads\/sites\/22\/2025\/04\/Projeto_Instituto_Cruzeiro_do_Sul___3.pdf\">Proposta Instituto Cruzeiro do Sul \u2013 Parte III<\/a><\/li>\n<li><a href=\"https:\/\/goias.gov.br\/retomada\/wp-content\/uploads\/sites\/22\/2025\/04\/ata-de-abertura-dos-envelopes.pdf\">Ata Abertura dos Envelopes \u2013 Assinada<\/a><\/li>\n<li><a href=\"https:\/\/goias.gov.br\/retomada\/wp-content\/uploads\/sites\/22\/2025\/04\/SEI-202519222000282-aviso-de-adiamento.pdf\">Aviso de Adiamento<\/a><\/li>\n<li><a href=\"https:\/\/goias.gov.br\/retomada\/wp-content\/uploads\/sites\/22\/2025\/04\/Ata-de-avaliacao.pdf\">Ata de Avalia\u00e7\u00e3o T\u00e9cnica<\/a><\/li>\n<li><a href=\"https:\/\/goias.gov.br\/retomada\/wp-content\/uploads\/sites\/22\/2025\/04\/SEI-202519222000282.pdf\">Resultado Preliminar<\/a><\/li>\n<li><a href=\"https:\/\/goias.gov.br\/retomada\/wp-content\/uploads\/sites\/22\/2025\/05\/Recurso.pdf\">Recurso<\/a><\/li>\n<li><a href=\"https:\/\/goias.gov.br\/retomada\/wp-content\/uploads\/sites\/22\/2025\/05\/Email-%E2%80%93-CHAMAMENTO-SER-%E2%80%93-Outlook.pdf\">Comprovante de envio de recurso<\/a><\/li>\n<li><a href=\"https:\/\/goias.gov.br\/retomada\/wp-content\/uploads\/sites\/22\/2025\/05\/Oficio_18_2025_Recurso_Projeto_Mais_Araguaia-1.pdf\">Contrarraz\u00f5es do recurso<\/a><\/li>\n<li><a href=\"https:\/\/goias.gov.br\/retomada\/wp-content\/uploads\/sites\/22\/2025\/05\/Email-%E2%80%93-CHAMAMENTO-SER-%E2%80%93-Outlook-contrarrozes.pdf\">Comprovante de envio das contrarraz\u00f5es<\/a><\/li>\n<li><a href=\"https:\/\/goias.gov.br\/retomada\/wp-content\/uploads\/sites\/22\/2025\/05\/SEI-202519222000282-justificativa.pdf\">Justificativa para Revoga\u00e7\u00e3o<\/a><\/li>\n<li><a href=\"https:\/\/goias.gov.br\/retomada\/wp-content\/uploads\/sites\/22\/2025\/05\/SEI-202519222000282-aviso.pdf\">Aviso de Revoga\u00e7\u00e3o Chamamento P\u00fablico<\/a><\/li>\n<\/ul>\n","protected":false},"excerpt":{"rendered":"<p>Objeto: A finalidade da presente colabora\u00e7\u00e3o \u00e9 a sele\u00e7\u00e3o de propostas para a celebra\u00e7\u00e3o de parceria entre o Estado de Goi\u00e1s, por meio da Secretaria de Estado da Retomada, atrav\u00e9s da formaliza\u00e7\u00e3o de Termo de Colabora\u00e7\u00e3o, para a realiza\u00e7\u00e3o de finalidade de interesse p\u00fablico e rec\u00edproco que envolve a transfer\u00eancia de recursos financeiros \u00e0 Organiza\u00e7\u00e3o [&hellip;]<\/p>\n","protected":false},"author":62,"featured_media":0,"parent":31012,"menu_order":0,"comment_status":"closed","ping_status":"closed","template":"","meta":{"footnotes":""},"class_list":["post-31259","page","type-page","status-publish","hentry"],"rttpg_featured_image_url":null,"rttpg_author":{"display_name":"italoreis","author_link":"https:\/\/goias.gov.br\/retomada\/author\/italoreis\/"},"rttpg_comment":0,"rttpg_category":null,"rttpg_excerpt":"Objeto: A finalidade da presente colabora\u00e7\u00e3o \u00e9 a sele\u00e7\u00e3o de propostas para a celebra\u00e7\u00e3o de parceria entre o Estado de Goi\u00e1s, por meio da Secretaria de Estado da Retomada, atrav\u00e9s da formaliza\u00e7\u00e3o de Termo de Colabora\u00e7\u00e3o, para a realiza\u00e7\u00e3o de finalidade de interesse p\u00fablico e rec\u00edproco que envolve a transfer\u00eancia de recursos financeiros \u00e0 Organiza\u00e7\u00e3o&hellip;","_links":{"self":[{"href":"https:\/\/goias.gov.br\/retomada\/wp-json\/wp\/v2\/pages\/31259","targetHints":{"allow":["GET"]}}],"collection":[{"href":"https:\/\/goias.gov.br\/retomada\/wp-json\/wp\/v2\/pages"}],"about":[{"href":"https:\/\/goias.gov.br\/retomada\/wp-json\/wp\/v2\/types\/page"}],"author":[{"embeddable":true,"href":"https:\/\/goias.gov.br\/retomada\/wp-json\/wp\/v2\/users\/62"}],"replies":[{"embeddable":true,"href":"https:\/\/goias.gov.br\/retomada\/wp-json\/wp\/v2\/comments?post=31259"}],"version-history":[{"count":1,"href":"https:\/\/goias.gov.br\/retomada\/wp-json\/wp\/v2\/pages\/31259\/revisions"}],"predecessor-version":[{"id":31264,"href":"https:\/\/goias.gov.br\/retomada\/wp-json\/wp\/v2\/pages\/31259\/revisions\/31264"}],"up":[{"embeddable":true,"href":"https:\/\/goias.gov.br\/retomada\/wp-json\/wp\/v2\/pages\/31012"}],"wp:attachment":[{"href":"https:\/\/goias.gov.br\/retomada\/wp-json\/wp\/v2\/media?parent=31259"}],"curies":[{"name":"wp","href":"https:\/\/api.w.org\/{rel}","templated":true}]}}