

{"id":2263,"date":"2023-10-02T12:46:16","date_gmt":"2023-10-02T15:46:16","guid":{"rendered":"https:\/\/siteshom.goias.gov.br\/retomada\/agenda-de-autoridades\/"},"modified":"2026-04-04T06:05:16","modified_gmt":"2026-04-04T09:05:16","slug":"agenda-de-autoridades","status":"publish","type":"page","link":"https:\/\/goias.gov.br\/retomada\/agenda-de-autoridades\/","title":{"rendered":"Agenda de Autoridades"},"content":{"rendered":"\t\t<div data-elementor-type=\"wp-page\" data-elementor-id=\"2263\" class=\"elementor elementor-2263\">\n\t\t\t\t<div class=\"elementor-element elementor-element-c5b8ddd e-flex e-con-boxed e-con e-parent\" data-id=\"c5b8ddd\" data-element_type=\"container\" data-e-type=\"container\">\n\t\t\t\t\t<div class=\"e-con-inner\">\n\t\t\t\t<div class=\"elementor-element elementor-element-200ae84c elementor-widget elementor-widget-text-editor\" data-id=\"200ae84c\" data-element_type=\"widget\" data-e-type=\"widget\" data-widget_type=\"text-editor.default\">\n\t\t\t\t\t\t\t\t\t<p><strong style=\"margin-block-end: -1.8rem;\"><a href=\"https:\/\/goias.gov.br\/retomada\/secretario-de-estado\/\">Secret\u00e1rio de Estado<\/a><\/strong><br \/>CESAR AUGUSTO DE SOTKEVICIENE MOURA<\/p><p><strong style=\"margin-block-end: -1.8rem;\"><a href=\"https:\/\/goias.gov.br\/retomada\/chefe-de-gabinete\/\">Chefe de Gabinete<\/a><\/strong><br \/>SUELLEN MARA DE LIMA COUTO<\/p><p><strong style=\"margin-block-end: -1.8rem;\"><a href=\"https:\/\/goias.gov.br\/retomada\/subsecretario-de-fomento-aos-eventos\/\">Subsecretario de Fomento Aos Eventos<\/a><\/strong><br \/>JO\u00c3O BOSCO ROSA<\/p><p><strong style=\"margin-block-end: -1.8rem;\"><a href=\"https:\/\/goias.gov.br\/retomada\/subsecretario-do-trabalho-e-da-renda\/\">Subsecret\u00e1rio do Trabalho e da Renda<\/a><\/strong><br \/>TE\u00d3FILO ALVES NEVES<\/p><p><strong style=\"margin-block-end: -1.8rem;\"><a href=\"https:\/\/goias.gov.br\/retomada\/superintendente-de-gestao-integrada\/\">Superintendente de Gest\u00e3o Integrada<\/a><\/strong><br \/>CRISTIANO GOMES DE ARAUJO<\/p><p><strong style=\"margin-block-end: -1.8rem;\"><a class=\"\" href=\"https:\/\/goias.gov.br\/retomada\/superintendente-da-retomada-do-trabalho-do-emprego-e-da-renda\/\">Superintendente da Retomada do Trabalho do Emprego e da Renda<\/a><\/strong><br \/>LEANDRA ADRIANO DE ASSIS<\/p><p><strong style=\"margin-block-end: -1.8rem;\"><a href=\"https:\/\/goias.gov.br\/retomada\/superintendente-do-mais-emprego\/\">Superintendente do Mais Emprego<\/a><\/strong><br \/>CAROLLINE ALVES DE OLIVEIRA<\/p><p><strong style=\"margin-block-end: -1.8rem;\"><a href=\"https:\/\/goias.gov.br\/retomada\/superintendencia-de-qualificacao-profissional\/\">Superintend\u00eancia de Qualifica\u00e7\u00e3o Profissional<\/a><\/strong><br \/>RA\u00cdSSA ALVES RODRIGUES<\/p><p><strong style=\"margin-block-end: -1.8rem;\"><a href=\"https:\/\/goias.gov.br\/retomada\/superintendente-de-equipamentos-publicos\/\">Superintendente de Equipamentos P\u00fablicos<\/a><\/strong><br \/>ANNE KAROLINE PUREZA IN\u00c1CIO<\/p><p><strong style=\"margin-block-end: -1.8rem;\"><a href=\"https:\/\/goias.gov.br\/retomada\/superintendente-do-espaco-oscar-niemeyer\/\">Superintendente do Espa\u00e7o Oscar Niemeyer<\/a><\/strong><br \/>DIEGO JUNIO DE MOURA<\/p><p><strong style=\"margin-block-end: -1.8rem;\"><a href=\"https:\/\/goias.gov.br\/retomada\/superintendente-de-areas-vulneraveis\/\">Superintendente de \u00c1reas Vulner\u00e1veis<\/a><\/strong><br \/>REILA BARBOSA DE CASTRO LOPES<\/p><p><strong style=\"margin-block-end: -1.8rem;\"><a href=\"https:\/\/goias.gov.br\/retomada\/chefe-da-comunicacao-setorial\/\">Chefe da Comunica\u00e7\u00e3o Setorial<\/a><\/strong><br \/>N\u00daBIA LOBO MORAIS<\/p><p><strong style=\"margin-block-end: -1.8rem;\"><a href=\"https:\/\/goias.gov.br\/retomada\/chefe-da-procuradoria-setorial\/\">Chefe da Procuradoria Setorial<\/a><\/strong><br \/>GUILHERME RIBEIRO VALADARES DO AMARAL<\/p><p><strong style=\"margin-block-end: -1.8rem;\"><a href=\"https:\/\/goias.gov.br\/retomada\/escritorio-de-projetos\/\">Escrit\u00f3rio de Projetos<\/a><\/strong><br \/>JEANCARLO RIBEIRO<\/p>\t\t\t\t\t\t\t\t<\/div>\n\t\t\t\t\t<\/div>\n\t\t\t\t<\/div>\n\t\t\t\t<\/div>\n\t\t","protected":false},"excerpt":{"rendered":"<p>Secret\u00e1rio de EstadoCESAR AUGUSTO DE SOTKEVICIENE MOURA Chefe de GabineteSUELLEN MARA DE LIMA COUTO Subsecretario de Fomento Aos EventosJO\u00c3O BOSCO ROSA Subsecret\u00e1rio do Trabalho e da RendaTEOFILO ALVES NEVES Superintendente de Gest\u00e3o IntegradaCRISTIANO GOMES DE ARAUJO Superintendente da Retomada do Trabalho do Emprego e da RendaLEANDRA ADRIANO DE ASSIS Superintendente do Mais EmpregoCAROLLINE ALVES DE [&hellip;]<\/p>\n","protected":false},"author":33,"featured_media":0,"parent":0,"menu_order":0,"comment_status":"closed","ping_status":"closed","template":"","meta":{"footnotes":""},"class_list":["post-2263","page","type-page","status-publish","hentry"],"rttpg_featured_image_url":null,"rttpg_author":{"display_name":"ricardocosta","author_link":"https:\/\/goias.gov.br\/retomada\/author\/ricardocosta\/"},"rttpg_comment":0,"rttpg_category":null,"rttpg_excerpt":"Secret\u00e1rio de EstadoCESAR AUGUSTO DE SOTKEVICIENE MOURA Chefe de GabineteSUELLEN MARA DE LIMA COUTO Subsecretario de Fomento Aos EventosJO\u00c3O BOSCO ROSA Subsecret\u00e1rio do Trabalho e da RendaTEOFILO ALVES NEVES Superintendente de Gest\u00e3o IntegradaCRISTIANO GOMES DE ARAUJO Superintendente da Retomada do Trabalho do Emprego e da RendaLEANDRA ADRIANO DE ASSIS Superintendente do Mais EmpregoCAROLLINE ALVES DE&hellip;","_links":{"self":[{"href":"https:\/\/goias.gov.br\/retomada\/wp-json\/wp\/v2\/pages\/2263","targetHints":{"allow":["GET"]}}],"collection":[{"href":"https:\/\/goias.gov.br\/retomada\/wp-json\/wp\/v2\/pages"}],"about":[{"href":"https:\/\/goias.gov.br\/retomada\/wp-json\/wp\/v2\/types\/page"}],"author":[{"embeddable":true,"href":"https:\/\/goias.gov.br\/retomada\/wp-json\/wp\/v2\/users\/33"}],"replies":[{"embeddable":true,"href":"https:\/\/goias.gov.br\/retomada\/wp-json\/wp\/v2\/comments?post=2263"}],"version-history":[{"count":2,"href":"https:\/\/goias.gov.br\/retomada\/wp-json\/wp\/v2\/pages\/2263\/revisions"}],"predecessor-version":[{"id":65770,"href":"https:\/\/goias.gov.br\/retomada\/wp-json\/wp\/v2\/pages\/2263\/revisions\/65770"}],"wp:attachment":[{"href":"https:\/\/goias.gov.br\/retomada\/wp-json\/wp\/v2\/media?parent=2263"}],"curies":[{"name":"wp","href":"https:\/\/api.w.org\/{rel}","templated":true}]}}