

{"id":8719,"date":"2023-12-18T11:08:29","date_gmt":"2023-12-18T14:08:29","guid":{"rendered":"https:\/\/siteshom.goias.gov.br\/procuradoria\/?page_id=8719"},"modified":"2026-03-23T15:27:35","modified_gmt":"2026-03-23T18:27:35","slug":"concursos-e-selecoes","status":"publish","type":"page","link":"https:\/\/goias.gov.br\/procuradoria\/concursos-e-selecoes\/","title":{"rendered":"Concursos e Sele\u00e7\u00f5es"},"content":{"rendered":"\t\t<div data-elementor-type=\"wp-page\" data-elementor-id=\"8719\" class=\"elementor elementor-8719\">\n\t\t\t\t<div class=\"elementor-element elementor-element-35702b7 e-flex e-con-boxed e-con e-parent\" data-id=\"35702b7\" data-element_type=\"container\" data-e-type=\"container\">\n\t\t\t\t\t<div class=\"e-con-inner\">\n\t\t\t\t<div class=\"elementor-element elementor-element-ba555aa elementor-widget elementor-widget-heading\" data-id=\"ba555aa\" data-element_type=\"widget\" data-e-type=\"widget\" data-widget_type=\"heading.default\">\n\t\t\t\t\t<h4 class=\"elementor-heading-title elementor-size-default\">Concursos e Processos Seletivos<\/h4>\t\t\t\t<\/div>\n\t\t\t\t\t<\/div>\n\t\t\t\t<\/div>\n\t\t<div class=\"elementor-element elementor-element-4957b80 e-flex e-con-boxed e-con e-parent\" data-id=\"4957b80\" data-element_type=\"container\" data-e-type=\"container\">\n\t\t\t\t\t<div class=\"e-con-inner\">\n\t\t<div class=\"elementor-element elementor-element-dfd0ff6 e-con-full e-flex e-con e-child\" data-id=\"dfd0ff6\" data-element_type=\"container\" data-e-type=\"container\">\n\t\t\t\t<div class=\"elementor-element elementor-element-4aa55d7 elementor-widget elementor-widget-text-editor\" data-id=\"4aa55d7\" data-element_type=\"widget\" data-e-type=\"widget\" data-widget_type=\"text-editor.default\">\n\t\t\t\t\t\t\t\t\t<ul><li><h2><span style=\"font-size: 14pt;\">Concursos P\u00fablicos &#8211; Em andamentos<\/span><\/h2><\/li><li><a href=\"https:\/\/goias.gov.br\/procuradoria\/concurso-publico-procurador-do-estado\/\">XV Concurso P\u00fablico para Procurador do Estado de Goi\u00e1s<\/a><\/li><\/ul><hr \/><h2><span style=\"font-size: 14pt;\">Concursos P\u00fablicos &#8211; Encerrados<\/span><\/h2><ul><li><a href=\"https:\/\/goias.gov.br\/procuradoria\/concurso-publico\/\">XIV Concurso P\u00fablico para Procurador do Estado de Goi\u00e1s<\/a><\/li><li><a href=\"\/procuradoria\/xiii-concurso-paublico-para-procurador-do-estado-de-goiaas\/\">XIII Concurso P\u00fablico para Procurador do Estado de Goi\u00e1s<\/a><\/li><\/ul>\t\t\t\t\t\t\t\t<\/div>\n\t\t\t\t<\/div>\n\t\t<div class=\"elementor-element elementor-element-ff6fd92 e-con-full e-flex e-con e-child\" data-id=\"ff6fd92\" data-element_type=\"container\" data-e-type=\"container\">\n\t\t\t\t<div class=\"elementor-element elementor-element-4b4412d elementor-widget elementor-widget-text-editor\" data-id=\"4b4412d\" data-element_type=\"widget\" data-e-type=\"widget\" data-widget_type=\"text-editor.default\">\n\t\t\t\t\t\t\t\t\t<h2><span style=\"font-size: 14pt;\">Processo Seletivo &#8211; Estagi\u00e1rios de P\u00f3s-Gradua\u00e7\u00e3o &#8211; Em andamento<\/span><\/h2><ul><li><a href=\"https:\/\/goias.gov.br\/procuradoria\/vi-programa-de-estagio-de-pos-graduacao-da-pge-go\/\">VI Processo Seletivo de est\u00e1gio de P\u00f3s-Gradua\u00e7\u00e3o na PGE-GO<\/a><\/li><li><a href=\"https:\/\/goias.gov.br\/procuradoria\/v-programa-de-estagio-de-pos-graduacao-da-pge-go\/\">V Processo Seletivo de est\u00e1gio de P\u00f3s-Gradua\u00e7\u00e3o na PGE-GO<\/a><\/li><li><a href=\"https:\/\/goias.gov.br\/procuradoria\/iv-programa-de-estagio-de-pos-graduacao-da-pge-go\/\">IV Processo Seletivo de est\u00e1gio de P\u00f3s-Gradua\u00e7\u00e3o na PGE-GO<\/a><\/li><\/ul><h2><span style=\"font-size: 14pt;\">Processo Seletivo simplificado &#8211; analista de c\u00e1lculo<\/span><\/h2><ul><li><a href=\"https:\/\/goias.gov.br\/procuradoria\/processo-seletivo-simplificado-analista-de-calculo\/\">Processo Seletivo Simplificado &#8211; Analista de C\u00e1lculo<\/a><\/li><\/ul><hr \/><h2><span style=\"font-size: 14pt;\">Processo Seletivos para estagi\u00e1rios de Gradua\u00e7\u00e3o &#8211; encerrados<\/span><\/h2><ul><li><a href=\"https:\/\/goias.gov.br\/procuradoria\/xiv-processo-seletivo-de-graduacao-em-direito-da-pge-go\/\">XIV Processo Seletivo P\u00fablico para Est\u00e1gio de Gradua\u00e7\u00e3o em Direito na PGE-GO<\/a><\/li><li><a href=\"https:\/\/goias.gov.br\/procuradoria\/xiii-processo-seletivo-do-programa-de-estagio-de-graduacao-em-direito\/\">XIII Processo Seletivo P\u00fablico para Est\u00e1gio de Gradua\u00e7\u00e3o em Direito na PGE-GO\u00a0<\/a><\/li><li><a href=\"\/procuradoria\/xii-processo-seletivo-do-programa-de-estagio-de-graduacao-em-direito\/\" target=\"_blank\" rel=\"noopener\">XII Processo Seletivo P\u00fablico para Est\u00e1gio na PGE-GO<\/a><\/li><li><a href=\"https:\/\/goias.gov.br\/procuradoria\/pge-abre-inscricoes-para-estagiarios-de-direito\/\">XI Processo Seletivo P\u00fablico para Est\u00e1gio na PGE-GO<\/a><\/li><li><a href=\"\/procuradoria\/x-processo-seletivo-publico-para-estagio-na-pge-go\/\">X Processo Seletivo P\u00fablico para Est\u00e1gio na PGE-GO<\/a><\/li><li><a href=\"\/procuradoria\/ix-processo-seletivo-publico-para-estagio-na-pge-go-2\/\">IX Processo Seletivo P\u00fablico para Est\u00e1gio na PGE-GO<\/a><\/li><li><a href=\"\/procuradoria\/viii-processo-seletivo-publico-para-estagio-na-pge-go\/\">VIII Processo Seletivo P\u00fablico para Est\u00e1gio na PGE-GO<\/a><\/li><li><a href=\"https:\/\/goias.gov.br\/procuradoria\/vii-processo-seletivo-publico-para-estagio-na-pge-go\/\">VII Processo Seletivo P\u00fablico para Est\u00e1gio na PGE-GO<\/a><\/li><\/ul>\t\t\t\t\t\t\t\t<\/div>\n\t\t\t\t<\/div>\n\t\t<div class=\"elementor-element elementor-element-9c2e002 e-con-full e-flex e-con e-child\" data-id=\"9c2e002\" data-element_type=\"container\" data-e-type=\"container\">\n\t\t\t\t<div class=\"elementor-element elementor-element-5560bbe elementor-widget elementor-widget-text-editor\" data-id=\"5560bbe\" data-element_type=\"widget\" data-e-type=\"widget\" data-widget_type=\"text-editor.default\">\n\t\t\t\t\t\t\t\t\t<h2><span style=\"font-size: 14pt;\">Processo Seletivo &#8211;\u00a0 Estagi\u00e1rios de\u00a0 Gradua\u00e7\u00e3o &#8211; Em andamento<\/span><\/h2><ul><li><a href=\"https:\/\/goias.gov.br\/procuradoria\/xv-processo-seletivo-de-graduacao-em-direito-da-pge-go-2\/\">XVI Processo Seletivo P\u00fablico para Est\u00e1gio de Gradua\u00e7\u00e3o em direito na PGE-GO.<\/a><\/li><li><a href=\"https:\/\/goias.gov.br\/procuradoria\/xv-processo-seletivo-de-graduacao-em-direito-da-pge-go\/\">XV Processo Seletivo P\u00fablico para Est\u00e1gio de Gradua\u00e7\u00e3o em Direito na PGE-GO<\/a><\/li><\/ul><h2><span style=\"font-size: 14pt;\">Processos Seletivos para estagi\u00e1rios de p\u00f3s-gradua\u00e7\u00e3o &#8211; encerrados<\/span><\/h2><ul><li><a href=\"https:\/\/goias.gov.br\/procuradoria\/pge-abre-inscricoes-para-iii-programa-de-estagio-de-pos-graduacao\/\" target=\"_blank\" rel=\"noopener\">III\u00a0 Processo Seletivo de est\u00e1gio de P\u00f3s-Gradua\u00e7\u00e3o na PGE-GO<\/a><\/li><li><a class=\"\" href=\"https:\/\/goias.gov.br\/procuradoria\/pge-abre-inscricoes-para-estagio-de-pos-graduacao-2\/\" target=\"_blank\" rel=\"noopener\">II\u00a0 Processo Seletivo de est\u00e1gio de P\u00f3s-Gradua\u00e7\u00e3o na PGE-GO<\/a><\/li><li><a href=\"https:\/\/goias.gov.br\/procuradoria\/pge-abre-inscricao-para-estagio-de-estudantes-de-pos-graduacao\/\">I Processo Seletivo de est\u00e1gio de estudantes de p\u00f3s-gradua\u00e7\u00e3o na PGE-GO<\/a><\/li><\/ul>\t\t\t\t\t\t\t\t<\/div>\n\t\t\t\t<\/div>\n\t\t\t\t\t<\/div>\n\t\t\t\t<\/div>\n\t\t\t\t<\/div>\n\t\t","protected":false},"excerpt":{"rendered":"<p>Concursos e Processos Seletivos Concursos P\u00fablicos &#8211; Em andamentos XV Concurso P\u00fablico para Procurador do Estado de Goi\u00e1s Concursos P\u00fablicos &#8211; Encerrados XIV Concurso P\u00fablico para Procurador do Estado de Goi\u00e1s XIII Concurso P\u00fablico para Procurador do Estado de Goi\u00e1s Processo Seletivo &#8211; Estagi\u00e1rios de P\u00f3s-Gradua\u00e7\u00e3o &#8211; Em andamento VI Processo Seletivo de est\u00e1gio de [&hellip;]<\/p>\n","protected":false},"author":7,"featured_media":0,"parent":0,"menu_order":0,"comment_status":"closed","ping_status":"closed","template":"","meta":{"footnotes":""},"class_list":["post-8719","page","type-page","status-publish","hentry"],"rttpg_featured_image_url":null,"rttpg_author":{"display_name":"gustavogoncalves","author_link":"https:\/\/goias.gov.br\/procuradoria\/author\/gustavogoncalves\/"},"rttpg_comment":0,"rttpg_category":null,"rttpg_excerpt":"Concursos e Processos Seletivos Concursos P\u00fablicos &#8211; Em andamentos XV Concurso P\u00fablico para Procurador do Estado de Goi\u00e1s Concursos P\u00fablicos &#8211; Encerrados XIV Concurso P\u00fablico para Procurador do Estado de Goi\u00e1s XIII Concurso P\u00fablico para Procurador do Estado de Goi\u00e1s Processo Seletivo &#8211; Estagi\u00e1rios de P\u00f3s-Gradua\u00e7\u00e3o &#8211; Em andamento VI Processo Seletivo de est\u00e1gio de&hellip;","_links":{"self":[{"href":"https:\/\/goias.gov.br\/procuradoria\/wp-json\/wp\/v2\/pages\/8719","targetHints":{"allow":["GET"]}}],"collection":[{"href":"https:\/\/goias.gov.br\/procuradoria\/wp-json\/wp\/v2\/pages"}],"about":[{"href":"https:\/\/goias.gov.br\/procuradoria\/wp-json\/wp\/v2\/types\/page"}],"author":[{"embeddable":true,"href":"https:\/\/goias.gov.br\/procuradoria\/wp-json\/wp\/v2\/users\/7"}],"replies":[{"embeddable":true,"href":"https:\/\/goias.gov.br\/procuradoria\/wp-json\/wp\/v2\/comments?post=8719"}],"version-history":[{"count":2,"href":"https:\/\/goias.gov.br\/procuradoria\/wp-json\/wp\/v2\/pages\/8719\/revisions"}],"predecessor-version":[{"id":149216,"href":"https:\/\/goias.gov.br\/procuradoria\/wp-json\/wp\/v2\/pages\/8719\/revisions\/149216"}],"wp:attachment":[{"href":"https:\/\/goias.gov.br\/procuradoria\/wp-json\/wp\/v2\/media?parent=8719"}],"curies":[{"name":"wp","href":"https:\/\/api.w.org\/{rel}","templated":true}]}}