

{"id":10452,"date":"2024-06-07T14:09:52","date_gmt":"2024-06-07T17:09:52","guid":{"rendered":"https:\/\/goias.gov.br\/procuradoria\/?page_id=10452"},"modified":"2026-04-01T16:53:46","modified_gmt":"2026-04-01T19:53:46","slug":"canais-de-atendimento","status":"publish","type":"page","link":"https:\/\/goias.gov.br\/procuradoria\/canais-de-atendimento\/","title":{"rendered":"Endere\u00e7os, Telefones, E-mails e Hor\u00e1rios de Atendimento"},"content":{"rendered":"\t\t<div data-elementor-type=\"wp-page\" data-elementor-id=\"10452\" class=\"elementor elementor-10452\">\n\t\t\t\t<div class=\"elementor-element elementor-element-6ba161f4 e-flex e-con-boxed e-con e-parent\" data-id=\"6ba161f4\" data-element_type=\"container\" data-e-type=\"container\">\n\t\t\t\t\t<div class=\"e-con-inner\">\n\t\t\t\t<div class=\"elementor-element elementor-element-7e16a69e elementor-widget elementor-widget-text-editor\" data-id=\"7e16a69e\" data-element_type=\"widget\" data-e-type=\"widget\" data-widget_type=\"text-editor.default\">\n\t\t\t\t\t\t\t\t\t\n<p>Rua 02, esquina com a Avenida Rep\u00fablica do L\u00edbano<br \/>Quadra D-02, lotes 20\/26\/28, n\u00ba 293. Edif\u00edcio Republic Tower<br \/>Setor Oeste \u2013 Goi\u00e2nia\/GO \u2013 CEP \u2013 74.110-130<br \/>Atendimento: 08h \u00e0s 12h e 14h \u00e0s 18h<\/p>\n<p><strong>Recep\u00e7\u00e3o<\/strong><br \/>Telefone: (62) 3252-8500\u2028<\/p>\n<p><strong>Ouvidoria Setorial<br \/><\/strong>E-mail: <a href=\"mailto:ouvidoria@pge.go.gov.br\">ouvidoria@pge.go.gov.br<\/a><br \/>Telefone &#8211; <em>WhatsApp<\/em>: (62) 3252-8599\u2028<\/p>\n<p><strong>Imprensa<br \/><\/strong>E-mail: <a href=\"mailto: comunicacao@pge.go.gov.br\">comunicacao@pge.go.gov.br<\/a><br \/>Telefone: (62) 3252-8593 \/ (62) 3252-8594<\/p>\n<h4><span style=\"color: #008000;\"><br \/>Unidades da PGE:<br \/><\/span><\/h4>\n<ul>\n<li><a href=\"https:\/\/goias.gov.br\/procuradoria\/cargos-e-seus-ocupantes\/\">Cargos e Seus Ocupantes<\/a><\/li>\n<li><a href=\"https:\/\/goias.gov.br\/procuradoria\/procuradorias-setoriais\/\">Procuradorias Setorias<\/a><\/li>\n<li><a href=\"https:\/\/goias.gov.br\/procuradoria\/procuradorias-regionais-2\/\">Procuradorias Regionais<\/a><\/li>\n<\/ul>\n<h4 class=\"paragrafo\"><span style=\"color: #008000;\">Mais informa\u00e7\u00f5es sobre a PGE:<\/span><\/h4>\n<ul>\n<li><a href=\"https:\/\/goias.gov.br\/procuradoria\/nossa-historia\/\">Conhe\u00e7a a hist\u00f3ria da PGE<\/a><\/li>\n<li><a href=\"https:\/\/goias.gov.br\/procuradoria\/galeria-de-secretarios\/\">Galeria de Procuradores-Gerais<\/a><\/li>\n<li><a href=\"https:\/\/goias.gov.br\/procuradoria\/lista-de-procuradores-do-estado-de-goias\/\">Lista de Procuradores<\/a><\/li>\n<li><a href=\"https:\/\/goias.gov.br\/procuradoria\/conselho-de-procuradores\/\">Conselho de Procuradores<\/a><\/li>\n<li><a href=\"https:\/\/goias.gov.br\/procuradoria\/medalha-do-merito-da-pge\/\">Medalha do M\u00e9rito da PGE<\/a><br \/><br \/><br \/><br \/><br \/>\u00daltima Atualiza\u00e7\u00e3o em abril de 2026<\/li>\n<\/ul>\n\t\t\t\t\t\t\t\t<\/div>\n\t\t\t\t\t<\/div>\n\t\t\t\t<\/div>\n\t\t\t\t<\/div>\n\t\t","protected":false},"excerpt":{"rendered":"<p>Rua 02, esquina com a Avenida Rep\u00fablica do L\u00edbanoQuadra D-02, lotes 20\/26\/28, n\u00ba 293. Edif\u00edcio Republic TowerSetor Oeste \u2013 Goi\u00e2nia\/GO \u2013 CEP \u2013 74.110-130Atendimento: 08h \u00e0s 12h e 14h \u00e0s 18h Recep\u00e7\u00e3oTelefone: (62) 3252-8500\u2028 Ouvidoria SetorialE-mail: ouvidoria@pge.go.gov.brTelefone &#8211; WhatsApp: (62) 3252-8599\u2028 ImprensaE-mail: comunicacao@pge.go.gov.brTelefone: (62) 3252-8593 \/ (62) 3252-8594 Unidades da PGE: Cargos e Seus Ocupantes [&hellip;]<\/p>\n","protected":false},"author":62,"featured_media":0,"parent":0,"menu_order":0,"comment_status":"closed","ping_status":"closed","template":"","meta":{"footnotes":""},"class_list":["post-10452","page","type-page","status-publish","hentry"],"rttpg_featured_image_url":null,"rttpg_author":{"display_name":"italoreis","author_link":"https:\/\/goias.gov.br\/procuradoria\/author\/italoreis\/"},"rttpg_comment":0,"rttpg_category":null,"rttpg_excerpt":"Rua 02, esquina com a Avenida Rep\u00fablica do L\u00edbanoQuadra D-02, lotes 20\/26\/28, n\u00ba 293. Edif\u00edcio Republic TowerSetor Oeste \u2013 Goi\u00e2nia\/GO \u2013 CEP \u2013 74.110-130Atendimento: 08h \u00e0s 12h e 14h \u00e0s 18h Recep\u00e7\u00e3oTelefone: (62) 3252-8500\u2028 Ouvidoria SetorialE-mail: ouvidoria@pge.go.gov.brTelefone &#8211; WhatsApp: (62) 3252-8599\u2028 ImprensaE-mail: comunicacao@pge.go.gov.brTelefone: (62) 3252-8593 \/ (62) 3252-8594 Unidades da PGE: Cargos e Seus Ocupantes&hellip;","_links":{"self":[{"href":"https:\/\/goias.gov.br\/procuradoria\/wp-json\/wp\/v2\/pages\/10452","targetHints":{"allow":["GET"]}}],"collection":[{"href":"https:\/\/goias.gov.br\/procuradoria\/wp-json\/wp\/v2\/pages"}],"about":[{"href":"https:\/\/goias.gov.br\/procuradoria\/wp-json\/wp\/v2\/types\/page"}],"author":[{"embeddable":true,"href":"https:\/\/goias.gov.br\/procuradoria\/wp-json\/wp\/v2\/users\/62"}],"replies":[{"embeddable":true,"href":"https:\/\/goias.gov.br\/procuradoria\/wp-json\/wp\/v2\/comments?post=10452"}],"version-history":[{"count":2,"href":"https:\/\/goias.gov.br\/procuradoria\/wp-json\/wp\/v2\/pages\/10452\/revisions"}],"predecessor-version":[{"id":152832,"href":"https:\/\/goias.gov.br\/procuradoria\/wp-json\/wp\/v2\/pages\/10452\/revisions\/152832"}],"wp:attachment":[{"href":"https:\/\/goias.gov.br\/procuradoria\/wp-json\/wp\/v2\/media?parent=10452"}],"curies":[{"name":"wp","href":"https:\/\/api.w.org\/{rel}","templated":true}]}}