

{"id":10448,"date":"2024-06-07T14:07:47","date_gmt":"2024-06-07T17:07:47","guid":{"rendered":"https:\/\/goias.gov.br\/procuradoria\/?page_id=10448"},"modified":"2025-12-04T14:36:37","modified_gmt":"2025-12-04T17:36:37","slug":"competencias","status":"publish","type":"page","link":"https:\/\/goias.gov.br\/procuradoria\/competencias\/","title":{"rendered":"Compet\u00eancias"},"content":{"rendered":"\n<p>Segundo o estabelecido na\u00a0<a href=\"https:\/\/legisla.casacivil.go.gov.br\/pesquisa_legislacao\/106749\/lei-21792\" target=\"_blank\" rel=\"noreferrer noopener\">Lei n\u00ba 21.792, de 16 de fevereiro de 2023,<\/a> e seus incisos:<\/p>\n<h4 class=\"artigo\"><span style=\"color: #008000;\">Art. 12. \u00c0 PGE competem:<\/span><\/h4>\n<p class=\"inciso\">I \u2013 o exerc\u00edcio, com exclusividade, da representa\u00e7\u00e3o judicial e da consultoria jur\u00eddica do Estado de Goi\u00e1s na administra\u00e7\u00e3o direta e indireta, ressalvados a representa\u00e7\u00e3o judicial, a consultoria e o assessoramento t\u00e9cnico\u2013 jur\u00eddico do Poder Legislativo;<\/p>\n<p class=\"inciso\">II \u2013 a inscri\u00e7\u00e3o e a cobran\u00e7a administrativa dos cr\u00e9ditos n\u00e3o tribut\u00e1rios que lhe forem atribu\u00eddos por lei, bem como, privativamente, a cobran\u00e7a judicial de cr\u00e9ditos da d\u00edvida ativa tribut\u00e1ria e n\u00e3o tribut\u00e1ria estadual; e<\/p>\n<p class=\"inciso\">III \u2013 a promo\u00e7\u00e3o da defesa administrativa ou judicial dos agentes p\u00fablicos quando forem questionados seus atos administrativos praticados no exerc\u00edcio da respectiva fun\u00e7\u00e3o em conson\u00e2ncia com a orienta\u00e7\u00e3o jur\u00eddica da pr\u00f3pria PGE, ressalvada a defesa dos agentes p\u00fablicos do Poder Legislativo, que compete \u00e0 Procuradoria\u2013 Geral da Assembleia Legislativa.<\/p>\n<h4 class=\"paragrafo\"><span style=\"color: #008000;\">Confira a legisla\u00e7\u00e3o complementar da PGE:<\/span><\/h4>\n<ul>\n<li><a href=\"https:\/\/legisla.casacivil.go.gov.br\/pesquisa_legislacao\/109067\/decreto-10489\">Decreto n\u00ba 10.489, de 2 de julho de 2024.<\/a><br \/>Aprova o Regulamento da Procuradoria-Geral do Estado e d\u00e1 outras provid\u00eancias.<\/li>\n<li><a class=\"\" href=\"https:\/\/legisla.casacivil.go.gov.br\/pesquisa_legislacao\/100990\/lei-complementar-058\" target=\"_blank\" rel=\"noopener\">Lei Complementar 58, de 04 de Julho de 2006<\/a><br \/>Disp\u00f5e sobre a organiza\u00e7\u00e3o da Procuradoria-Geral do Estado e d\u00e1 outras provid\u00eancias.<\/li>\n<\/ul>\n","protected":false},"excerpt":{"rendered":"<p>Segundo o estabelecido na\u00a0Lei n\u00ba 21.792, de 16 de fevereiro de 2023, e seus incisos: Art. 12. \u00c0 PGE competem: I \u2013 o exerc\u00edcio, com exclusividade, da representa\u00e7\u00e3o judicial e da consultoria jur\u00eddica do Estado de Goi\u00e1s na administra\u00e7\u00e3o direta e indireta, ressalvados a representa\u00e7\u00e3o judicial, a consultoria e o assessoramento t\u00e9cnico\u2013 jur\u00eddico do Poder [&hellip;]<\/p>\n","protected":false},"author":62,"featured_media":0,"parent":0,"menu_order":0,"comment_status":"closed","ping_status":"closed","template":"","meta":{"footnotes":""},"class_list":["post-10448","page","type-page","status-publish","hentry"],"rttpg_featured_image_url":null,"rttpg_author":{"display_name":"italoreis","author_link":"https:\/\/goias.gov.br\/procuradoria\/author\/italoreis\/"},"rttpg_comment":0,"rttpg_category":null,"rttpg_excerpt":"Segundo o estabelecido na\u00a0Lei n\u00ba 21.792, de 16 de fevereiro de 2023, e seus incisos: Art. 12. \u00c0 PGE competem: I \u2013 o exerc\u00edcio, com exclusividade, da representa\u00e7\u00e3o judicial e da consultoria jur\u00eddica do Estado de Goi\u00e1s na administra\u00e7\u00e3o direta e indireta, ressalvados a representa\u00e7\u00e3o judicial, a consultoria e o assessoramento t\u00e9cnico\u2013 jur\u00eddico do Poder&hellip;","_links":{"self":[{"href":"https:\/\/goias.gov.br\/procuradoria\/wp-json\/wp\/v2\/pages\/10448","targetHints":{"allow":["GET"]}}],"collection":[{"href":"https:\/\/goias.gov.br\/procuradoria\/wp-json\/wp\/v2\/pages"}],"about":[{"href":"https:\/\/goias.gov.br\/procuradoria\/wp-json\/wp\/v2\/types\/page"}],"author":[{"embeddable":true,"href":"https:\/\/goias.gov.br\/procuradoria\/wp-json\/wp\/v2\/users\/62"}],"replies":[{"embeddable":true,"href":"https:\/\/goias.gov.br\/procuradoria\/wp-json\/wp\/v2\/comments?post=10448"}],"version-history":[{"count":2,"href":"https:\/\/goias.gov.br\/procuradoria\/wp-json\/wp\/v2\/pages\/10448\/revisions"}],"predecessor-version":[{"id":124970,"href":"https:\/\/goias.gov.br\/procuradoria\/wp-json\/wp\/v2\/pages\/10448\/revisions\/124970"}],"wp:attachment":[{"href":"https:\/\/goias.gov.br\/procuradoria\/wp-json\/wp\/v2\/media?parent=10448"}],"curies":[{"name":"wp","href":"https:\/\/api.w.org\/{rel}","templated":true}]}}