
{"id":67711,"date":"2025-09-10T16:55:26","date_gmt":"2025-09-10T19:55:26","guid":{"rendered":"https:\/\/goias.gov.br\/procon\/?page_id=67711"},"modified":"2025-11-27T15:02:09","modified_gmt":"2025-11-27T18:02:09","slug":"canais-de-atendimento","status":"publish","type":"page","link":"https:\/\/goias.gov.br\/procon\/canais-de-atendimento\/","title":{"rendered":"Endere\u00e7os, Telefones, E-mails e Hor\u00e1rios de Atendimento"},"content":{"rendered":"<h4><span style=\"color: #008000\">Superintend\u00eancia de Prote\u00e7\u00e3o aos Direitos do Consumidor<\/span><\/h4>\n<p>Rua 8, n\u00ba 242, Edif\u00edcio Torres, 1\u00ba andar<br \/>\nSetor Central \u2013 Goi\u00e2nia\/GO \u2013 CEP: 74013-030<br \/>\nAtendimento: 08h \u00e0s 17h<\/p>\n<p><strong>Atendimento ao Cidad\u00e3o<\/strong><br \/>\nE-mail: <a href=\"atendimento.procon@goias.gov.br\">atendimento.procon@goias.gov.br<\/a><br \/>\nAtendimento online &#8211; Portal Expresso: <a class=\"\" href=\"http:\/\/www.go.gov.br\/\" target=\"_blank\" rel=\"noopener noreferrer\">www.go.gov.br<\/a><br \/>\nTelefone: (62) 3201-2890<\/p>\n<p><strong>Ouvidoria Setorial<\/strong><br \/>\nE-mail:\u00a0<a href=\"ouvidoria@ssp.go.gov.br\">ouvidoria@ssp.go.gov.br<\/a><\/p>\n<p><strong>Emiss\u00e3o de guia para pagamento de multa<\/strong><\/p>\n<p>E-mail: <a href=\"ggc.procon@goias.gov.br\">ggc.procon@goias.gov.br<\/a><a href=\"ggc.procon@goias.gov.br\">\u00a0<\/a><\/p>\n<p><strong>Imprensa<\/strong><br \/>\nE-mail:\u00a0<a href=\"mailto:%20imprensa@procon.go.gov.br\">imprensa@procon.go.gov.br<\/a><br \/>\nTelefone: (62) 3201-7134<\/p>\n","protected":false},"excerpt":{"rendered":"<p>Superintend\u00eancia de Prote\u00e7\u00e3o aos Direitos do Consumidor Rua 8, n\u00ba 242, Edif\u00edcio Torres, 1\u00ba andar Setor Central \u2013 Goi\u00e2nia\/GO \u2013 CEP: 74013-030 Atendimento: 08h \u00e0s 17h Atendimento ao Cidad\u00e3o E-mail: atendimento.procon@goias.gov.br Atendimento online &#8211; Portal Expresso: www.go.gov.br Telefone: (62) 3201-2890 Ouvidoria Setorial E-mail:\u00a0ouvidoria@ssp.go.gov.br Emiss\u00e3o de guia para pagamento de multa E-mail: ggc.procon@goias.gov.br\u00a0 Imprensa E-mail:\u00a0imprensa@procon.go.gov.br Telefone: [&hellip;]<\/p>\n","protected":false},"author":62,"featured_media":0,"parent":0,"menu_order":0,"comment_status":"closed","ping_status":"closed","template":"","meta":{"footnotes":""},"class_list":["post-67711","page","type-page","status-publish","hentry"],"rttpg_featured_image_url":null,"rttpg_author":{"display_name":"italoreis","author_link":"https:\/\/goias.gov.br\/procon\/author\/italoreis\/"},"rttpg_comment":0,"rttpg_category":null,"rttpg_excerpt":"Superintend\u00eancia de Prote\u00e7\u00e3o aos Direitos do Consumidor Rua 8, n\u00ba 242, Edif\u00edcio Torres, 1\u00ba andar Setor Central \u2013 Goi\u00e2nia\/GO \u2013 CEP: 74013-030 Atendimento: 08h \u00e0s 17h Atendimento ao Cidad\u00e3o E-mail: atendimento.procon@goias.gov.br Atendimento online &#8211; Portal Expresso: www.go.gov.br Telefone: (62) 3201-2890 Ouvidoria Setorial E-mail:\u00a0ouvidoria@ssp.go.gov.br Emiss\u00e3o de guia para pagamento de multa E-mail: ggc.procon@goias.gov.br\u00a0 Imprensa E-mail:\u00a0imprensa@procon.go.gov.br Telefone:&hellip;","_links":{"self":[{"href":"https:\/\/goias.gov.br\/procon\/wp-json\/wp\/v2\/pages\/67711","targetHints":{"allow":["GET"]}}],"collection":[{"href":"https:\/\/goias.gov.br\/procon\/wp-json\/wp\/v2\/pages"}],"about":[{"href":"https:\/\/goias.gov.br\/procon\/wp-json\/wp\/v2\/types\/page"}],"author":[{"embeddable":true,"href":"https:\/\/goias.gov.br\/procon\/wp-json\/wp\/v2\/users\/62"}],"replies":[{"embeddable":true,"href":"https:\/\/goias.gov.br\/procon\/wp-json\/wp\/v2\/comments?post=67711"}],"version-history":[{"count":3,"href":"https:\/\/goias.gov.br\/procon\/wp-json\/wp\/v2\/pages\/67711\/revisions"}],"predecessor-version":[{"id":77682,"href":"https:\/\/goias.gov.br\/procon\/wp-json\/wp\/v2\/pages\/67711\/revisions\/77682"}],"wp:attachment":[{"href":"https:\/\/goias.gov.br\/procon\/wp-json\/wp\/v2\/media?parent=67711"}],"curies":[{"name":"wp","href":"https:\/\/api.w.org\/{rel}","templated":true}]}}