
{"id":184,"date":"2011-09-19T14:31:42","date_gmt":"2011-09-19T17:31:42","guid":{"rendered":"http:\/\/teste.procon.go.gov.br\/?page_id=184"},"modified":"2019-09-24T17:15:41","modified_gmt":"2019-09-24T20:15:41","slug":"enderecos","status":"publish","type":"page","link":"https:\/\/goias.gov.br\/procon\/enderecos\/","title":{"rendered":"Endere\u00e7os"},"content":{"rendered":"<p class=\"linha1\"><i class=\"icon-map-marker\"><\/i> <strong><a title=\"Municipais\" href=\"\/procon\/enderecos\/municipais\/\">Municipais<\/a><\/strong><\/p>\n<p class=\"linha1\"><i class=\"icon-map-marker\"><\/i> <strong><a title=\"Vapt-Vupts\" href=\"\/procon\/enderecos\/vapt-vupts\/\">Vapt-Vupts<\/a><\/strong><\/p>\n<p>Rua 8, n. 242 &#8211; QD. 5 LT. 36 &#8211; Procon Sede<\/p>\n<p>Edif\u00edcio Torres<br \/>\nSetor Central<br \/>\nGoi\u00e2nia-GO<br \/>\nCEP: 74013-030<br \/>\nDisque Den\u00fancia: 151<\/p>\n<p><strong>HOR\u00c1RIO DE ATENDIMENTO:<\/strong><\/p>\n<p>Atendimento das 08:00 \u00e0s 17:00 de segunda \u00e0 sexta-feira;<\/p>\n<ul>\n<li><strong>a libera\u00e7\u00e3o de senhas se dar\u00e1 conforme a capacidade di\u00e1ria de atendimento da unidade sede<\/strong>;<\/li>\n<li><b>as senhas de atendimento ser\u00e3o liberadas desde que o consumidor preencha os requisitos m\u00ednimos para atendimento (RG, CPF, Comprovante de Endere\u00e7o, Protocolo de Reclama\u00e7\u00e3o junto a Empresa e Documentos comprobat\u00f3rios\u00a0referentes a demanda);<\/b><\/li>\n<li><strong>n\u00e3o h\u00e1 atendimento aos s\u00e1bados e pontos facultativos<\/strong>;<\/li>\n<\/ul>\n<p>&nbsp;<\/p>\n<p>&nbsp;<\/p>\n","protected":false},"excerpt":{"rendered":"<p>Municipais Vapt-Vupts Rua 8, n. 242 &#8211; QD. 5 LT. 36 &#8211; Procon Sede Edif\u00edcio Torres Setor Central Goi\u00e2nia-GO CEP: 74013-030 Disque Den\u00fancia: 151 HOR\u00c1RIO DE ATENDIMENTO: Atendimento das 08:00 \u00e0s 17:00 de segunda \u00e0 sexta-feira; a libera\u00e7\u00e3o de senhas se dar\u00e1 conforme a capacidade di\u00e1ria de atendimento da unidade sede; as senhas de atendimento [&hellip;]<\/p>\n","protected":false},"author":2,"featured_media":0,"parent":0,"menu_order":0,"comment_status":"closed","ping_status":"closed","template":"","meta":{"footnotes":""},"class_list":["post-184","page","type-page","status-publish","hentry"],"rttpg_featured_image_url":null,"rttpg_author":{"display_name":"rogerioduarte","author_link":"https:\/\/goias.gov.br\/procon\/author\/rogerioduarte\/"},"rttpg_comment":0,"rttpg_category":null,"rttpg_excerpt":"Municipais Vapt-Vupts Rua 8, n. 242 &#8211; QD. 5 LT. 36 &#8211; Procon Sede Edif\u00edcio Torres Setor Central Goi\u00e2nia-GO CEP: 74013-030 Disque Den\u00fancia: 151 HOR\u00c1RIO DE ATENDIMENTO: Atendimento das 08:00 \u00e0s 17:00 de segunda \u00e0 sexta-feira; a libera\u00e7\u00e3o de senhas se dar\u00e1 conforme a capacidade di\u00e1ria de atendimento da unidade sede; as senhas de atendimento&hellip;","_links":{"self":[{"href":"https:\/\/goias.gov.br\/procon\/wp-json\/wp\/v2\/pages\/184","targetHints":{"allow":["GET"]}}],"collection":[{"href":"https:\/\/goias.gov.br\/procon\/wp-json\/wp\/v2\/pages"}],"about":[{"href":"https:\/\/goias.gov.br\/procon\/wp-json\/wp\/v2\/types\/page"}],"author":[{"embeddable":true,"href":"https:\/\/goias.gov.br\/procon\/wp-json\/wp\/v2\/users\/2"}],"replies":[{"embeddable":true,"href":"https:\/\/goias.gov.br\/procon\/wp-json\/wp\/v2\/comments?post=184"}],"version-history":[{"count":0,"href":"https:\/\/goias.gov.br\/procon\/wp-json\/wp\/v2\/pages\/184\/revisions"}],"wp:attachment":[{"href":"https:\/\/goias.gov.br\/procon\/wp-json\/wp\/v2\/media?parent=184"}],"curies":[{"name":"wp","href":"https:\/\/api.w.org\/{rel}","templated":true}]}}