
{"id":166,"date":"2011-09-19T14:06:36","date_gmt":"2011-09-19T17:06:36","guid":{"rendered":"http:\/\/teste.procon.go.gov.br\/?page_id=166"},"modified":"2024-06-06T11:09:07","modified_gmt":"2024-06-06T14:09:07","slug":"expediente","status":"publish","type":"page","link":"https:\/\/goias.gov.br\/procon\/expediente\/","title":{"rendered":"Endere\u00e7os, Telefones, E-mails e Hor\u00e1rios de Atendimento"},"content":{"rendered":"<h4><span style=\"color: #008000;\">Superintend\u00eancia de Prote\u00e7\u00e3o aos Direitos do Consumidor<\/span><\/h4>\n<p>Rua 8, n\u00ba 242, Edif\u00edcio Torres, 1\u00ba andar<br \/>\nSetor Central \u2013 Goi\u00e2nia\/GO \u2013 CEP: 74013-030<br \/>\nAtendimento: 07h \u00e0s 17h<\/p>\n<p><strong>Atendimento ao Cidad\u00e3o<\/strong><br \/>\nE-mail: <a href=\"mailto:gac@procon.go.gov.br\">gac@procon.go.gov.br<\/a><br \/>\nProcon Web: <a href=\"https:\/\/proconweb.ssp.go.gov.br\/#\/\">https:\/\/proconweb.ssp.go.gov.br\/#\/<\/a><br \/>\nTelefone: (62) 3201-2890<\/p>\n<p><strong>Ouvidoria Setorial<\/strong><br \/>\nE-mail:\u00a0<a href=\"mailto: ouvidoria.ssp@goias.gov.br\">ouvidoria.ssp@goias.gov.br<\/a><\/p>\n<p><strong>Imprensa<\/strong><br \/>\nE-mail: <a href=\"mailto: imprensa@procon.go.gov.br\">imprensa@procon.go.gov.br<\/a><br \/>\nTelefone: (62) 3201-7134<\/p>\n","protected":false},"excerpt":{"rendered":"<p>Superintend\u00eancia de Prote\u00e7\u00e3o aos Direitos do Consumidor Rua 8, n\u00ba 242, Edif\u00edcio Torres, 1\u00ba andar Setor Central \u2013 Goi\u00e2nia\/GO \u2013 CEP: 74013-030 Atendimento: 07h \u00e0s 17h Atendimento ao Cidad\u00e3o E-mail: gac@procon.go.gov.br Procon Web: https:\/\/proconweb.ssp.go.gov.br\/#\/ Telefone: (62) 3201-2890 Ouvidoria Setorial E-mail:\u00a0ouvidoria.ssp@goias.gov.br Imprensa E-mail: imprensa@procon.go.gov.br Telefone: (62) 3201-7134<\/p>\n","protected":false},"author":2,"featured_media":0,"parent":0,"menu_order":0,"comment_status":"closed","ping_status":"closed","template":"","meta":{"footnotes":""},"class_list":["post-166","page","type-page","status-publish","hentry"],"rttpg_featured_image_url":null,"rttpg_author":{"display_name":"rogerioduarte","author_link":"https:\/\/goias.gov.br\/procon\/author\/rogerioduarte\/"},"rttpg_comment":0,"rttpg_category":null,"rttpg_excerpt":"Superintend\u00eancia de Prote\u00e7\u00e3o aos Direitos do Consumidor Rua 8, n\u00ba 242, Edif\u00edcio Torres, 1\u00ba andar Setor Central \u2013 Goi\u00e2nia\/GO \u2013 CEP: 74013-030 Atendimento: 07h \u00e0s 17h Atendimento ao Cidad\u00e3o E-mail: gac@procon.go.gov.br Procon Web: https:\/\/proconweb.ssp.go.gov.br\/#\/ Telefone: (62) 3201-2890 Ouvidoria Setorial E-mail:\u00a0ouvidoria.ssp@goias.gov.br Imprensa E-mail: imprensa@procon.go.gov.br Telefone: (62) 3201-7134","_links":{"self":[{"href":"https:\/\/goias.gov.br\/procon\/wp-json\/wp\/v2\/pages\/166","targetHints":{"allow":["GET"]}}],"collection":[{"href":"https:\/\/goias.gov.br\/procon\/wp-json\/wp\/v2\/pages"}],"about":[{"href":"https:\/\/goias.gov.br\/procon\/wp-json\/wp\/v2\/types\/page"}],"author":[{"embeddable":true,"href":"https:\/\/goias.gov.br\/procon\/wp-json\/wp\/v2\/users\/2"}],"replies":[{"embeddable":true,"href":"https:\/\/goias.gov.br\/procon\/wp-json\/wp\/v2\/comments?post=166"}],"version-history":[{"count":3,"href":"https:\/\/goias.gov.br\/procon\/wp-json\/wp\/v2\/pages\/166\/revisions"}],"predecessor-version":[{"id":67710,"href":"https:\/\/goias.gov.br\/procon\/wp-json\/wp\/v2\/pages\/166\/revisions\/67710"}],"wp:attachment":[{"href":"https:\/\/goias.gov.br\/procon\/wp-json\/wp\/v2\/media?parent=166"}],"curies":[{"name":"wp","href":"https:\/\/api.w.org\/{rel}","templated":true}]}}