

{"id":91066,"date":"2025-05-20T16:35:52","date_gmt":"2025-05-20T19:35:52","guid":{"rendered":"https:\/\/goias.gov.br\/policiamilitar\/?page_id=91066"},"modified":"2025-05-20T16:39:55","modified_gmt":"2025-05-20T19:39:55","slug":"parcerias-com-oscs","status":"publish","type":"page","link":"https:\/\/goias.gov.br\/policiamilitar\/acesso-a-informacao__trashed\/parcerias-com-oscs\/","title":{"rendered":"Parcerias com OSCs"},"content":{"rendered":"\t\t<div data-elementor-type=\"wp-page\" data-elementor-id=\"91066\" class=\"elementor elementor-91066\">\n\t\t\t\t<div class=\"elementor-element elementor-element-392d568 e-flex e-con-boxed e-con e-parent\" data-id=\"392d568\" data-element_type=\"container\" data-e-type=\"container\">\n\t\t\t\t\t<div class=\"e-con-inner\">\n\t\t\t\t<div class=\"elementor-element elementor-element-b943038 elementor-widget elementor-widget-text-editor\" data-id=\"b943038\" data-element_type=\"widget\" data-e-type=\"widget\" data-widget_type=\"text-editor.default\">\n\t\t\t\t\t\t\t\t\t<p>A Pol\u00edcia Militar do Estado de Goi\u00e1s informa que, no per\u00edodo compreendido entre os \u00faltimos tr\u00eas anos e a data atual, n\u00e3o foram firmadas parcerias com Organiza\u00e7\u00f5es da Sociedade Civil no \u00e2mbito desta Institui\u00e7\u00e3o.<\/p>\t\t\t\t\t\t\t\t<\/div>\n\t\t\t\t\t<\/div>\n\t\t\t\t<\/div>\n\t\t\t\t<\/div>\n\t\t","protected":false},"excerpt":{"rendered":"<p>In\u00edcio Publicado em: 20\/05\/2025 Atualizado em: 20\/05\/2025 A Pol\u00edcia Militar do Estado de Goi\u00e1s informa que, no per\u00edodo compreendido entre os \u00faltimos tr\u00eas anos e a data atual, n\u00e3o foram firmadas parcerias com Organiza\u00e7\u00f5es da Sociedade Civil no \u00e2mbito desta Institui\u00e7\u00e3o.<\/p>\n","protected":false},"author":125,"featured_media":0,"parent":1132,"menu_order":0,"comment_status":"closed","ping_status":"closed","template":"elementor_header_footer","meta":{"footnotes":""},"class_list":["post-91066","page","type-page","status-publish","hentry"],"rttpg_featured_image_url":null,"rttpg_author":{"display_name":"lucianafurtado","author_link":"https:\/\/goias.gov.br\/policiamilitar\/author\/luciana-furtadogoias-gov-br\/"},"rttpg_comment":0,"rttpg_category":null,"rttpg_excerpt":"In\u00edcio Publicado em: 20\/05\/2025 Atualizado em: 20\/05\/2025 A Pol\u00edcia Militar do Estado de Goi\u00e1s informa que, no per\u00edodo compreendido entre os \u00faltimos tr\u00eas anos e a data atual, n\u00e3o foram firmadas parcerias com Organiza\u00e7\u00f5es da Sociedade Civil no \u00e2mbito desta Institui\u00e7\u00e3o.","_links":{"self":[{"href":"https:\/\/goias.gov.br\/policiamilitar\/wp-json\/wp\/v2\/pages\/91066","targetHints":{"allow":["GET"]}}],"collection":[{"href":"https:\/\/goias.gov.br\/policiamilitar\/wp-json\/wp\/v2\/pages"}],"about":[{"href":"https:\/\/goias.gov.br\/policiamilitar\/wp-json\/wp\/v2\/types\/page"}],"author":[{"embeddable":true,"href":"https:\/\/goias.gov.br\/policiamilitar\/wp-json\/wp\/v2\/users\/125"}],"replies":[{"embeddable":true,"href":"https:\/\/goias.gov.br\/policiamilitar\/wp-json\/wp\/v2\/comments?post=91066"}],"version-history":[{"count":16,"href":"https:\/\/goias.gov.br\/policiamilitar\/wp-json\/wp\/v2\/pages\/91066\/revisions"}],"predecessor-version":[{"id":91083,"href":"https:\/\/goias.gov.br\/policiamilitar\/wp-json\/wp\/v2\/pages\/91066\/revisions\/91083"}],"up":[{"embeddable":true,"href":"https:\/\/goias.gov.br\/policiamilitar\/wp-json\/wp\/v2\/pages\/1132"}],"wp:attachment":[{"href":"https:\/\/goias.gov.br\/policiamilitar\/wp-json\/wp\/v2\/media?parent=91066"}],"curies":[{"name":"wp","href":"https:\/\/api.w.org\/{rel}","templated":true}]}}