


{"id":53697,"date":"2023-01-15T23:45:31","date_gmt":"2023-01-16T02:45:31","guid":{"rendered":"https:\/\/goias.gov.br\/policiamilitar\/?page_id=53697"},"modified":"2025-11-10T14:50:30","modified_gmt":"2025-11-10T17:50:30","slug":"fale-conosco","status":"publish","type":"page","link":"https:\/\/goias.gov.br\/policiamilitar\/fale-conosco\/","title":{"rendered":"Fale Conosco"},"content":{"rendered":"\t\t<div data-elementor-type=\"wp-page\" data-elementor-id=\"53697\" class=\"elementor elementor-53697\">\n\t\t\t\t<div class=\"elementor-element elementor-element-5cda8325 e-flex e-con-boxed e-con e-parent\" data-id=\"5cda8325\" data-element_type=\"container\" data-e-type=\"container\">\n\t\t\t\t\t<div class=\"e-con-inner\">\n\t\t<div class=\"elementor-element elementor-element-654229e0 e-con-full e-flex e-con e-child\" data-id=\"654229e0\" data-element_type=\"container\" data-e-type=\"container\">\n\t\t\t\t<div class=\"elementor-element elementor-element-71dc1fe elementor-widget elementor-widget-shortcode\" data-id=\"71dc1fe\" data-element_type=\"widget\" data-e-type=\"widget\" data-widget_type=\"shortcode.default\">\n\t\t\t\t\t\t\t<div class=\"elementor-shortcode\"><div data-post-id=\"215485\" class=\"insert-page insert-page-215485 \">\r\n<p>Pol\u00edcia Militar do Estado de Goi\u00e1s \u2013 PMGO\u00a0 &#8211; 7\u00aa Se\u00e7\u00e3o do Estado-Maior &#8211; PM\/7<br \/><br \/>Av. Contorno, n\u00ba 879 \u2013 St. Central, Goi\u00e2nia \u2013 GO, CEP 74055-140.<\/p>\r\n<p>C\u00f3digo SEI: 05865<br \/><br \/><strong>Ouvidoria: <\/strong>Whatsapp: (62) 9 9831-9606 (Atendimento somente via WhatsApp) \/\u00a0E-mail: ouvidoriapmgo@sistemas.goias.gov.br<\/p>\r\n<p>O atendimento \u00e9 de segunda a sexta-feira, das 08h \u00e0s 12h e das 14h \u00e0s 18h.<\/p>\r\n<p>&nbsp;<\/p>\r\n\r\n\r\n\r\n\r\n\r\n\r\n\r\n<p>&nbsp;<\/p>\r\n<\/div>\n\n<\/div>\n\t\t\t\t\t\t<\/div>\n\t\t\t\t<\/div>\n\t\t<div class=\"elementor-element elementor-element-326f33c0 e-con-full e-flex e-con e-child\" data-id=\"326f33c0\" data-element_type=\"container\" data-e-type=\"container\">\n\t\t\t\t<\/div>\n\t\t\t\t\t<\/div>\n\t\t\t\t<\/div>\n\t\t\t\t<\/div>\n\t\t","protected":false},"excerpt":{"rendered":"","protected":false},"author":2,"featured_media":0,"parent":0,"menu_order":0,"comment_status":"closed","ping_status":"closed","template":"","meta":{"footnotes":""},"class_list":["post-53697","page","type-page","status-publish","hentry"],"rttpg_featured_image_url":null,"rttpg_author":{"display_name":"rogerioduarte","author_link":"https:\/\/goias.gov.br\/policiamilitar\/author\/rogerioduarte\/"},"rttpg_comment":0,"rttpg_category":null,"rttpg_excerpt":null,"_links":{"self":[{"href":"https:\/\/goias.gov.br\/policiamilitar\/wp-json\/wp\/v2\/pages\/53697","targetHints":{"allow":["GET"]}}],"collection":[{"href":"https:\/\/goias.gov.br\/policiamilitar\/wp-json\/wp\/v2\/pages"}],"about":[{"href":"https:\/\/goias.gov.br\/policiamilitar\/wp-json\/wp\/v2\/types\/page"}],"author":[{"embeddable":true,"href":"https:\/\/goias.gov.br\/policiamilitar\/wp-json\/wp\/v2\/users\/2"}],"replies":[{"embeddable":true,"href":"https:\/\/goias.gov.br\/policiamilitar\/wp-json\/wp\/v2\/comments?post=53697"}],"version-history":[{"count":3,"href":"https:\/\/goias.gov.br\/policiamilitar\/wp-json\/wp\/v2\/pages\/53697\/revisions"}],"predecessor-version":[{"id":239411,"href":"https:\/\/goias.gov.br\/policiamilitar\/wp-json\/wp\/v2\/pages\/53697\/revisions\/239411"}],"wp:attachment":[{"href":"https:\/\/goias.gov.br\/policiamilitar\/wp-json\/wp\/v2\/media?parent=53697"}],"curies":[{"name":"wp","href":"https:\/\/api.w.org\/{rel}","templated":true}]}}