

{"id":53648,"date":"2023-01-15T17:28:13","date_gmt":"2023-01-15T20:28:13","guid":{"rendered":"https:\/\/goias.gov.br\/policiamilitar\/?page_id=53648"},"modified":"2025-08-12T14:43:50","modified_gmt":"2025-08-12T17:43:50","slug":"leis-pmgo","status":"publish","type":"page","link":"https:\/\/goias.gov.br\/policiamilitar\/leis-pmgo\/","title":{"rendered":"Leis"},"content":{"rendered":"<style type='text\/css' media='all'>#rt-tpg-container-1770168251 .rt-holder .rt-woo-info .price{color:#0367bf;}body .rt-tpg-container .rt-tpg-isotope-buttons .selected,\n\t\t\t\t\t#rt-tpg-container-1770168251 .layout12 .rt-holder:hover .rt-detail,\n\t\t\t\t\t#rt-tpg-container-1770168251 .isotope8 .rt-holder:hover .rt-detail,\n\t\t\t\t\t#rt-tpg-container-1770168251 .carousel8 .rt-holder:hover .rt-detail,\n\t\t\t\t\t#rt-tpg-container-1770168251 .layout13 .rt-holder .overlay .post-info,\n\t\t\t\t\t#rt-tpg-container-1770168251 .isotope9 .rt-holder .overlay .post-info,\n\t\t\t\t\t#rt-tpg-container-1770168251.rt-tpg-container .layout4 .rt-holder .rt-detail,\n\t\t\t\t\t.rt-modal-1770168251 .md-content,\n\t\t\t\t\t.rt-modal-1770168251 .md-content > .rt-md-content-holder .rt-md-content,\n\t\t\t\t\t.rt-popup-wrap-1770168251.rt-popup-wrap .rt-popup-navigation-wrap,\n\t\t\t\t\t#rt-tpg-container-1770168251 .carousel9 .rt-holder .overlay .post-info{background-color:#0367bf;}#rt-tpg-container-1770168251 .layout5 .rt-holder .overlay, #rt-tpg-container-1770168251 .isotope2 .rt-holder .overlay, #rt-tpg-container-1770168251 .carousel2 .rt-holder .overlay,#rt-tpg-container-1770168251 .layout15 .rt-holder h3, #rt-tpg-container-1770168251 .isotope11 .rt-holder h3, #rt-tpg-container-1770168251 .carousel11 .rt-holder h3, #rt-tpg-container-1770168251 .layout16 .rt-holder h3,\n\t\t\t\t\t#rt-tpg-container-1770168251 .isotope12 .rt-holder h3, #rt-tpg-container-1770168251 .carousel12 .rt-holder h3 {background-color:rgba(3,103,191,0.8);}#rt-tpg-container-1770168251 .read-more a{border-radius:px;}#rt-tpg-container-1770168251 .rt-img-holder img.rt-img-responsive,#rt-tpg-container-1770168251 .rt-img-holder,\n\t\t\t\t\t#rt-tpg-container-1770168251 .rt-post-overlay .post-img,\n\t\t\t\t\t#rt-tpg-container-1770168251 .post-sm .post-img,\n\t\t\t\t\t#rt-tpg-container-1770168251 .rt-post-grid .post-img,\n\t\t\t\t\t#rt-tpg-container-1770168251 .post-img img {border-radius:px;}<\/style><div class='rt-container-fluid rt-tpg-container tpg-shortcode-main-wrapper ' id='rt-tpg-container-1770168251'   data-layout='layout1' data-grid-style='even' data-desktop-col='1'  data-tab-col='1'  data-mobile-col='1' data-sc-id='214693'><div data-title='Loading ...' class='rt-row rt-content-loader   layout1 tpg-even '><div class=\"rt-col-md-12 rt-col-sm-12 rt-col-xs-12 even-grid-item rt-grid-item\" data-id=\"86421\"><div class=\"rt-holder\"><div class='rt-detail'><h3 class=\"entry-title\"><a data-id=\"86421\" class=\"\" href=\"https:\/\/goias.gov.br\/policiamilitar\/lei-no-23-118-de-27-de-novembro-de-2024-dispoe-sobre-a-promocao-por-completar-os-requisitos-para-a-transferencia-a-pedido-ou-compulsoria-para-a-inatividade-aos-militares-do-estado-de-goias\/\">Lei n\u00ba 23.118, de 27 de novembro de 2024 &#8211; Disp\u00f5e sobre a promo\u00e7\u00e3o por completar os requisitos para a transfer\u00eancia a pedido ou compuls\u00f3ria para a inatividade aos militares do Estado de Goi\u00e1s.<\/a><\/h3><div class='post-meta-user  '><span class='date'><i class='far fa-calendar-alt '><\/i>27 de dezembro de 2024<\/span><\/div><div class='tpg-excerpt'>Lei n\u00ba 23.118, de 27 de novembro de 2024 &#8211; Disp\u00f5e sobre a promo\u00e7\u00e3o por...<\/div><\/div><\/div><\/div><div class=\"rt-col-md-12 rt-col-sm-12 rt-col-xs-12 even-grid-item rt-grid-item\" data-id=\"86423\"><div class=\"rt-holder\"><div class='rt-detail'><h3 class=\"entry-title\"><a data-id=\"86423\" class=\"\" href=\"https:\/\/goias.gov.br\/policiamilitar\/lei-no-23-145-de-11-de-dezembro-de-2024-altera-as-leis-no-19-179-de-29-de-dezembro-de-2015-e-no-20-052-de-24-de-abril-de-2018-que-dispoem-sobre-o-regime-de-previdencia-complementar-do-estado-de\/\">Lei n\u00ba 23.145, de 11 de dezembro de 2024 &#8211; Altera as Leis n\u00ba 19.179, de 29 de dezembro de 2015, e n\u00ba 20.052, de 24 de abril de 2018, que disp\u00f5em sobre o regime de previd\u00eancia complementar do Estado de Goi\u00e1s.<\/a><\/h3><div class='post-meta-user  '><span class='date'><i class='far fa-calendar-alt '><\/i>11 de dezembro de 2024<\/span><\/div><div class='tpg-excerpt'>Lei n\u00ba 23.145, de 11 de dezembro de 2024 &#8211; Altera as Leis n\u00ba 19.179...<\/div><\/div><\/div><\/div><div class=\"rt-col-md-12 rt-col-sm-12 rt-col-xs-12 even-grid-item rt-grid-item\" data-id=\"86425\"><div class=\"rt-holder\"><div class='rt-detail'><h3 class=\"entry-title\"><a data-id=\"86425\" class=\"\" href=\"https:\/\/goias.gov.br\/policiamilitar\/lei-no-23-067-de-8-de-novembro-de-2024-altera-a-lei-no-15-640-de-02-de-maio-de-2006-que-dispoe-sobre-os-fundos-rotativos-que-menciona\/\">Lei n\u00ba 23.067, de 8 de novembro de 2024 &#8211; Altera a\u00a0Lei n\u00ba 15.640, de 02 de maio de 2006, que disp\u00f5e sobre os fundos rotativos que menciona.<\/a><\/h3><div class='post-meta-user  '><span class='date'><i class='far fa-calendar-alt '><\/i>8 de novembro de 2024<\/span><\/div><div class='tpg-excerpt'>Lei n\u00ba 23.067, de 8 de novembro de 2024 &#8211; Altera a\u00a0Lei n\u00ba 15.640, de...<\/div><\/div><\/div><\/div><div class=\"rt-col-md-12 rt-col-sm-12 rt-col-xs-12 even-grid-item rt-grid-item\" data-id=\"75404\"><div class=\"rt-holder\"><div class='rt-detail'><h3 class=\"entry-title\"><a data-id=\"75404\" class=\"\" href=\"https:\/\/goias.gov.br\/policiamilitar\/decreto-no-10-397-de-25-de-janeiro-de-2024-altera-o-decreto-no-7-531-de-29-de-dezembro-de-2011-que-institui-na-secretaria-de-estado-da-seguranca-publica-a-medalha-da-ordem-do-merito-da-seguran\/\">Decreto n\u00ba 10.397, de 25 de janeiro de 2024 &#8211;  Altera o Decreto n\u00ba 7.531, de 29 de dezembro de 2011, que institui, na Secretaria de Estado da Seguran\u00e7a P\u00fablica, a Medalha da Ordem do M\u00e9rito da Seguran\u00e7a P\u00fablica Governador Mauro Borges Teixeira.<\/a><\/h3><div class='post-meta-user  '><span class='date'><i class='far fa-calendar-alt '><\/i>25 de janeiro de 2024<\/span><\/div><div class='tpg-excerpt'>Decreto n\u00ba 10.397, de 25 de janeiro de 2024 &#8211; Altera o Decreto n\u00ba 7.531...<\/div><\/div><\/div><\/div><div class=\"rt-col-md-12 rt-col-sm-12 rt-col-xs-12 even-grid-item rt-grid-item\" data-id=\"86433\"><div class=\"rt-holder\"><div class='rt-detail'><h3 class=\"entry-title\"><a data-id=\"86433\" class=\"\" href=\"https:\/\/goias.gov.br\/policiamilitar\/lei-no-22-514-de-28-de-dezembro-de-2023-institui-o-dia-estadual-do-batalhao-rural-da-policia-militar-do-estado-de-goias-2\/\">Lei n\u00ba 22.514, de 28 de dezembro de 2023 &#8211; Institui o Dia Estadual do Batalh\u00e3o Rural da Pol\u00edcia Militar do Estado de Goi\u00e1s.<\/a><\/h3><div class='post-meta-user  '><span class='date'><i class='far fa-calendar-alt '><\/i>28 de dezembro de 2023<\/span><\/div><div class='tpg-excerpt'>Lei n\u00ba 22.514, de 28 de dezembro de 2023 &#8211; Institui o Dia Estadual do...<\/div><\/div><\/div><\/div><div class=\"rt-col-md-12 rt-col-sm-12 rt-col-xs-12 even-grid-item rt-grid-item\" data-id=\"75411\"><div class=\"rt-holder\"><div class='rt-detail'><h3 class=\"entry-title\"><a data-id=\"75411\" class=\"\" href=\"https:\/\/goias.gov.br\/policiamilitar\/lei-no-22-514-de-28-de-dezembro-de-2023-institui-o-dia-estadual-do-batalhao-rural-da-policia-militar-do-estado-de-goias\/\">Lei n\u00ba 22.514, de 28 de dezembro de 2023 &#8211; Institui o Dia Estadual do Batalh\u00e3o Rural da Pol\u00edcia Militar do Estado de Goi\u00e1s.<\/a><\/h3><div class='post-meta-user  '><span class='date'><i class='far fa-calendar-alt '><\/i>28 de dezembro de 2023<\/span><\/div><div class='tpg-excerpt'>Lei n\u00ba 22.514, de 28 de dezembro de 2023 &#8211; Institui o Dia Estadual do...<\/div><\/div><\/div><\/div><\/div><div class='rt-pagination-wrap' data-total-pages='6' data-posts-per-page='6' data-type='pagination'  ><div class=\"rt-pagination\" ><ul class=\"pagination-list\"><li class=\"active\"><span>1<\/span><\/li><li><a data-paged='2' href='https:\/\/goias.gov.br\/policiamilitar\/wp-json\/wp\/v2\/pages\/53648\/page\/2\/'>2<\/a><\/li><li><a data-paged='3' href='https:\/\/goias.gov.br\/policiamilitar\/wp-json\/wp\/v2\/pages\/53648\/page\/3\/'>3<\/a><\/li><li><a data-paged='4' href='https:\/\/goias.gov.br\/policiamilitar\/wp-json\/wp\/v2\/pages\/53648\/page\/4\/'>4<\/a><\/li><li><a data-paged='5' href='https:\/\/goias.gov.br\/policiamilitar\/wp-json\/wp\/v2\/pages\/53648\/page\/5\/'>5<\/a><\/li><li><a data-paged='6' href='https:\/\/goias.gov.br\/policiamilitar\/wp-json\/wp\/v2\/pages\/53648\/page\/6\/'>6<\/a><\/li><\/ul><\/div><\/div><\/div>\n","protected":false},"excerpt":{"rendered":"","protected":false},"author":2,"featured_media":0,"parent":0,"menu_order":0,"comment_status":"closed","ping_status":"closed","template":"","meta":{"footnotes":""},"class_list":["post-53648","page","type-page","status-publish","hentry"],"rttpg_featured_image_url":null,"rttpg_author":{"display_name":"rogerioduarte","author_link":"https:\/\/goias.gov.br\/policiamilitar\/author\/rogerioduarte\/"},"rttpg_comment":0,"rttpg_category":"","rttpg_excerpt":null,"_links":{"self":[{"href":"https:\/\/goias.gov.br\/policiamilitar\/wp-json\/wp\/v2\/pages\/53648","targetHints":{"allow":["GET"]}}],"collection":[{"href":"https:\/\/goias.gov.br\/policiamilitar\/wp-json\/wp\/v2\/pages"}],"about":[{"href":"https:\/\/goias.gov.br\/policiamilitar\/wp-json\/wp\/v2\/types\/page"}],"author":[{"embeddable":true,"href":"https:\/\/goias.gov.br\/policiamilitar\/wp-json\/wp\/v2\/users\/2"}],"replies":[{"embeddable":true,"href":"https:\/\/goias.gov.br\/policiamilitar\/wp-json\/wp\/v2\/comments?post=53648"}],"version-history":[{"count":2,"href":"https:\/\/goias.gov.br\/policiamilitar\/wp-json\/wp\/v2\/pages\/53648\/revisions"}],"predecessor-version":[{"id":214708,"href":"https:\/\/goias.gov.br\/policiamilitar\/wp-json\/wp\/v2\/pages\/53648\/revisions\/214708"}],"wp:attachment":[{"href":"https:\/\/goias.gov.br\/policiamilitar\/wp-json\/wp\/v2\/media?parent=53648"}],"curies":[{"name":"wp","href":"https:\/\/api.w.org\/{rel}","templated":true}]}}