


{"id":257703,"date":"2026-03-23T10:53:50","date_gmt":"2026-03-23T13:53:50","guid":{"rendered":"https:\/\/goias.gov.br\/policiamilitar\/?page_id=257703"},"modified":"2026-04-01T13:38:09","modified_gmt":"2026-04-01T16:38:09","slug":"relatorio-de-gestao-de-ouvidoria","status":"publish","type":"page","link":"https:\/\/goias.gov.br\/policiamilitar\/relatorio-de-gestao-de-ouvidoria\/","title":{"rendered":"Relat\u00f3rio de Gest\u00e3o de Ouvidoria"},"content":{"rendered":"<ul>\n<li><a href=\"https:\/\/goias.gov.br\/policiamilitar\/wp-content\/uploads\/sites\/67\/2025\/05\/sei-74100079-relatorio-12.pdf\">Relat\u00f3rio de Gest\u00e3o de ouvidoria &#8211; 2024<\/a><\/li>\n<li><a href=\"https:\/\/goias.gov.br\/policiamilitar\/wp-content\/uploads\/sites\/67\/2026\/04\/Relatorio-Gestao-Ouv-PM-GO-2025.docx-1.pdf\">Relat\u00f3rio de Gest\u00e3o de ouvidoria &#8211; 2025<\/a><\/li>\n<\/ul>\n","protected":false},"excerpt":{"rendered":"<p>Relat\u00f3rio de Gest\u00e3o de ouvidoria &#8211; 2024 Relat\u00f3rio de Gest\u00e3o de ouvidoria &#8211; 2025<\/p>\n","protected":false},"author":886,"featured_media":0,"parent":0,"menu_order":0,"comment_status":"closed","ping_status":"closed","template":"","meta":{"footnotes":""},"class_list":["post-257703","page","type-page","status-publish","hentry"],"rttpg_featured_image_url":null,"rttpg_author":{"display_name":"gabrielcmaciel","author_link":"https:\/\/goias.gov.br\/policiamilitar\/author\/gabrielcmaciel\/"},"rttpg_comment":0,"rttpg_category":null,"rttpg_excerpt":"Relat\u00f3rio de Gest\u00e3o de ouvidoria &#8211; 2024 Relat\u00f3rio de Gest\u00e3o de ouvidoria &#8211; 2025","_links":{"self":[{"href":"https:\/\/goias.gov.br\/policiamilitar\/wp-json\/wp\/v2\/pages\/257703","targetHints":{"allow":["GET"]}}],"collection":[{"href":"https:\/\/goias.gov.br\/policiamilitar\/wp-json\/wp\/v2\/pages"}],"about":[{"href":"https:\/\/goias.gov.br\/policiamilitar\/wp-json\/wp\/v2\/types\/page"}],"author":[{"embeddable":true,"href":"https:\/\/goias.gov.br\/policiamilitar\/wp-json\/wp\/v2\/users\/886"}],"replies":[{"embeddable":true,"href":"https:\/\/goias.gov.br\/policiamilitar\/wp-json\/wp\/v2\/comments?post=257703"}],"version-history":[{"count":3,"href":"https:\/\/goias.gov.br\/policiamilitar\/wp-json\/wp\/v2\/pages\/257703\/revisions"}],"predecessor-version":[{"id":261496,"href":"https:\/\/goias.gov.br\/policiamilitar\/wp-json\/wp\/v2\/pages\/257703\/revisions\/261496"}],"wp:attachment":[{"href":"https:\/\/goias.gov.br\/policiamilitar\/wp-json\/wp\/v2\/media?parent=257703"}],"curies":[{"name":"wp","href":"https:\/\/api.w.org\/{rel}","templated":true}]}}