

{"id":1639,"date":"2023-01-09T21:52:58","date_gmt":"2023-01-10T00:52:58","guid":{"rendered":"http:\/\/pm.go.gov.demo\/?page_id=1639"},"modified":"2025-12-09T11:22:59","modified_gmt":"2025-12-09T14:22:59","slug":"como-faco-para-matricular-meu-filho-no-colegio-militar","status":"publish","type":"page","link":"https:\/\/goias.gov.br\/policiamilitar\/acesso-a-informacao__trashed\/como-faco-para-matricular-meu-filho-no-colegio-militar\/","title":{"rendered":"Como fa\u00e7o para matricular meu filho no Col\u00e9gio Militar?"},"content":{"rendered":"<p>Atualizado em: 09\/12\/2025<\/p>\n<h2>Como fa\u00e7o para matricular meu filho no Col\u00e9gio Militar?<\/h2>\n<p data-start=\"187\" data-end=\"404\">O ingresso nos <a role=\"link\" href=\"https:\/\/goias.gov.br\/policiamilitar\/colegios-militares\">Col\u00e9gios Estaduais da Pol\u00edcia Militar de Goi\u00e1s \u2013 CEPMGs<\/a> ocorre por meio de processo seletivo realizado anualmente, com <strong data-start=\"321\" data-end=\"349\">sorteio p\u00fablico de vagas<\/strong>, conduzido individualmente por cada unidade de ensino.<\/p>\n<p data-start=\"406\" data-end=\"631\">Os interessados devem procurar o CEPMG de sua prefer\u00eancia e realizar a inscri\u00e7\u00e3o dentro do prazo estabelecido. As datas e orienta\u00e7\u00f5es s\u00e3o amplamente divulgadas pelas pr\u00f3prias unidades escolares em seus respectivos munic\u00edpios.<\/p>\n<p data-start=\"633\" data-end=\"844\">Caso o candidato n\u00e3o seja contemplado no sorteio, poder\u00e1 permanecer em <strong data-start=\"704\" data-end=\"723\">lista de espera<\/strong>, sendo convocado posteriormente em caso de desist\u00eancia, transfer\u00eancia ou outras situa\u00e7\u00f5es que gerem vagas remanescentes.<\/p>\n","protected":false},"excerpt":{"rendered":"<p>Atualizado em: 09\/12\/2025 Como fa\u00e7o para matricular meu filho no Col\u00e9gio Militar? O ingresso nos Col\u00e9gios Estaduais da Pol\u00edcia Militar de Goi\u00e1s \u2013 CEPMGs ocorre por meio de processo seletivo realizado anualmente, com sorteio p\u00fablico de vagas, conduzido individualmente por cada unidade de ensino. Os interessados devem procurar o CEPMG de sua prefer\u00eancia e realizar [&hellip;]<\/p>\n","protected":false},"author":2,"featured_media":0,"parent":1132,"menu_order":0,"comment_status":"closed","ping_status":"closed","template":"","meta":{"footnotes":""},"class_list":["post-1639","page","type-page","status-publish","hentry"],"rttpg_featured_image_url":null,"rttpg_author":{"display_name":"rogerioduarte","author_link":"https:\/\/goias.gov.br\/policiamilitar\/author\/rogerioduarte\/"},"rttpg_comment":0,"rttpg_category":null,"rttpg_excerpt":"Atualizado em: 09\/12\/2025 Como fa\u00e7o para matricular meu filho no Col\u00e9gio Militar? O ingresso nos Col\u00e9gios Estaduais da Pol\u00edcia Militar de Goi\u00e1s \u2013 CEPMGs ocorre por meio de processo seletivo realizado anualmente, com sorteio p\u00fablico de vagas, conduzido individualmente por cada unidade de ensino. Os interessados devem procurar o CEPMG de sua prefer\u00eancia e realizar&hellip;","_links":{"self":[{"href":"https:\/\/goias.gov.br\/policiamilitar\/wp-json\/wp\/v2\/pages\/1639","targetHints":{"allow":["GET"]}}],"collection":[{"href":"https:\/\/goias.gov.br\/policiamilitar\/wp-json\/wp\/v2\/pages"}],"about":[{"href":"https:\/\/goias.gov.br\/policiamilitar\/wp-json\/wp\/v2\/types\/page"}],"author":[{"embeddable":true,"href":"https:\/\/goias.gov.br\/policiamilitar\/wp-json\/wp\/v2\/users\/2"}],"replies":[{"embeddable":true,"href":"https:\/\/goias.gov.br\/policiamilitar\/wp-json\/wp\/v2\/comments?post=1639"}],"version-history":[{"count":2,"href":"https:\/\/goias.gov.br\/policiamilitar\/wp-json\/wp\/v2\/pages\/1639\/revisions"}],"predecessor-version":[{"id":243289,"href":"https:\/\/goias.gov.br\/policiamilitar\/wp-json\/wp\/v2\/pages\/1639\/revisions\/243289"}],"up":[{"embeddable":true,"href":"https:\/\/goias.gov.br\/policiamilitar\/wp-json\/wp\/v2\/pages\/1132"}],"wp:attachment":[{"href":"https:\/\/goias.gov.br\/policiamilitar\/wp-json\/wp\/v2\/media?parent=1639"}],"curies":[{"name":"wp","href":"https:\/\/api.w.org\/{rel}","templated":true}]}}