

{"id":1341,"date":"2022-12-18T16:30:28","date_gmt":"2022-12-18T19:30:28","guid":{"rendered":"http:\/\/pm.go.gov.demo\/?page_id=1341"},"modified":"2025-12-22T15:11:03","modified_gmt":"2025-12-22T18:11:03","slug":"postos-e-graduacoes-2","status":"publish","type":"page","link":"https:\/\/goias.gov.br\/policiamilitar\/postos-e-graduacoes-2\/","title":{"rendered":"Postos e Gradua\u00e7\u00f5es"},"content":{"rendered":"<p><a title=\"In\u00edcio\" href=\"https:\/\/goias.gov.br\/policiamilitar\/\" rel=\"home\">In\u00edcio<\/a><\/p>\n<h2>Postos e Gradua\u00e7\u00f5es<\/h2>\n<p>&nbsp;<\/p>\n<h3>Alto Comando<\/h3>\n<figure><img decoding=\"async\" class=\"alignleft\" src=\"https:\/\/goias.gov.br\/policiamilitar\/wp-content\/uploads\/sites\/67\/2023\/01\/WhatsApp-Image-2023-01-12-at-13.41.16.jpeg\" alt=\"\" width=\"179\" height=\"91\" \/><\/figure>\n<p>&nbsp;<\/p>\n<p style=\"text-align: left;\"><strong>Comandante-Geral<\/strong><\/p>\n<p>&nbsp;<\/p>\n<p>&nbsp;<\/p>\n<figure><img decoding=\"async\" class=\"alignleft\" src=\"https:\/\/goias.gov.br\/policiamilitar\/wp-content\/uploads\/sites\/67\/2023\/01\/WhatsApp-Image-2023-01-12-at-13.41.16-1.jpeg\" alt=\"\" width=\"178\" height=\"83\" \/><\/figure>\n<p>&nbsp;<\/p>\n<p style=\"text-align: left;\"><strong>Subcomandante-Geral<\/strong><\/p>\n<p>&nbsp;<\/p>\n<p>&nbsp;<\/p>\n<figure><img decoding=\"async\" class=\"alignleft\" src=\"https:\/\/goias.gov.br\/policiamilitar\/wp-content\/uploads\/sites\/67\/2023\/01\/WhatsApp-Image-2023-01-12-at-13.38.23.jpeg\" alt=\"\" width=\"163\" height=\"73\" \/><\/figure>\n<p>&nbsp;<\/p>\n<p style=\"text-align: left;\"><strong>Chefe do Estado-Maior<\/strong><\/p>\n<p>&nbsp;<\/p>\n<figure><img loading=\"lazy\" decoding=\"async\" class=\"alignleft\" src=\"https:\/\/goias.gov.br\/policiamilitar\/wp-content\/uploads\/sites\/67\/2023\/01\/WhatsApp-Image-2023-01-12-at-13.38.23-1.jpeg\" alt=\"\" width=\"184\" height=\"84\" \/><\/figure>\n<p>&nbsp;<\/p>\n<p style=\"text-align: left;\"><strong>Chefe da Casa Militar<\/strong><\/p>\n<p>&nbsp;<\/p>\n<p>&nbsp;<\/p>\n<h3>Oficiais Superiores<\/h3>\n<figure><img loading=\"lazy\" decoding=\"async\" class=\"alignleft\" src=\"https:\/\/goias.gov.br\/policiamilitar\/wp-content\/uploads\/sites\/67\/2023\/01\/WhatsApp-Image-2023-01-12-at-13.38.23-3.jpeg\" alt=\"\" width=\"150\" height=\"72\" \/><\/figure>\n<p>&nbsp;<\/p>\n<p style=\"text-align: left;\"><strong>Coronel<\/strong><\/p>\n<p>&nbsp;<\/p>\n<figure><strong><img loading=\"lazy\" decoding=\"async\" class=\"alignleft\" src=\"https:\/\/goias.gov.br\/policiamilitar\/wp-content\/uploads\/sites\/67\/2023\/01\/WhatsApp-Image-2023-01-12-at-13.38.22.jpeg\" alt=\"\" width=\"165\" height=\"79\" \/><\/strong><\/figure>\n<p>&nbsp;<\/p>\n<p style=\"text-align: left;\"><strong>Tenente-Coronel<\/strong><\/p>\n<p>&nbsp;<\/p>\n<figure><strong><img loading=\"lazy\" decoding=\"async\" class=\"alignleft\" src=\"https:\/\/goias.gov.br\/policiamilitar\/wp-content\/uploads\/sites\/67\/2023\/01\/WhatsApp-Image-2023-01-12-at-13.38.22-1.jpeg\" alt=\"\" width=\"157\" height=\"79\" \/><\/strong><\/figure>\n<p>&nbsp;<\/p>\n<p style=\"text-align: left;\"><strong>Major<\/strong><\/p>\n<p>&nbsp;<\/p>\n<p>&nbsp;<\/p>\n<h3 style=\"text-align: left;\">Oficial Intermedi\u00e1rio<\/h3>\n<figure><img loading=\"lazy\" decoding=\"async\" class=\"alignleft\" src=\"https:\/\/goias.gov.br\/policiamilitar\/wp-content\/uploads\/sites\/67\/2023\/01\/WhatsApp-Image-2023-01-12-at-13.38.21.jpeg\" alt=\"\" width=\"159\" height=\"79\" \/><\/figure>\n<p>&nbsp;<\/p>\n<p style=\"text-align: left;\"><strong>Capit\u00e3o<\/strong><\/p>\n<p>&nbsp;<\/p>\n<p>&nbsp;<\/p>\n<h3 style=\"text-align: left;\">Oficiais Subalternos<\/h3>\n<figure><img loading=\"lazy\" decoding=\"async\" class=\"alignleft\" src=\"https:\/\/goias.gov.br\/policiamilitar\/wp-content\/uploads\/sites\/67\/2023\/01\/WhatsApp-Image-2023-01-12-at-13.38.21-1.jpeg\" alt=\"\" width=\"160\" height=\"81\" \/><\/figure>\n<p>&nbsp;<\/p>\n<p style=\"text-align: left;\"><strong>1\u00ba Tenente<\/strong><\/p>\n<p>&nbsp;<\/p>\n<figure><strong><img loading=\"lazy\" decoding=\"async\" class=\"alignleft\" src=\"https:\/\/goias.gov.br\/policiamilitar\/wp-content\/uploads\/sites\/67\/2023\/01\/WhatsApp-Image-2023-01-12-at-13.38.21-2.jpeg\" alt=\"\" width=\"169\" height=\"83\" \/><\/strong><\/figure>\n<p>&nbsp;<\/p>\n<p style=\"text-align: left;\"><strong>2\u00ba Tenente<\/strong><\/p>\n<p>&nbsp;<\/p>\n<p>&nbsp;<\/p>\n<h3>Pra\u00e7as Especiais<\/h3>\n<figure><img loading=\"lazy\" decoding=\"async\" class=\"alignleft\" src=\"https:\/\/goias.gov.br\/policiamilitar\/wp-content\/uploads\/sites\/67\/2023\/01\/WhatsApp-Image-2023-01-12-at-13.38.21-3.jpeg\" alt=\"\" width=\"162\" height=\"79\" \/><\/figure>\n<p>&nbsp;<\/p>\n<p style=\"text-align: left;\"><strong>Aspirante a Oficial<\/strong><\/p>\n<p>&nbsp;<\/p>\n<figure><strong><img loading=\"lazy\" decoding=\"async\" class=\"alignleft\" src=\"https:\/\/goias.gov.br\/policiamilitar\/wp-content\/uploads\/sites\/67\/2023\/01\/WhatsApp-Image-2023-01-12-at-13.38.20.jpeg\" alt=\"\" width=\"156\" height=\"78\" \/><\/strong><\/figure>\n<p>&nbsp;<\/p>\n<p style=\"text-align: left;\"><strong>Cadete 3\u00ba ano<\/strong><\/p>\n<p>&nbsp;<\/p>\n<figure><strong><img loading=\"lazy\" decoding=\"async\" class=\"alignleft\" src=\"https:\/\/goias.gov.br\/policiamilitar\/wp-content\/uploads\/sites\/67\/2023\/01\/WhatsApp-Image-2023-01-12-at-13.38.20-1.jpeg\" alt=\"\" width=\"159\" height=\"83\" \/><\/strong><\/figure>\n<p>&nbsp;<\/p>\n<p style=\"text-align: left;\"><strong>Cadete 2\u00ba ano<\/strong><\/p>\n<p>&nbsp;<\/p>\n<figure><strong><img loading=\"lazy\" decoding=\"async\" class=\"alignleft\" src=\"https:\/\/goias.gov.br\/policiamilitar\/wp-content\/uploads\/sites\/67\/2023\/01\/WhatsApp-Image-2023-01-12-at-13.38.20-2.jpeg\" alt=\"\" width=\"155\" height=\"75\" \/><\/strong><\/figure>\n<p>&nbsp;<\/p>\n<p style=\"text-align: left;\"><strong>Cadete 1\u00ba ano<\/strong><\/p>\n<p>&nbsp;<\/p>\n<figure><\/figure>\n<figure><strong><img loading=\"lazy\" decoding=\"async\" class=\"alignleft\" src=\"https:\/\/goias.gov.br\/policiamilitar\/wp-content\/uploads\/sites\/67\/2023\/01\/WhatsApp-Image-2023-01-12-at-13.38.20-3.jpeg\" alt=\"\" width=\"154\" height=\"78\" \/><\/strong><\/figure>\n<p>&nbsp;<\/p>\n<p style=\"text-align: left;\"><strong>Aluno CHOA<\/strong><\/p>\n<p>&nbsp;<\/p>\n<p>&nbsp;<\/p>\n<h3>Pra\u00e7as<\/h3>\n<figure><img loading=\"lazy\" decoding=\"async\" class=\"alignleft\" src=\"https:\/\/goias.gov.br\/policiamilitar\/wp-content\/uploads\/sites\/67\/2023\/01\/WhatsApp-Image-2023-01-12-at-13.38.19.jpeg\" alt=\"\" width=\"155\" height=\"76\" \/><\/figure>\n<p>&nbsp;<\/p>\n<p style=\"text-align: left;\"><strong>Subtenente<\/strong><\/p>\n<p>&nbsp;<\/p>\n<figure><img loading=\"lazy\" decoding=\"async\" class=\"alignleft\" src=\"https:\/\/goias.gov.br\/policiamilitar\/wp-content\/uploads\/sites\/67\/2023\/01\/WhatsApp-Image-2023-01-12-at-13.38.19-1.jpeg\" alt=\"\" width=\"146\" height=\"82\" \/><\/figure>\n<p>&nbsp;<\/p>\n<p style=\"text-align: left;\"><strong>1\u00ba Sargento<\/strong><\/p>\n<p>&nbsp;<\/p>\n<figure><strong><img loading=\"lazy\" decoding=\"async\" class=\"alignleft\" src=\"https:\/\/goias.gov.br\/policiamilitar\/wp-content\/uploads\/sites\/67\/2023\/01\/WhatsApp-Image-2023-01-12-at-13.38.19-2.jpeg\" alt=\"\" width=\"124\" height=\"72\" \/><\/strong><\/figure>\n<p>&nbsp;<\/p>\n<p style=\"text-align: left;\"><strong>2\u00ba Sargento<\/strong><\/p>\n<p>&nbsp;<\/p>\n<figure><strong><img loading=\"lazy\" decoding=\"async\" class=\"alignleft\" src=\"https:\/\/goias.gov.br\/policiamilitar\/wp-content\/uploads\/sites\/67\/2023\/01\/WhatsApp-Image-2023-01-12-at-13.38.18.jpeg\" alt=\"\" width=\"156\" height=\"82\" \/><\/strong><\/figure>\n<p>&nbsp;<\/p>\n<p style=\"text-align: left;\"><strong>3\u00ba Sargento<\/strong><\/p>\n<p>&nbsp;<\/p>\n<figure><strong><img loading=\"lazy\" decoding=\"async\" class=\"alignleft\" src=\"https:\/\/goias.gov.br\/policiamilitar\/wp-content\/uploads\/sites\/67\/2023\/01\/WhatsApp-Image-2023-01-12-at-13.38.17-1.jpeg\" alt=\"\" width=\"142\" height=\"81\" \/><\/strong><\/figure>\n<p>&nbsp;<\/p>\n<p style=\"text-align: left;\"><strong>Cabo<\/strong><\/p>\n<p>&nbsp;<\/p>\n<figure><strong><img loading=\"lazy\" decoding=\"async\" class=\"alignleft\" src=\"https:\/\/goias.gov.br\/policiamilitar\/wp-content\/uploads\/sites\/67\/2023\/01\/WhatsApp-Image-2023-01-12-at-13.38.17-2.jpeg\" alt=\"\" width=\"177\" height=\"88\" \/><\/strong><\/figure>\n<p>&nbsp;<\/p>\n<p style=\"text-align: left;\"><strong>Soldado<\/strong><\/p>\n","protected":false},"excerpt":{"rendered":"<p>In\u00edcio Postos e Gradua\u00e7\u00f5es &nbsp; Alto Comando &nbsp; Comandante-Geral &nbsp; &nbsp; &nbsp; Subcomandante-Geral &nbsp; &nbsp; &nbsp; Chefe do Estado-Maior &nbsp; &nbsp; Chefe da Casa Militar &nbsp; &nbsp; Oficiais Superiores &nbsp; Coronel &nbsp; &nbsp; Tenente-Coronel &nbsp; &nbsp; Major &nbsp; &nbsp; Oficial Intermedi\u00e1rio &nbsp; Capit\u00e3o &nbsp; &nbsp; Oficiais Subalternos &nbsp; 1\u00ba Tenente &nbsp; &nbsp; 2\u00ba Tenente &nbsp; [&hellip;]<\/p>\n","protected":false},"author":2,"featured_media":0,"parent":0,"menu_order":0,"comment_status":"closed","ping_status":"closed","template":"elementor_header_footer","meta":{"footnotes":""},"class_list":["post-1341","page","type-page","status-publish","hentry"],"rttpg_featured_image_url":null,"rttpg_author":{"display_name":"rogerioduarte","author_link":"https:\/\/goias.gov.br\/policiamilitar\/author\/rogerioduarte\/"},"rttpg_comment":0,"rttpg_category":null,"rttpg_excerpt":"In\u00edcio Postos e Gradua\u00e7\u00f5es &nbsp; Alto Comando &nbsp; Comandante-Geral &nbsp; &nbsp; &nbsp; Subcomandante-Geral &nbsp; &nbsp; &nbsp; Chefe do Estado-Maior &nbsp; &nbsp; Chefe da Casa Militar &nbsp; &nbsp; Oficiais Superiores &nbsp; Coronel &nbsp; &nbsp; Tenente-Coronel &nbsp; &nbsp; Major &nbsp; &nbsp; Oficial Intermedi\u00e1rio &nbsp; Capit\u00e3o &nbsp; &nbsp; Oficiais Subalternos &nbsp; 1\u00ba Tenente &nbsp; &nbsp; 2\u00ba Tenente &nbsp;&hellip;","_links":{"self":[{"href":"https:\/\/goias.gov.br\/policiamilitar\/wp-json\/wp\/v2\/pages\/1341","targetHints":{"allow":["GET"]}}],"collection":[{"href":"https:\/\/goias.gov.br\/policiamilitar\/wp-json\/wp\/v2\/pages"}],"about":[{"href":"https:\/\/goias.gov.br\/policiamilitar\/wp-json\/wp\/v2\/types\/page"}],"author":[{"embeddable":true,"href":"https:\/\/goias.gov.br\/policiamilitar\/wp-json\/wp\/v2\/users\/2"}],"replies":[{"embeddable":true,"href":"https:\/\/goias.gov.br\/policiamilitar\/wp-json\/wp\/v2\/comments?post=1341"}],"version-history":[{"count":3,"href":"https:\/\/goias.gov.br\/policiamilitar\/wp-json\/wp\/v2\/pages\/1341\/revisions"}],"predecessor-version":[{"id":247204,"href":"https:\/\/goias.gov.br\/policiamilitar\/wp-json\/wp\/v2\/pages\/1341\/revisions\/247204"}],"wp:attachment":[{"href":"https:\/\/goias.gov.br\/policiamilitar\/wp-json\/wp\/v2\/media?parent=1341"}],"curies":[{"name":"wp","href":"https:\/\/api.w.org\/{rel}","templated":true}]}}