

{"id":1309,"date":"2022-12-18T14:41:56","date_gmt":"2022-12-18T17:41:56","guid":{"rendered":"http:\/\/pm.go.gov.demo\/?page_id=1309"},"modified":"2026-04-01T16:31:28","modified_gmt":"2026-04-01T19:31:28","slug":"estrutura-organizacional","status":"publish","type":"page","link":"https:\/\/goias.gov.br\/policiamilitar\/estrutura-organizacional\/","title":{"rendered":"Estrutura Organizacional"},"content":{"rendered":"<p>\u00daltima atualiza\u00e7\u00e3o em 27 de fevereiro de 2026.<\/p>\n<p><a href=\"https:\/\/goias.gov.br\/policiamilitar\/wp-content\/uploads\/sites\/67\/2026\/02\/ORGANOGRAMA-PMGO-2026-1.pdf\"><img fetchpriority=\"high\" decoding=\"async\" class=\"alignnone wp-image-250013 size-medium\" src=\"https:\/\/goias.gov.br\/policiamilitar\/wp-content\/uploads\/sites\/67\/2026\/01\/ORGANOGRAMA-PMGO-2026-1-300x221.png\" alt=\"\" width=\"300\" height=\"221\" srcset=\"https:\/\/goias.gov.br\/policiamilitar\/wp-content\/uploads\/sites\/67\/2026\/01\/ORGANOGRAMA-PMGO-2026-1-300x221.png 300w, https:\/\/goias.gov.br\/policiamilitar\/wp-content\/uploads\/sites\/67\/2026\/01\/ORGANOGRAMA-PMGO-2026-1-1024x753.png 1024w, https:\/\/goias.gov.br\/policiamilitar\/wp-content\/uploads\/sites\/67\/2026\/01\/ORGANOGRAMA-PMGO-2026-1-768x565.png 768w, https:\/\/goias.gov.br\/policiamilitar\/wp-content\/uploads\/sites\/67\/2026\/01\/ORGANOGRAMA-PMGO-2026-1-1536x1130.png 1536w, https:\/\/goias.gov.br\/policiamilitar\/wp-content\/uploads\/sites\/67\/2026\/01\/ORGANOGRAMA-PMGO-2026-1-2048x1506.png 2048w\" sizes=\"(max-width: 300px) 100vw, 300px\" \/><\/a><\/p>\n<p><a href=\"https:\/\/goias.gov.br\/policiamilitar\/wp-content\/uploads\/sites\/67\/2026\/04\/ORGANOGRAMA-PMGO-2026-Atualizado.pdf\">Organograma &#8211; PMGO (2026)<\/a><\/p>\n<p>&nbsp;<\/p>\n<p><a href=\"https:\/\/goias.gov.br\/policiamilitar\/wp-content\/uploads\/sites\/67\/2026\/01\/Comandos-Regionais-da-PMGO-Atual-2026-1.pdf\"><img decoding=\"async\" class=\"alignnone size-medium wp-image-250041\" src=\"https:\/\/goias.gov.br\/policiamilitar\/wp-content\/uploads\/sites\/67\/2026\/01\/Comandos-Regionais-da-PMGO-Atual-2026-300x300.png\" alt=\"\" width=\"300\" height=\"300\" srcset=\"https:\/\/goias.gov.br\/policiamilitar\/wp-content\/uploads\/sites\/67\/2026\/01\/Comandos-Regionais-da-PMGO-Atual-2026-300x300.png 300w, https:\/\/goias.gov.br\/policiamilitar\/wp-content\/uploads\/sites\/67\/2026\/01\/Comandos-Regionais-da-PMGO-Atual-2026-1024x1024.png 1024w, https:\/\/goias.gov.br\/policiamilitar\/wp-content\/uploads\/sites\/67\/2026\/01\/Comandos-Regionais-da-PMGO-Atual-2026-150x150.png 150w, https:\/\/goias.gov.br\/policiamilitar\/wp-content\/uploads\/sites\/67\/2026\/01\/Comandos-Regionais-da-PMGO-Atual-2026-768x767.png 768w, https:\/\/goias.gov.br\/policiamilitar\/wp-content\/uploads\/sites\/67\/2026\/01\/Comandos-Regionais-da-PMGO-Atual-2026-1536x1536.png 1536w, https:\/\/goias.gov.br\/policiamilitar\/wp-content\/uploads\/sites\/67\/2026\/01\/Comandos-Regionais-da-PMGO-Atual-2026-2048x2048.png 2048w\" sizes=\"(max-width: 300px) 100vw, 300px\" \/><\/a><\/p>\n<p><a href=\"https:\/\/goias.gov.br\/policiamilitar\/wp-content\/uploads\/sites\/67\/2026\/01\/Comandos-Regionais-da-PMGO-Atual-2026-1.pdf\">Comandos Regionais da PMGO &#8211; Atual (2026)<\/a><\/p>\n<p>&nbsp;<\/p>\n<p><a href=\"https:\/\/goias.gov.br\/policiamilitar\/wp-content\/uploads\/sites\/67\/2026\/01\/Fundamentacao-Legal-Portaria-no-19.219-de-29.10.24-PMGO.pdf\">Fundamenta\u00e7\u00e3o Legal &#8211; Portaria n\u00ba 19.219 de 29.10.24 &#8211; PMGO<\/a><\/p>\n","protected":false},"excerpt":{"rendered":"<p>\u00daltima atualiza\u00e7\u00e3o em 27 de fevereiro de 2026. Organograma &#8211; PMGO (2026) &nbsp; Comandos Regionais da PMGO &#8211; Atual (2026) &nbsp; Fundamenta\u00e7\u00e3o Legal &#8211; Portaria n\u00ba 19.219 de 29.10.24 &#8211; PMGO<\/p>\n","protected":false},"author":2,"featured_media":0,"parent":0,"menu_order":0,"comment_status":"closed","ping_status":"closed","template":"","meta":{"footnotes":""},"class_list":["post-1309","page","type-page","status-publish","hentry"],"rttpg_featured_image_url":null,"rttpg_author":{"display_name":"rogerioduarte","author_link":"https:\/\/goias.gov.br\/policiamilitar\/author\/rogerioduarte\/"},"rttpg_comment":0,"rttpg_category":null,"rttpg_excerpt":"\u00daltima atualiza\u00e7\u00e3o em 27 de fevereiro de 2026. Organograma &#8211; PMGO (2026) &nbsp; Comandos Regionais da PMGO &#8211; Atual (2026) &nbsp; Fundamenta\u00e7\u00e3o Legal &#8211; Portaria n\u00ba 19.219 de 29.10.24 &#8211; PMGO","_links":{"self":[{"href":"https:\/\/goias.gov.br\/policiamilitar\/wp-json\/wp\/v2\/pages\/1309","targetHints":{"allow":["GET"]}}],"collection":[{"href":"https:\/\/goias.gov.br\/policiamilitar\/wp-json\/wp\/v2\/pages"}],"about":[{"href":"https:\/\/goias.gov.br\/policiamilitar\/wp-json\/wp\/v2\/types\/page"}],"author":[{"embeddable":true,"href":"https:\/\/goias.gov.br\/policiamilitar\/wp-json\/wp\/v2\/users\/2"}],"replies":[{"embeddable":true,"href":"https:\/\/goias.gov.br\/policiamilitar\/wp-json\/wp\/v2\/comments?post=1309"}],"version-history":[{"count":4,"href":"https:\/\/goias.gov.br\/policiamilitar\/wp-json\/wp\/v2\/pages\/1309\/revisions"}],"predecessor-version":[{"id":261559,"href":"https:\/\/goias.gov.br\/policiamilitar\/wp-json\/wp\/v2\/pages\/1309\/revisions\/261559"}],"wp:attachment":[{"href":"https:\/\/goias.gov.br\/policiamilitar\/wp-json\/wp\/v2\/media?parent=1309"}],"curies":[{"name":"wp","href":"https:\/\/api.w.org\/{rel}","templated":true}]}}