

{"id":1001,"date":"2022-09-29T12:03:15","date_gmt":"2022-09-29T15:03:15","guid":{"rendered":"http:\/\/pm.go.gov.demo\/?page_id=1001"},"modified":"2025-08-11T14:36:25","modified_gmt":"2025-08-11T17:36:25","slug":"mapa-do-site","status":"publish","type":"page","link":"https:\/\/goias.gov.br\/policiamilitar\/mapa-do-site\/","title":{"rendered":"Mapa do Site"},"content":{"rendered":"<div id=\"custom-sitemap\" class=\"sitemap-container\"><div class='sitemap-group'><h3>A<\/h3><ul><li><a href='\/policiamilitar\/aniversariantes' target='_blank'>ANIVERSARIANTES<\/a><\/li><li><a href='https:\/\/sispmgo.pm.go.gov.br\/articulacao_old.php' target='_blank'>ARTICULA\u00c7\u00c3O PMGO<\/a><\/li><li><a href='https:\/\/www.acspmbmgo.com.br\/' target='_blank'>ACS<\/a><\/li><li><a href='https:\/\/assego.com.br\/' target='_blank'>ASSEGO<\/a><\/li><li><a href='https:\/\/www.assof.com.br\/' target='_blank'>ASSOF<\/a><\/li><li><a href='https:\/\/www.instagram.com\/p\/DTuxS9hANxS\/' target='_blank'>AGENDAR CONSULTAS E EXAMES NO HPM<\/a><\/li><li><a href='\/seguranca\/goias-seguro' target='_blank'>APP GOI\u00c1S MAIS SEGURO<\/a><\/li><li><a href='\/policiamilitar\/adesao-e-atas-de-registro-deprecos\/' target='_blank'>ADES\u00c3O E ATAS DE REGISTRO DE PRE\u00c7OS<\/a><\/li><li><a href='\/policiamilitar\/acesso-a-informacao\/' target='_blank'>ACESSO \u00c0 INFORMA\u00c7\u00c3O<\/a><\/li><li><a href='https:\/\/portal.al.go.leg.br\/' target='_blank'>ASSEMBLEIA LEGISLATIVA DO ESTADO DE GOI\u00c1S<\/a><\/li><li><a href='\/policiamilitar\/agenda-de-autoridades' target='_blank'>AGENDA DE AUTORIDADES<\/a><\/li><\/ul><\/div><div class='sitemap-group'><h3>B<\/h3><ul><li><a href='\/policiamilitar\/boletim-virtual' target='_blank'>BOLETIM VIRTUAL<\/a><\/li><\/ul><\/div><div class='sitemap-group'><h3>C<\/h3><ul><li><a href='\/policiamilitar\/alto-comando' target='_blank'>COMANDO DA PMGO<\/a><\/li><li><a href='https:\/\/www.go.gov.br\/spr\/sead\/consultar-contracheque' target='_blank'>CONTRACHEQUE<\/a><\/li><li><a href='\/policiamilitar\/cursos-e-concursos\/' target='_blank'>CURSOS E CONCURSOS<\/a><\/li><li><a href='\/policiamilitar\/convenios-2\/' target='_blank'>CONV\u00caNIOS<\/a><\/li><li><a href='https:\/\/www.caixabeneficente.com.br\/' target='_blank'>CAIXA BENEFICENTE<\/a><\/li><li><a href='\/policiamilitar\/colegios-militares-de-goias' target='_blank'>COL\u00c9GIOS MILITARES<\/a><\/li><li><a href='https:\/\/www.go.gov.br\/servicos\/servicos-por-orgao\/policia-militar-do-estado-de-goias' target='_blank'>CARTA DE SERVI\u00c7OS<\/a><\/li><li><a href='\/policiamilitar\/contratos\/' target='_blank'>CONTRATOS<\/a><\/li><li><a href='https:\/\/goias.gov.br\/controladoria' target='_blank'>CONTROLADORIA-GERAL DO ESTADO DE GOI\u00c1S<\/a><\/li><li><a href='https:\/\/goias.gov.br\/governo\/cadastro-de-autoridade\/' target='_blank'>CADASTRO DE AUTORIDADES<\/a><\/li><li><a href='https:\/\/www.cncg.org.br\/' target='_blank'>CONSELHO NACIONAL DE COMANDANTES-GERAIS PM<\/a><\/li><\/ul><\/div><div class='sitemap-group'><h3>D<\/h3><ul><li><a href='\/policiamilitar\/decretos-4' target='_blank'>DECRETOS<\/a><\/li><li><a href='https:\/\/goias.gov.br\/detran\/' target='_blank'>DETRAN<\/a><\/li><li><a href='http:\/\/diariooficial.abc.go.gov.br\/' target='_blank'>DI\u00c1RIO OFICIAL<\/a><\/li><li><a href='https:\/\/dadosabertos.go.gov.br\/' target='_blank'>DADOS ABERTOS GOI\u00c1S<\/a><\/li><\/ul><\/div><div class='sitemap-group'><h3>E<\/h3><ul><li><a href='\/policiamilitar\/estrutura-organizacional' target='_blank'>ESTRUTURA ORGANIZACIONAL<\/a><\/li><li><a href='https:\/\/ead.pm.go.gov.br\/login\/index.php' target='_blank'>EAD<\/a><\/li><li><a href='https:\/\/sisopm.pm.go.gov.br\/' target='_blank'>EDI\u00c7\u00c3O DA ARTICULA\u00c7\u00c3O<\/a><\/li><li><a href='\/policiamilitar\/extrato-de-portaria-de-gestor\/' target='_blank'>EXTRATO DE PORTARIA DE GESTOR<\/a><\/li><li><a href='\/policiamilitar\/extratos\/' target='_blank'>EXTRATOS<\/a><\/li><li><a href='https:\/\/www.go.gov.br\/' target='_blank'>EXPRESSO GOI\u00c1S<\/a><\/li><li><a href='https:\/\/portal.go.gov.br\/' target='_blank'>EXPRESSO APLICA\u00c7\u00d5ES<\/a><\/li><li><a href='https:\/\/www.go.gov.br\/' target='_blank'>EXPRESSO SERVIDOR<\/a><\/li><li><a href='https:\/\/goias.gov.br\/escoladegoverno\/' target='_blank'>ESCOLA DE GOVERNO<\/a><\/li><li><a href='http:\/\/www.go.gov.br\/servicos-digitais\/cge\/nova-ouvidoria\/pedido-informacao-publica?orgao=53&tipo_manifestacao=7' target='_blank'>E-SIC - SERVI\u00c7O ELETR\u00d4NICO DE INFORMA\u00c7\u00c3O AO CIDAD\u00c3O<\/a><\/li><\/ul><\/div><div class='sitemap-group'><h3>F<\/h3><ul><li><a href='https:\/\/www.tiradentes.org.br\/' target='_blank'>FUNDA\u00c7\u00c3O TIRADENTES<\/a><\/li><li><a href='https:\/\/goias.gov.br\/policiamilitar\/fale-conosco\/' target='_blank'>FALE CONOSCO<\/a><\/li><\/ul><\/div><div class='sitemap-group'><h3>G<\/h3><ul><li><a href='\/policiamilitar\/ex-comandantes-gerais-pmgo\/' target='_blank'>GALERIA DOS EX-COMANDANTES<\/a><\/li><li><a href='https:\/\/gympass.com\/pt-br' target='_blank'>GYMPASS<\/a><\/li><li><a href='https:\/\/www.gov.br\/' target='_blank'>GOVERNO FEDERAL<\/a><\/li><li><a href='https:\/\/transparencia.go.gov.br\/' target='_blank'>GOI\u00c1S TRANSPAR\u00caNCIA<\/a><\/li><\/ul><\/div><div class='sitemap-group'><h3>H<\/h3><ul><li><a href='\/policiamilitar\/historia\/' target='_blank'>HIST\u00d3RIA<\/a><\/li><li><a href='https:\/\/hpm.org.br\/' target='_blank'>HPM<\/a><\/li><\/ul><\/div><div class='sitemap-group'><h3>I<\/h3><ul><li><a href='' target='_blank'>INSTITUCIONAL<\/a><\/li><li><a href='\/policiamilitar\/instrucao-de-servicos\/' target='_blank'>INSTRU\u00c7\u00c3O DE SERVI\u00c7O<\/a><\/li><li><a href='\/policiamilitar\/inexibilidades\/' target='_blank'>INEXIGIBILIDADE<\/a><\/li><\/ul><\/div><div class='sitemap-group'><h3>L<\/h3><ul><li><a href='\/policiamilitar\/leis-pmgo\/' target='_blank'>LEIS<\/a><\/li><li><a href='\/policiamilitar\/lgpd\/' target='_blank'>LGPD<\/a><\/li><\/ul><\/div><div class='sitemap-group'><h3>M<\/h3><ul><li><a href='https:\/\/mportal.ssp.go.gov.br\/' target='_blank'>MPORTAL<\/a><\/li><li><a href='http:\/\/minhaconta.ssp.go.gov.br\/' target='_blank'>MINHA CONTA<\/a><\/li><li><a href='https:\/\/www.mpgo.mp.br\/portal\/' target='_blank'>MINIST\u00c9RIO P\u00daBLICO DO ESTADO DE GOI\u00c1S<\/a><\/li><\/ul><\/div><div class='sitemap-group'><h3>O<\/h3><ul><li><a href='http:\/\/www.go.gov.br\/servicos-digitais\/cge\/nova-ouvidoria\/nova-manifestacao?orgao=53' target='_blank'>OUVIDORIA SETORIAL (EXPRESSO)<\/a><\/li><li><a href='\/policiamilitar\/ouvidoria\/' target='_blank'>OUVIDORIA SETORIAL (PRESENCIAL)<\/a><\/li><\/ul><\/div><div class='sitemap-group'><h3>P<\/h3><ul><li><a href='\/policiamilitar\/postos-e-graduacoes-2\/' target='_blank'>POSTOS E GRADUA\u00c7\u00d5ES<\/a><\/li><li><a href='https:\/\/portal.go.gov.br\/cas\/login' target='_blank'>PORTAL GOI\u00c1S<\/a><\/li><li><a href='\/policiamilitar\/portarias-24' target='_blank'>PORTARIAS<\/a><\/li><li><a href='https:\/\/forms.gle\/5myx6m8HH3JGyLF99' target='_blank'>PESQUISA DE SATISFA\u00c7\u00c3O \u2013 PMGO<\/a><\/li><li><a href='\/policiamilitar\/pregoes\/' target='_blank'>PREG\u00d5ES<\/a><\/li><li><a href='https:\/\/goias.gov.br\/procuradoria\/' target='_blank'>PROCURADORIA-GERAL DO ESTADO DE GOI\u00c1S<\/a><\/li><\/ul><\/div><div class='sitemap-group'><h3>R<\/h3><ul><li><a href='\/policiamilitar\/revistas-pmgo\/' target='_blank'>REVISTAS PMGO<\/a><\/li><\/ul><\/div><div class='sitemap-group'><h3>S<\/h3><ul><li><a href='https:\/\/sistemas.ssp.go.gov.br\/' target='_blank'>SISTEMAS SSP-GO<\/a><\/li><li><a href='https:\/\/sei.go.gov.br\/' target='_blank'>SEI<\/a><\/li><li><a href='http:\/\/sisp.ssp.go.gov.br\/Login\/Index.do' target='_blank'>SICAD<\/a><\/li><li><a href='https:\/\/sisopm.pm.go.gov.br\/index.php?class=WelcomeView' target='_blank'>SISOPM<\/a><\/li><li><a href='https:\/\/goias.gov.br\/seguranca' target='_blank'>SSP-GO<\/a><\/li><li><a href='https:\/\/sei.go.gov.br\/sei\/modulos\/goias\/login-sei\/MdGoiasLoginSEI.php?acao=md_goias_login_SEI&sigla_orgao_sistema=GOVERNADORIA&sigla_sistema=SEI&infra_url=L3NlaS8=' target='_blank'>SEI GOVERNADORIA<\/a><\/li><li><a href='https:\/\/www.go.gov.br\/unidadesvaptvupt' target='_blank'>SIC - SERVI\u00c7O DE INFORMA\u00c7\u00c3O AO CIDAD\u00c3O<\/a><\/li><\/ul><\/div><div class='sitemap-group'><h3>T<\/h3><ul><li><a href='\/policiamilitar\/tco\/' target='_blank'>TCO<\/a><\/li><li><a href='https:\/\/sisopm.pm.go.gov.br\/index.php?class=ArticulacaoPMGO' target='_blank'>TELEFONES \u00daTEIS<\/a><\/li><li><a href='https:\/\/www.tjgo.jus.br\/' target='_blank'>TRIBUNAL DE JUSTI\u00c7A DO ESTADO DE GOI\u00c1S<\/a><\/li><\/ul><\/div><div class='sitemap-group'><h3>U<\/h3><ul><li><a href='https:\/\/unimilgoias.com.br\/' target='_blank'>UNIMIL<\/a><\/li><\/ul><\/div><div class='sitemap-group'><h3>Z<\/h3><ul><li><a href='https:\/\/correio.pm.go.gov.br\/' target='_blank'>ZIMBRA<\/a><\/li><\/ul><\/div><\/div>\n\n\n\n<p><\/p>\n","protected":false},"excerpt":{"rendered":"","protected":false},"author":2,"featured_media":0,"parent":0,"menu_order":0,"comment_status":"closed","ping_status":"closed","template":"elementor_header_footer","meta":{"footnotes":""},"class_list":["post-1001","page","type-page","status-publish","hentry"],"rttpg_featured_image_url":null,"rttpg_author":{"display_name":"rogerioduarte","author_link":"https:\/\/goias.gov.br\/policiamilitar\/author\/rogerioduarte\/"},"rttpg_comment":0,"rttpg_category":null,"rttpg_excerpt":null,"_links":{"self":[{"href":"https:\/\/goias.gov.br\/policiamilitar\/wp-json\/wp\/v2\/pages\/1001","targetHints":{"allow":["GET"]}}],"collection":[{"href":"https:\/\/goias.gov.br\/policiamilitar\/wp-json\/wp\/v2\/pages"}],"about":[{"href":"https:\/\/goias.gov.br\/policiamilitar\/wp-json\/wp\/v2\/types\/page"}],"author":[{"embeddable":true,"href":"https:\/\/goias.gov.br\/policiamilitar\/wp-json\/wp\/v2\/users\/2"}],"replies":[{"embeddable":true,"href":"https:\/\/goias.gov.br\/policiamilitar\/wp-json\/wp\/v2\/comments?post=1001"}],"version-history":[{"count":2,"href":"https:\/\/goias.gov.br\/policiamilitar\/wp-json\/wp\/v2\/pages\/1001\/revisions"}],"predecessor-version":[{"id":213564,"href":"https:\/\/goias.gov.br\/policiamilitar\/wp-json\/wp\/v2\/pages\/1001\/revisions\/213564"}],"wp:attachment":[{"href":"https:\/\/goias.gov.br\/policiamilitar\/wp-json\/wp\/v2\/media?parent=1001"}],"curies":[{"name":"wp","href":"https:\/\/api.w.org\/{rel}","templated":true}]}}