

{"id":84762,"date":"2020-11-12T13:49:30","date_gmt":"2020-11-12T16:49:30","guid":{"rendered":" https:\/\/goias.gov.br\/policiacivil\/?page_id=84762"},"modified":"2021-08-24T20:57:30","modified_gmt":"2021-08-24T23:57:30","slug":"contratos","status":"publish","type":"page","link":"https:\/\/goias.gov.br\/policiacivil\/acesso-a-informacao\/contratos\/","title":{"rendered":"Contratos"},"content":{"rendered":"<p class=\"Texto_Justificado_Recuo_Primeira_Linha\"><strong><a href=\" https:\/\/goias.gov.br\/policiacivil\/wp-content\/uploads\/sites\/71\/2021\/08\/declaracao-no-2-2021-sep-dmp-ggf-dgpc-15455.pdf\" target=\"_blank\" rel=\"noopener noreferrer\">DECLARA\u00c7\u00c3O N\u00ba 2 \/ 2021 SEP\/DMP\/GGF\/DGPC &#8211; 15455 (PDF)<\/a><\/strong><\/p>\n<p class=\"Texto_Justificado_Recuo_Primeira_Linha\">A Delegacia-Geral da Pol\u00edcia Civil declara, com base no Decreto n\u00ba 9.898\/2021, que\u00a0<strong>N\u00c3O CELEBRA<\/strong>\u00a0<strong>CONTRATOS<\/strong>. Que os contratos\u00a0destinado\u00a0\u00e0 Pol\u00edcia Civil\u00a0s\u00e3o realizados pela Secretaria de Estado da Seguran\u00e7a P\u00fablica.<\/p>\n<p class=\"Texto_Justificado_Recuo_Primeira_Linha\">Para acesso a estes processos, seguir os seguintes passos:<\/p>\n<p class=\"Texto_Justificado_Recuo_Primeira_Linha\">1) Clicar link a seguir: <strong><a href=\"http:\/\/www.transparencia.go.gov.br\/lai.php?painel=contratos_detalhamento&amp;orgao=ssp\" target=\"_blank\" rel=\"noopener noreferrer\">http:\/\/www.transparencia.go.gov.br\/lai.php?painel=contratos_detalhamento&amp;orgao=ssp<\/a><\/strong><br \/>\n2) Ao abrir a p\u00e1gina, utilize as teclas <strong>Ctrl + F<\/strong> e digite Policia Civil na caixa de busca.<\/p>\n","protected":false},"excerpt":{"rendered":"<p>DECLARA\u00c7\u00c3O N\u00ba 2 \/ 2021 SEP\/DMP\/GGF\/DGPC &#8211; 15455 (PDF) A Delegacia-Geral da Pol\u00edcia Civil declara, com base no Decreto n\u00ba 9.898\/2021, que\u00a0N\u00c3O CELEBRA\u00a0CONTRATOS. Que os contratos\u00a0destinado\u00a0\u00e0 Pol\u00edcia Civil\u00a0s\u00e3o realizados pela Secretaria de Estado da Seguran\u00e7a P\u00fablica. Para acesso a estes processos, seguir os seguintes passos: 1) Clicar link a seguir: http:\/\/www.transparencia.go.gov.br\/lai.php?painel=contratos_detalhamento&amp;orgao=ssp 2) Ao abrir a [&hellip;]<\/p>\n","protected":false},"author":4,"featured_media":0,"parent":37924,"menu_order":0,"comment_status":"closed","ping_status":"closed","template":"","meta":{"footnotes":""},"class_list":["post-84762","page","type-page","status-publish","hentry"],"rttpg_featured_image_url":null,"rttpg_author":{"display_name":"","author_link":"https:\/\/goias.gov.br\/policiacivil\/author\/"},"rttpg_comment":0,"rttpg_category":null,"rttpg_excerpt":"DECLARA\u00c7\u00c3O N\u00ba 2 \/ 2021 SEP\/DMP\/GGF\/DGPC &#8211; 15455 (PDF) A Delegacia-Geral da Pol\u00edcia Civil declara, com base no Decreto n\u00ba 9.898\/2021, que\u00a0N\u00c3O CELEBRA\u00a0CONTRATOS. Que os contratos\u00a0destinado\u00a0\u00e0 Pol\u00edcia Civil\u00a0s\u00e3o realizados pela Secretaria de Estado da Seguran\u00e7a P\u00fablica. Para acesso a estes processos, seguir os seguintes passos: 1) Clicar link a seguir: http:\/\/www.transparencia.go.gov.br\/lai.php?painel=contratos_detalhamento&amp;orgao=ssp 2) Ao abrir a&hellip;","_links":{"self":[{"href":"https:\/\/goias.gov.br\/policiacivil\/wp-json\/wp\/v2\/pages\/84762","targetHints":{"allow":["GET"]}}],"collection":[{"href":"https:\/\/goias.gov.br\/policiacivil\/wp-json\/wp\/v2\/pages"}],"about":[{"href":"https:\/\/goias.gov.br\/policiacivil\/wp-json\/wp\/v2\/types\/page"}],"author":[{"embeddable":true,"href":"https:\/\/goias.gov.br\/policiacivil\/wp-json\/wp\/v2\/users\/4"}],"replies":[{"embeddable":true,"href":"https:\/\/goias.gov.br\/policiacivil\/wp-json\/wp\/v2\/comments?post=84762"}],"version-history":[{"count":0,"href":"https:\/\/goias.gov.br\/policiacivil\/wp-json\/wp\/v2\/pages\/84762\/revisions"}],"up":[{"embeddable":true,"href":"https:\/\/goias.gov.br\/policiacivil\/wp-json\/wp\/v2\/pages\/37924"}],"wp:attachment":[{"href":"https:\/\/goias.gov.br\/policiacivil\/wp-json\/wp\/v2\/media?parent=84762"}],"curies":[{"name":"wp","href":"https:\/\/api.w.org\/{rel}","templated":true}]}}