

{"id":37924,"date":"2015-09-02T15:14:37","date_gmt":"2015-09-02T18:14:37","guid":{"rendered":"https:\/\/goias.gov.br\/policiacivil\/?page_id=37924"},"modified":"2026-04-01T15:04:56","modified_gmt":"2026-04-01T18:04:56","slug":"acesso-a-informacao","status":"publish","type":"page","link":"https:\/\/goias.gov.br\/policiacivil\/acesso-a-informacao\/","title":{"rendered":"Acesso \u00e0 Informa\u00e7\u00e3o"},"content":{"rendered":"<h2>Acesso \u00e0 Informa\u00e7\u00e3o<\/h2>\r\n<p><!--Atualizado em 26\/06\/2025 --><\/p>\r\n<div id=\"sessao\" align=\"center\"><img decoding=\"async\" src=\"\/wp-content\/uploads\/sites\/71\/2025\/12\/transparencia.png\" alt=\"Acesso \u00e0 Informa\u00e7\u00e3o\" width=\"220\" height=\"220\" \/> <img decoding=\"async\" src=\"\/wp-content\/uploads\/sites\/71\/2025\/12\/governanca.png\" alt=\"Acesso \u00e0 Informa\u00e7\u00e3o\" width=\"220\" height=\"220\" \/><\/div>\r\n<div id=\"acesso-informacao-page\">\r\n<div align=\"justify\">\u00a0<\/div>\r\n<\/div>\r\n<div align=\"justify\">Esta se\u00e7\u00e3o permite ao cidad\u00e3o acessar as informa\u00e7\u00f5es produzidas e\/ou custodiadas pela\u00a0<strong>Pol\u00edcia Civil do Estado de Goi\u00e1s<\/strong>, garantindo o direito constitucional de acesso \u00e1 informa\u00e7\u00e3o, regulamentado pela\u00a0<strong><a href=\"http:\/\/www.planalto.gov.br\/ccivil_03\/_Ato2011-2014\/2011\/Lei\/L12527.htm\" target=\"_blank\" rel=\"noopener noreferrer\">Lei Federal n\u00ba 12.527\/2011<\/a><\/strong>, e, em \u00e2mbito estadual, pela\u00a0<strong><a href=\"http:\/\/www.gabinetecivil.goias.gov.br\/leis_ordinarias\/2013\/lei_18025.htm\" target=\"_blank\" rel=\"noopener noreferrer\">Lei n\u00ba 18.025\/2013<\/a><\/strong>\u00a0e pelo\u00a0decreto\u00a0n\u00ba\u00a0<strong><a href=\"https:\/\/legisla.casacivil.go.gov.br\/api\/v2\/pesquisa\/legislacoes\/107670.pdf\" target=\"_blank\" rel=\"noopener noreferrer\">10.306\/2023.<\/a><\/strong><\/div>\r\n<div align=\"justify\">\u00a0<\/div>\r\n<div id=\"acesso-informacao-page\">\r\n<div class=\"acesso-informacao-row box-3x\">\r\n<div class=\"acesso-informacao-box cor01\">\r\n<div class=\"acesso-informacao-inner\">\r\n<h3 class=\"acesso-informacao-title\"><span style=\"font-size: medium;\"><span style=\"color: #031d1f;\">Informa\u00e7\u00f5es Institucionais<\/span><\/span><\/h3>\r\n<ul class=\"acesso-informacao-list\">\r\n<li><a href=\"https:\/\/goias.gov.br\/administracao\/civil-1\/\" target=\"_blank\" rel=\"noopener noreferrer\">Estrutura Organizacional<\/a><\/li>\r\n<li><a href=\"https:\/\/goias.gov.br\/policiacivil\/institucional\/\" rel=\"noopener\">Compet\u00eancias<\/a><\/li>\r\n<li><a href=\"https:\/\/goias.gov.br\/policiacivil\/cargos-e-seus-ocupantes\" rel=\"noopener\">Cargos e seus ocupantes<\/a><\/li>\r\n<li><a href=\"https:\/\/goias.gov.br\/policiacivil\/agenda-de-autoridades\/\" rel=\"noopener noreferrer\">Agenda de Autoridades<\/a><\/li>\r\n<li><a href=\"https:\/\/goias.gov.br\/policiacivil\/telefones-enderecos-e-horarios-de-atendimento\" rel=\"noopener\">Endere\u00e7os, Telefones, E-mails e Hor\u00e1rios de Atendimento<\/a><\/li>\r\n<li><a href=\"https:\/\/www.go.gov.br\/servicos\/servicos-por-orgao\/delegacia-geral-da-policia-civil-do-estado-de-goias\" target=\"_blank\" rel=\"noopener noreferrer\">Carta de servi\u00e7os<\/a><\/li>\r\n<li><a href=\"https:\/\/legisla.casacivil.go.gov.br\/pesquisa_ato_infralegal?orgao_emissor=68&amp;ano&amp;pagina=1&amp;busca_avancada=1\" target=\"_blank\" rel=\"noopener noreferrer\">Legisla\u00e7\u00e3o aplic\u00e1vel<\/a><\/li>\r\n<li><a href=\"https:\/\/goias.gov.br\/policiacivil\/conselho-superior-da-policia-civil\">Conselhos<\/a><\/li>\r\n<li><a href=\"https:\/\/goias.gov.br\/policiacivil\/acesso-a-informacao\/programa-de-compliance-publico-pcp\/\">Programa de Compliance P\u00fablico \u2013 PCP<\/a><\/li>\r\n<li><a href=\"https:\/\/goias.gov.br\/policiacivil\/delegacia-de-policia-24hs\" rel=\"noopener\">Delegacias de Pol\u00edcia 24 horas<\/a><\/li>\r\n<li><a href=\"https:\/\/goias.gov.br\/policiacivil\/estrutura-organizacional\" rel=\"noopener noreferrer\">Estrutura Complementar<\/a><\/li>\r\n<\/ul>\r\n<\/div>\r\n<\/div>\r\n<div class=\"acesso-informacao-box cor03\">\r\n<div class=\"acesso-informacao-inner\">\r\n<h3 class=\"acesso-informacao-title\"><span style=\"font-size: medium;\"><span style=\"color: #031d1f;\"> Perguntas e Respostas Frequentes da Sociedade <\/span><\/span><\/h3>\r\n<ul class=\"acesso-informacao-list\">\r\n<li><a href=\"https:\/\/goias.gov.br\/policiacivil\/pergunta-e-respostas-frequentes-da-sociedade\/\" rel=\"noopener\">Perguntas e respostas frequentes<\/a><\/li>\r\n<\/ul>\r\n<\/div>\r\n<\/div>\r\n<div class=\"acesso-informacao-box cor05\">\r\n<div class=\"acesso-informacao-inner\">\r\n<h3 class=\"acesso-informacao-title\"><span style=\"font-size: medium;\"><span style=\"color: #031d1f;\">Receita\u00a0<\/span><\/span><\/h3>\r\n<ul class=\"acesso-informacao-list\">\r\n<li><a title=\"POL\u00cdCIA CIVIL\" href=\"https:\/\/www.transparencia.go.gov.br\/wp-content\/uploads\/sites\/2\/painel\/lai.php?painel=receitas_estaduais&amp;orgao=dgpc\" target=\"_blank\" rel=\"noopener noreferrer\">Receita Estadual da PC<\/a>\u00a0\u2013\u00a0<a href=\"https:\/\/www.transparencia.go.gov.br\/wp-content\/uploads\/sites\/2\/painel\/lai.php?painel=receitas_estaduais&amp;orgao=dgpc_fesacoc\" target=\"_blank\" rel=\"noopener noreferrer\">FESACOC<\/a><\/li>\r\n<li><a href=\"https:\/\/goias.gov.br\/policiacivil\/acesso-a-informacao\/doacoes\/\">Doa\u00e7\u00f5es<\/a><\/li>\r\n<\/ul>\r\n<\/div>\r\n<\/div>\r\n<div class=\"acesso-informacao-box cor06\">\r\n<div class=\"acesso-informacao-inner\">\r\n<h3 class=\"acesso-informacao-title\"><span style=\"font-size: medium;\"><span style=\"color: #031d1f;\">Despesa\u00a0<\/span><\/span><\/h3>\r\n<ul class=\"acesso-informacao-list\">\r\n<li><a title=\"POL\u00cdCIA CIVIL\" href=\"http:\/\/www.transparencia.go.gov.br\/lai.php?painel=empenhos&amp;orgao=dgpc\" target=\"_blank\" rel=\"noopener noreferrer\">Empenhos e Pagamentos da PC<\/a>\u00a0\u2013\u00a0<a href=\"http:\/\/www.transparencia.go.gov.br\/lai.php?painel=empenhos&amp;orgao=dgpc_fesacoc\" target=\"_blank\" rel=\"noopener noreferrer\">FESACOC<\/a><\/li>\r\n<li><a href=\"https:\/\/www.transparencia.go.gov.br\/wp-content\/uploads\/sites\/2\/painel\/lai.php?painel=gastos_governamentais&amp;orgao=dgpc\" target=\"_blank\" rel=\"noopener noreferrer\">Gastos Governamentais da PC<\/a>\u00a0\u2013\u00a0<a href=\"https:\/\/www.transparencia.go.gov.br\/wp-content\/uploads\/sites\/2\/painel\/lai.php?painel=gastos_governamentais&amp;orgao=dgpc_fesacoc\" target=\"_blank\" rel=\"noopener noreferrer\">FESACOC<\/a><\/li>\r\n<li><a href=\"https:\/\/www.transparencia.go.gov.br\/wp-content\/uploads\/sites\/2\/painel\/lai.php?painel=execucao_orcamentaria_visao_geral&amp;orgao=dgpc\" target=\"_blank\" rel=\"noopener noreferrer\">Execu\u00e7\u00e3o Or\u00e7ament\u00e1ria da PC<\/a>\u00a0\u2013\u00a0<a href=\"https:\/\/www.transparencia.go.gov.br\/wp-content\/uploads\/sites\/2\/painel\/lai.php?painel=execucao_orcamentaria_visao_geral&amp;orgao=dgpc_fesacoc\" target=\"_blank\" rel=\"noopener noreferrer\">FESACOC<\/a><\/li>\r\n<li><a title=\"POL\u00cdCIA CIVIL\" href=\"http:\/\/www.transparencia.go.gov.br\/lai.php?painel=publicidade_propaganda&amp;orgao=dgpc\" target=\"_blank\" rel=\"noopener noreferrer\">Gastos com publicidade e propaganda PC<\/a>\u00a0\u2013\u00a0<a href=\"http:\/\/www.transparencia.go.gov.br\/lai.php?painel=publicidade_propaganda&amp;orgao=dgpc_fesacoc\" target=\"_blank\" rel=\"noopener noreferrer\">FESACOC<\/a><\/li>\r\n<li><a title=\"POL\u00cdCIA CIVIL\" href=\"http:\/\/www.transparencia.go.gov.br\/lai.php?painel=ordem_cronologica_despesas&amp;orgao=dgpc\" target=\"_blank\" rel=\"noopener noreferrer\">Ordem cronol\u00f3gica de pagamentos da PC<\/a>\u00a0\u2013\u00a0<a href=\"https:\/\/www.transparencia.go.gov.br\/wp-content\/uploads\/sites\/2\/painel\/lai.php?painel=ordem_cronologica_despesas&amp;orgao=dgpc_fesacoc\" target=\"_blank\" rel=\"noopener noreferrer\">FESACOC<\/a><\/li>\r\n<li><a href=\"https:\/\/transparencia.go.gov.br\/emendas-parlamentares-de-goias\/\" target=\"_blank\" rel=\"noopener noreferrer\">Emendas Parlamentares Estaduais<\/a><\/li>\r\n<li><a href=\"https:\/\/app.powerbi.com\/view?r=eyJrIjoiNWU4NmVlMjktZGVjMi00Mjc2LThiZDAtOTQ1ZDliM2Y4Y2QxIiwidCI6IjY3ZmQ0MzFjLWIyYWQtNDg2Ny04MWJjLWQ3NTYyMjBiNTZkNCJ9\" target=\"_blank\" rel=\"noopener noreferrer\">Emendar Parlamentares Federais<\/a><\/li>\r\n<li>\u00a0<\/li>\r\n<\/ul>\r\n<\/div>\r\n<\/div>\r\n<div class=\"acesso-informacao-box cor09\">\r\n<div class=\"acesso-informacao-inner\">\r\n<h3 class=\"acesso-informacao-title\"><span style=\"font-size: medium;\"><span style=\"color: #031d1f;\">Conv\u00eanios e Transfer\u00eancias<\/span><\/span><\/h3>\r\n<ul class=\"acesso-informacao-list\">\r\n<li><a href=\"https:\/\/goias.gov.br\/policiacivil\/acesso-a-informacao\/convenios-recebidos\/\">Conv\u00eanios Recebidos<\/a><\/li>\r\n<li><a href=\"https:\/\/goias.gov.br\/policiacivil\/acesso-a-informacao\/convenios-concedidos-doc\/\">Conv\u00eanios Concedidos<\/a><\/li>\r\n<li><a href=\"https:\/\/goias.gov.br\/policiacivil\/acesso-a-informacao\/termos-de-colaboracao-termos-de-fomento-acordos-de-cooperacao\">Acordos Sem Transfer\u00eancia de Recursos<\/a><\/li>\r\n<\/ul>\r\n<\/div>\r\n<\/div>\r\n<div class=\"acesso-informacao-box cor10\">\r\n<div class=\"acesso-informacao-inner\">\r\n<h3 class=\"acesso-informacao-title\"><span style=\"font-size: medium;\"><span style=\"color: #031d1f;\">Pessoal\/Di\u00e1rias\u00a0<\/span><\/span><\/h3>\r\n<ul class=\"acesso-informacao-list\">\r\n<li><a href=\"https:\/\/www.transparencia.go.gov.br\/wp-content\/uploads\/sites\/2\/painel\/lai.php?painel=folha_de_pagamento_salarios_de_servidores_ativos&amp;orgao=dgpc\" target=\"_blank\" rel=\"noopener noreferrer\">Folha de Pagamento<\/a><\/li>\r\n<li><a href=\"https:\/\/www.transparencia.go.gov.br\/wp-content\/uploads\/sites\/2\/painel\/lai.php?painel=folha_de_pagamento_salarios_de_estagiarios_ativos&amp;orgao=dgpc\" target=\"_blank\" rel=\"noopener noreferrer\">Lista de Estagi\u00e1rios<\/a><\/li>\r\n<li><a href=\"https:\/\/goias.gov.br\/policiacivil\/acesso-a-informacao\/relacao-de-terceirizados-da-policia-civil\/\">Rela\u00e7\u00e3o de Terceirizados<\/a><\/li>\r\n<li><a href=\"https:\/\/www.transparencia.go.gov.br\/wp-content\/uploads\/sites\/2\/painel\/lai.php?painel=diarias&amp;orgao=dgpc\" target=\"_blank\" rel=\"noopener noreferrer\">Di\u00e1rias<\/a><\/li>\r\n<li><a href=\"http:\/\/www.transparencia.go.gov.br\/lai.php?painel=folha_de_pagamento_salarios_de_servidores_inativos&amp;orgao=dgpc\" target=\"_blank\" rel=\"noopener noreferrer\">Pensionistas \/ Aposentados (Inativos)<\/a><\/li>\r\n<li><a href=\"http:\/\/www.transparencia.go.gov.br\/lai.php?painel=folha_de_pagamento_cargos_por_orgaos&amp;orgao=dgpc\" target=\"_blank\" rel=\"noopener noreferrer\">Quantitativo de Cargos<\/a><\/li>\r\n<\/ul>\r\n<\/div>\r\n<\/div>\r\n<div class=\"acesso-informacao-box cor08\">\r\n<div class=\"acesso-informacao-inner\">\r\n<h3 class=\"acesso-informacao-title\"><span style=\"font-size: medium;\"><span style=\"color: #031d1f;\">Licita\u00e7\u00f5es<\/span><\/span><\/h3>\r\n<ul class=\"acesso-informacao-list\">\r\n<li><a href=\"https:\/\/goias.gov.br\/policiacivil\/acesso-a-informacao\/licitacoes\/\">Licita\u00e7\u00f5es \u2013 ComprasNet<\/a><\/li>\r\n<li><a href=\"https:\/\/www.transparencia.go.gov.br\/wp-content\/uploads\/sites\/2\/painel\/lai.php?painel=licitacoes_concluidas_sislog&amp;orgao=dgpc\" target=\"_blank\" rel=\"noopener noreferrer\">Licita\u00e7\u00f5es \u2013 SISLOG<\/a><\/li>\r\n<li><a href=\"https:\/\/sislog.go.gov.br\/Pca\" target=\"_blank\" rel=\"noopener noreferrer\">PCA \u2013 Plano de Contrata\u00e7\u00f5es Anual<\/a><\/li>\r\n<li><a href=\"https:\/\/transparencia.go.gov.br\/fornecedores-impedidos\/\" target=\"_blank\" rel=\"noopener noreferrer\">Licitantes Sancionados Administrativamente<\/a><\/li>\r\n<li><a href=\"http:\/\/www.comprasnet.go.gov.br\/\" target=\"_blank\" rel=\"noopener noreferrer\">ComprasNet<\/a><\/li>\r\n<li><a href=\"https:\/\/sislog.go.gov.br\/\" target=\"_blank\" rel=\"noopener noreferrer\">SISLOG<\/a><\/li>\r\n<li><a href=\"https:\/\/www.gov.br\/pncp\/pt-br\/acesso-a-informacao\/painel-pncp-em-numeros\/pncp-em-numeros-contratacoes\/pncp-em-numeros-municipio\" target=\"_blank\" rel=\"noopener noreferrer\">PNCP<\/a><\/li>\r\n<\/ul>\r\n<\/div>\r\n<\/div>\r\n<div class=\"acesso-informacao-box cor07\">\r\n<div class=\"acesso-informacao-inner\">\r\n<h3 class=\"acesso-informacao-title\"><span style=\"font-size: medium;\"><span style=\"color: #031d1f;\">Contratos e Obras<\/span><\/span><\/h3>\r\n<ul class=\"acesso-informacao-list\">\r\n<li><a href=\"https:\/\/www.transparencia.go.gov.br\/wp-content\/uploads\/sites\/2\/painel\/lai.php?painel=contratos_detalhamento&amp;orgao=dgpc\" target=\"_blank\" rel=\"noopener noreferrer\">Contratos<\/a><\/li>\r\n<li><a href=\"https:\/\/goias.gov.br\/policiacivil\/acesso-a-informacao\/contratos-emergenciais\/\">Contratos Emergenciais<\/a><\/li>\r\n<li><a href=\"https:\/\/www.transparencia.go.gov.br\/wp-content\/uploads\/sites\/2\/painel\/lai.php?painel=contratos_fiscais_e_gestores&amp;orgao=dgpc\" target=\"_blank\" rel=\"noopener noreferrer\">Rela\u00e7\u00e3o dos Fiscais dos Contratos<\/a><\/li>\r\n<li><a href=\"https:\/\/goias.gov.br\/policiacivil\/contratos-de-locacao-de-imoveis\/\">Contratos de Loca\u00e7\u00e3o de Im\u00f3veis<\/a><\/li>\r\n<li><a href=\"https:\/\/goias.gov.br\/policiacivil\/acesso-a-informacao\/parcerias-com-oscs\/\">Parcerias com OSCs<\/a><\/li>\r\n<li><a href=\"https:\/\/app.powerbi.com\/view?r=eyJrIjoiNjk3NzM4MjctZTU3Yi00ZmQ5LTljMDctMzA3YTVjMThlNDg4IiwidCI6IjY3ZmQ0MzFjLWIyYWQtNDg2Ny04MWJjLWQ3NTYyMjBiNTZkNCJ9&amp;pageName=ReportSectiond755217298c2706b71dc\" target=\"_blank\" rel=\"noopener noreferrer\">Obras<\/a><\/li>\r\n<li><a href=\"https:\/\/app.powerbi.com\/view?r=eyJrIjoiNjk3NzM4MjctZTU3Yi00ZmQ5LTljMDctMzA3YTVjMThlNDg4IiwidCI6IjY3ZmQ0MzFjLWIyYWQtNDg2Ny04MWJjLWQ3NTYyMjBiNTZkNCJ9&amp;pageName=ReportSection8f435ccde7de8820eb54\" target=\"_blank\" rel=\"noopener noreferrer\">Obras Paralisadas<\/a><\/li>\r\n<li><a href=\"https:\/\/goias.gov.br\/policiacivil\/acesso-a-informacao\/obras-audiencias-consultas-publicas\/\">Obras \u2013 Audi\u00eancias\/Consultas P\u00fablicas<\/a><\/li>\r\n<\/ul>\r\n<\/div>\r\n<\/div>\r\n<div class=\"acesso-informacao-box cor04\">\r\n<div class=\"acesso-informacao-inner\">\r\n<h3 class=\"acesso-informacao-title\"><span style=\"font-size: medium;\"><span style=\"color: #031d1f;\">Patrim\u00f4nio P\u00fablico<\/span><\/span><\/h3>\r\n<ul class=\"acesso-informacao-list\">\r\n<li><a href=\"https:\/\/goias.gov.br\/policiacivil\/wp-content\/uploads\/sites\/71\/2025\/06\/Bens-Moveis.pdf\" target=\"_blank\" rel=\"noopener\">Bens M\u00f3veis<\/a><\/li>\r\n<li><a href=\"https:\/\/www.transparencia.go.gov.br\/wp-content\/uploads\/sites\/2\/painel\/lai.php?painel=bens_imoveis&amp;orgao=dgpc\" target=\"_blank\" rel=\"noopener noreferrer\">Bens Im\u00f3veis<\/a><\/li>\r\n<li><a href=\"https:\/\/goias.gov.br\/policiacivil\/acesso-a-informacao\/relacao-de-veiculos\/\">Rela\u00e7\u00e3o de Ve\u00edculos<\/a><\/li>\r\n<\/ul>\r\n<\/div>\r\n<\/div>\r\n<div class=\"acesso-informacao-box cor11\">\r\n<div class=\"acesso-informacao-inner\">\r\n<h3 class=\"acesso-informacao-title\"><span style=\"font-size: medium;\"><span style=\"color: #031d1f;\">Planejamento e Presta\u00e7\u00e3o de Contas<\/span><\/span><\/h3>\r\n<ul class=\"acesso-informacao-list\">\r\n<li><a href=\"https:\/\/goias.gov.br\/economia\/prestacao-de-contas-de-governo\/\" target=\"_blank\" rel=\"noopener noreferrer\">Balan\u00e7o Geral do Estado<\/a><\/li>\r\n<li><a href=\"https:\/\/goias.gov.br\/policiacivil\/acesso-a-informacao\/relatorio-de-gestao-ou-atividades\/\">Relat\u00f3rio de Gest\u00e3o ou Atividades<\/a><\/li>\r\n<li><a href=\"https:\/\/goias.gov.br\/policiacivil\/acesso-a-informacao\/julgamento-das-contas-pelo-tce\/\">Julgamento das Contas pelo TCE-GO<\/a><\/li>\r\n<li><a href=\"https:\/\/transparencia.go.gov.br\/gestao-fiscal-e-governamental-rgf\/\" target=\"_blank\" rel=\"noopener noreferrer\">RGF<\/a><\/li>\r\n<li><a href=\"https:\/\/transparencia.go.gov.br\/rreo\/\" target=\"_blank\" rel=\"noopener noreferrer\">RREO<\/a><\/li>\r\n<li><a href=\"https:\/\/goias.gov.br\/policiacivil\/planejamento-estrategico\/\">Plano Estrat\u00e9gico Institucional<\/a><\/li>\r\n<li><a href=\"https:\/\/goias.gov.br\/policiacivil\/relatorio-do-plano-de-acao\/\">Monitoramento de Programas, Projetos, A\u00e7\u00f5es e Atividades<\/a><\/li>\r\n<li><a href=\"https:\/\/ppa.go.gov.br\/\" target=\"_blank\" rel=\"noopener noreferrer\">PPA<\/a><\/li>\r\n<li><a href=\"https:\/\/transparencia.go.gov.br\/orcamento-e-planejamento-pecas\/\" target=\"_blank\" rel=\"noopener noreferrer\">LDO\/LOA<\/a><\/li>\r\n<li><a href=\"https:\/\/www.planalto.gov.br\/ccivil_03\/leis\/lcp\/lcp101.htm\" target=\"_blank\" rel=\"noopener noreferrer\">Lei de Responsabilidade Fiscal \u2013 LRF<\/a><\/li>\r\n<\/ul>\r\n<\/div>\r\n<\/div>\r\n<div class=\"acesso-informacao-box cor02\">\r\n<div class=\"acesso-informacao-inner\">\r\n<h3 class=\"acesso-informacao-title\"><span style=\"font-size: medium;\"><span style=\"color: #031d1f;\">Servi\u00e7os de Informa\u00e7\u00e3o ao Cidad\u00e3o (SIC) e Ouvidoria<\/span><\/span><\/h3>\r\n<ul class=\"acesso-informacao-list\">\r\n<li><a href=\"https:\/\/vaptvupt.go.gov.br\/unidades\" target=\"_blank\" rel=\"noopener noreferrer\">SIC F\u00edsico \u2013 Unidades do Vapt Vupt<\/a><\/li>\r\n<li><a href=\"https:\/\/goias.gov.br\/policiacivil\/acesso-a-informacao\/atendimento-presencial-ouvidoria\/\">Ouvidoria \u2013 Atendimento Presencial<\/a><\/li>\r\n<li><a href=\"https:\/\/www.go.gov.br\/servicos-digitais\/cge\/nova-ouvidoria\/nova-manifestacao?orgao=52\" target=\"_blank\" rel=\"noopener noreferrer\">e-SIC Eletr\u00f4nico<\/a><\/li>\r\n<li><a href=\"https:\/\/legisla.casacivil.go.gov.br\/pesquisa_legislacao\/90142\/lei-18025\" target=\"_blank\" rel=\"noopener noreferrer\">Lei de Acesso \u00e0 Informa\u00e7\u00e3o Estadual<\/a><\/li>\r\n<li><a href=\"https:\/\/www.ouvidoriageral.go.gov.br\/api\/relatorio_gestao.php?tipo=7&amp;orgao=52\" target=\"_blank\" rel=\"noopener noreferrer\">Relat\u00f3rio de pedidos de acesso \u00e0 Informa\u00e7\u00e3o<\/a><\/li>\r\n<li><a href=\"https:\/\/goias.gov.br\/policiacivil\/acesso-a-informacao\/classificacao-das-informacoes-sigilosas\/\" rel=\"noopener\">Classifica\u00e7\u00e3o das Informa\u00e7\u00f5es Sigilosas<\/a><\/li>\r\n<li><a href=\"https:\/\/goias.gov.br\/policiacivil\/autoridade-de-monitoramento-de-aplicacao-da-lei\/\" target=\"_blank\" rel=\"noopener\">Autoridade de monitoramento de aplica\u00e7\u00e3o da LEI<\/a><\/li>\r\n<li><a href=\"https:\/\/goias.gov.br\/policiacivil\/lgpd\/\">Encarregado Pelo Tratamento dos Dados Pessoais<\/a><\/li>\r\n<li><a href=\"https:\/\/www.planalto.gov.br\/ccivil_03\/_ato2015-2018\/2018\/lei\/l13709.htm\" target=\"_blank\" rel=\"noopener noreferrer\">Pol\u00edtica de Privacidade e Prote\u00e7\u00e3o de Dados<\/a><\/li>\r\n<li><a href=\"https:\/\/www.go.gov.br\/\" target=\"_blank\" rel=\"noopener noreferrer\">Expresso Goi\u00e1s<\/a><\/li>\r\n<li><a href=\"https:\/\/app.powerbi.com\/view?r=eyJrIjoiNmRhN2MzZmYtMWZkMi00ODdmLWJhNGQtYTJkODcwNDJlMTU4IiwidCI6IjY3ZmQ0MzFjLWIyYWQtNDg2Ny04MWJjLWQ3NTYyMjBiNTZkNCJ9\" target=\"_blank\" rel=\"noopener noreferrer\">Pesquisas de Satisfa\u00e7\u00e3o<\/a><\/li>\r\n<li><a href=\"https:\/\/goias.gov.br\/policiacivil\/wp-content\/uploads\/sites\/71\/2026\/04\/Relatorio_de_Gestao_Anual__2025.pdf\" target=\"_blank\" rel=\"noopener noreferrer\">Relat\u00f3rio de Gest\u00e3o de Ouvidoria<\/a><\/li>\r\n<\/ul>\r\n<\/div>\r\n<\/div>\r\n<div class=\"acesso-informacao-box cor12\">\r\n<div class=\"acesso-informacao-inner\">\r\n<h3 class=\"acesso-informacao-title\"><span style=\"font-size: medium;\"><span style=\"font-size: medium;\"><span style=\"font-size: medium;\"><span style=\"font-size: medium;\"><span style=\"color: #031d1f;\"> Governo Aberto <\/span><\/span><\/span><\/span><\/span><\/h3>\r\n<ul class=\"acesso-informacao-list\">\r\n<li><a href=\"http:\/\/www.transparencia.go.gov.br\/\" target=\"_blank\" rel=\"noopener noreferrer\">Portal Goi\u00e1s Transparente<\/a><\/li>\r\n<li><a href=\"https:\/\/dadosabertos.go.gov.br\/organization\/delegacia-geral-de-policia-civil\" target=\"_blank\" rel=\"noopener noreferrer\">Dados Abertos Goi\u00e1s<\/a><\/li>\r\n<li><a href=\"https:\/\/goias.gov.br\/policiacivil\/acesso-a-informacao\/projetos-de-participacao-social\/\">Projetos de Participa\u00e7\u00e3o Social<\/a><\/li>\r\n<li><a href=\"https:\/\/goias.gov.br\/policiacivil\/acesso-a-informacao\/projetos-de-inovacao-no-servico-publico\/\">Projetos de Inova\u00e7\u00e3o no Servi\u00e7o P\u00fablico<\/a><\/li>\r\n<li><a href=\"https:\/\/goias.gov.br\/policiacivil\/acesso-a-informacao\/audencias-publicas\/\">Aud\u00eancias P\u00fablicas<\/a><\/li>\r\n<li><a href=\"https:\/\/goias.gov.br\/policiacivil\/acesso-a-informacao\/consultas-publicas\/\">Consultas P\u00fablicas<\/a><\/li>\r\n<li><a href=\"https:\/\/www.transparencia.go.gov.br\/wp-content\/uploads\/sites\/2\/painel\/lai.php?painel=pda&amp;orgao=dgpc\" target=\"_blank\" rel=\"noopener noreferrer\">Invent\u00e1rio de Dados<\/a><\/li>\r\n<\/ul>\r\n<\/div>\r\n<\/div>\r\n<\/div>\r\n<\/div>\r\n\r\n<p>&nbsp;<\/p>\r\n","protected":false},"excerpt":{"rendered":"<p>Acesso \u00e0 Informa\u00e7\u00e3o \u00a0 Esta se\u00e7\u00e3o permite ao cidad\u00e3o acessar as informa\u00e7\u00f5es produzidas e\/ou custodiadas pela\u00a0Pol\u00edcia Civil do Estado de Goi\u00e1s, garantindo o direito constitucional de acesso \u00e1 informa\u00e7\u00e3o, regulamentado pela\u00a0Lei Federal n\u00ba 12.527\/2011, e, em \u00e2mbito estadual, pela\u00a0Lei n\u00ba 18.025\/2013\u00a0e pelo\u00a0decreto\u00a0n\u00ba\u00a010.306\/2023. \u00a0 Informa\u00e7\u00f5es Institucionais Estrutura Organizacional Compet\u00eancias Cargos e seus ocupantes Agenda de Autoridades [&hellip;]<\/p>\n","protected":false},"author":898,"featured_media":0,"parent":0,"menu_order":0,"comment_status":"closed","ping_status":"closed","template":"elementor_header_footer","meta":{"footnotes":""},"class_list":["post-37924","page","type-page","status-publish","hentry"],"rttpg_featured_image_url":null,"rttpg_author":{"display_name":"carlanovaes","author_link":"https:\/\/goias.gov.br\/policiacivil\/author\/carlanovaes\/"},"rttpg_comment":0,"rttpg_category":null,"rttpg_excerpt":"Acesso \u00e0 Informa\u00e7\u00e3o \u00a0 Esta se\u00e7\u00e3o permite ao cidad\u00e3o acessar as informa\u00e7\u00f5es produzidas e\/ou custodiadas pela\u00a0Pol\u00edcia Civil do Estado de Goi\u00e1s, garantindo o direito constitucional de acesso \u00e1 informa\u00e7\u00e3o, regulamentado pela\u00a0Lei Federal n\u00ba 12.527\/2011, e, em \u00e2mbito estadual, pela\u00a0Lei n\u00ba 18.025\/2013\u00a0e pelo\u00a0decreto\u00a0n\u00ba\u00a010.306\/2023. \u00a0 Informa\u00e7\u00f5es Institucionais Estrutura Organizacional Compet\u00eancias Cargos e seus ocupantes Agenda de Autoridades&hellip;","_links":{"self":[{"href":"https:\/\/goias.gov.br\/policiacivil\/wp-json\/wp\/v2\/pages\/37924","targetHints":{"allow":["GET"]}}],"collection":[{"href":"https:\/\/goias.gov.br\/policiacivil\/wp-json\/wp\/v2\/pages"}],"about":[{"href":"https:\/\/goias.gov.br\/policiacivil\/wp-json\/wp\/v2\/types\/page"}],"author":[{"embeddable":true,"href":"https:\/\/goias.gov.br\/policiacivil\/wp-json\/wp\/v2\/users\/898"}],"replies":[{"embeddable":true,"href":"https:\/\/goias.gov.br\/policiacivil\/wp-json\/wp\/v2\/comments?post=37924"}],"version-history":[{"count":3,"href":"https:\/\/goias.gov.br\/policiacivil\/wp-json\/wp\/v2\/pages\/37924\/revisions"}],"predecessor-version":[{"id":184886,"href":"https:\/\/goias.gov.br\/policiacivil\/wp-json\/wp\/v2\/pages\/37924\/revisions\/184886"}],"wp:attachment":[{"href":"https:\/\/goias.gov.br\/policiacivil\/wp-json\/wp\/v2\/media?parent=37924"}],"curies":[{"name":"wp","href":"https:\/\/api.w.org\/{rel}","templated":true}]}}