

{"id":153638,"date":"2025-11-25T08:29:38","date_gmt":"2025-11-25T11:29:38","guid":{"rendered":"https:\/\/goias.gov.br\/policiacivil\/?page_id=153638"},"modified":"2026-03-31T08:34:57","modified_gmt":"2026-03-31T11:34:57","slug":"homepage","status":"publish","type":"page","link":"https:\/\/goias.gov.br\/policiacivil\/","title":{"rendered":"Homepage"},"content":{"rendered":"\t\t<div data-elementor-type=\"wp-page\" data-elementor-id=\"153638\" class=\"elementor elementor-153638\">\n\t\t\t\t<div class=\"elementor-element elementor-element-e060df5 e-flex e-con-boxed e-con e-parent\" data-id=\"e060df5\" data-element_type=\"container\" data-e-type=\"container\">\n\t\t\t\t\t<div class=\"e-con-inner\">\n\t\t\t\t<div class=\"elementor-element elementor-element-1f05256 elementor-widget elementor-widget-image\" data-id=\"1f05256\" data-element_type=\"widget\" data-e-type=\"widget\" data-widget_type=\"image.default\">\n\t\t\t\t\t\t\t\t\t\t\t\t\t\t\t\t<a href=\"https:\/\/goias.gov.br\/seguranca\/mulher-segura\" target=\"_blank\">\n\t\t\t\t\t\t\t<img fetchpriority=\"high\" decoding=\"async\" width=\"1280\" height=\"250\" src=\"https:\/\/goias.gov.br\/policiacivil\/wp-content\/uploads\/sites\/71\/2025\/12\/bn-1280x250-mulher-segura.png\" class=\"attachment-full size-full wp-image-153946\" alt=\"\" srcset=\"https:\/\/goias.gov.br\/policiacivil\/wp-content\/uploads\/sites\/71\/2025\/12\/bn-1280x250-mulher-segura.png 1280w, https:\/\/goias.gov.br\/policiacivil\/wp-content\/uploads\/sites\/71\/2025\/12\/bn-1280x250-mulher-segura-300x59.png 300w, https:\/\/goias.gov.br\/policiacivil\/wp-content\/uploads\/sites\/71\/2025\/12\/bn-1280x250-mulher-segura-1024x200.png 1024w, https:\/\/goias.gov.br\/policiacivil\/wp-content\/uploads\/sites\/71\/2025\/12\/bn-1280x250-mulher-segura-768x150.png 768w\" sizes=\"(max-width: 1280px) 100vw, 1280px\" \/>\t\t\t\t\t\t\t\t<\/a>\n\t\t\t\t\t\t\t\t\t\t\t\t\t\t\t<\/div>\n\t\t\t\t<div class=\"elementor-element elementor-element-9ef9c92 elementor-widget elementor-widget-image\" data-id=\"9ef9c92\" data-element_type=\"widget\" data-e-type=\"widget\" data-widget_type=\"image.default\">\n\t\t\t\t\t\t\t\t\t\t\t\t\t\t\t\t<a href=\"https:\/\/raivirtual.ssp.go.gov.br\/#\/\" target=\"_blank\">\n\t\t\t\t\t\t\t<img decoding=\"async\" width=\"1068\" height=\"209\" src=\"https:\/\/goias.gov.br\/policiacivil\/wp-content\/uploads\/sites\/71\/2025\/12\/delegacia-virtual-2.png\" class=\"attachment-full size-full wp-image-153945\" alt=\"\" srcset=\"https:\/\/goias.gov.br\/policiacivil\/wp-content\/uploads\/sites\/71\/2025\/12\/delegacia-virtual-2.png 1068w, https:\/\/goias.gov.br\/policiacivil\/wp-content\/uploads\/sites\/71\/2025\/12\/delegacia-virtual-2-300x59.png 300w, https:\/\/goias.gov.br\/policiacivil\/wp-content\/uploads\/sites\/71\/2025\/12\/delegacia-virtual-2-1024x200.png 1024w, https:\/\/goias.gov.br\/policiacivil\/wp-content\/uploads\/sites\/71\/2025\/12\/delegacia-virtual-2-768x150.png 768w\" sizes=\"(max-width: 1068px) 100vw, 1068px\" \/>\t\t\t\t\t\t\t\t<\/a>\n\t\t\t\t\t\t\t\t\t\t\t\t\t\t\t<\/div>\n\t\t\t\t<div class=\"elementor-element elementor-element-27a9936 elementor-widget elementor-widget-image\" data-id=\"27a9936\" data-element_type=\"widget\" data-e-type=\"widget\" data-widget_type=\"image.default\">\n\t\t\t\t\t\t\t\t\t\t\t\t\t\t\t\t<a href=\"https:\/\/desaparecidos.ssp.go.gov.br\/\">\n\t\t\t\t\t\t\t<img decoding=\"async\" src=\"\/wp-content\/uploads\/sites\/71\/2026\/01\/desaparecidos-pcgo.png\" title=\"\" alt=\"\" loading=\"lazy\" \/>\t\t\t\t\t\t\t\t<\/a>\n\t\t\t\t\t\t\t\t\t\t\t\t\t\t\t<\/div>\n\t\t\t\t\t<\/div>\n\t\t\t\t<\/div>\n\t\t<div class=\"elementor-element elementor-element-3f7bf82 e-flex e-con-boxed e-con e-parent\" data-id=\"3f7bf82\" data-element_type=\"container\" data-e-type=\"container\">\n\t\t\t\t\t<div class=\"e-con-inner\">\n\t\t<div class=\"elementor-element elementor-element-cf3e126 e-con-full e-flex e-con e-child\" data-id=\"cf3e126\" data-element_type=\"container\" data-e-type=\"container\" data-settings=\"{&quot;background_background&quot;:&quot;classic&quot;}\">\n\t\t\t\t<div class=\"elementor-element elementor-element-55e5414 elementor-widget elementor-widget-heading\" data-id=\"55e5414\" data-element_type=\"widget\" data-e-type=\"widget\" data-widget_type=\"heading.default\">\n\t\t\t\t\t<span class=\"elementor-heading-title elementor-size-default\"><a href=\"https:\/\/goias.gov.br\/policiacivil\/delegado-geral\" target=\"_blank\"><i class=\"far fa-paper-plane\" style=\"color: #009f3b;margin-right:10px;font-size: 24px\"><\/i> Fale com o Delegado Geral de Pol\u00edcia Civil <\/a><\/span>\t\t\t\t<\/div>\n\t\t\t\t<\/div>\n\t\t<div class=\"elementor-element elementor-element-291738b e-con-full e-flex e-con e-child\" data-id=\"291738b\" data-element_type=\"container\" data-e-type=\"container\" data-settings=\"{&quot;background_background&quot;:&quot;classic&quot;}\">\n\t\t\t\t<div class=\"elementor-element elementor-element-1be3f0d elementor-widget elementor-widget-heading\" data-id=\"1be3f0d\" data-element_type=\"widget\" data-e-type=\"widget\" data-widget_type=\"heading.default\">\n\t\t\t\t\t<span class=\"elementor-heading-title elementor-size-default\"><a href=\"https:\/\/iivirtual.ssp.go.gov.br\/\" target=\"_blank\"><i class=\"far fa-file-alt\" style=\"color: #009f3b;margin-right:10px;font-size: 24px\"><\/i> ii Virtual - Identidade e antecedentes criminais<\/a><\/span>\t\t\t\t<\/div>\n\t\t\t\t<\/div>\n\t\t<div class=\"elementor-element elementor-element-8a1f764 e-con-full e-flex e-con e-child\" data-id=\"8a1f764\" data-element_type=\"container\" data-e-type=\"container\" data-settings=\"{&quot;background_background&quot;:&quot;classic&quot;}\">\n\t\t\t\t<div class=\"elementor-element elementor-element-ace6cf7 elementor-widget elementor-widget-heading\" data-id=\"ace6cf7\" data-element_type=\"widget\" data-e-type=\"widget\" data-widget_type=\"heading.default\">\n\t\t\t\t\t<span class=\"elementor-heading-title elementor-size-default\"><a href=\"https:\/\/goias.gov.br\/policiacivil\/agenda-de-autoridades\/\" target=\"_blank\"><i class=\"fas fa-calendar-alt\" style=\"color: #009f3b;margin-right:10px;font-size: 24px\"><\/i> Agenda de Autoridades<\/a><\/span>\t\t\t\t<\/div>\n\t\t\t\t<\/div>\n\t\t<div class=\"elementor-element elementor-element-34a55be e-con-full e-flex e-con e-child\" data-id=\"34a55be\" data-element_type=\"container\" data-e-type=\"container\" data-settings=\"{&quot;background_background&quot;:&quot;classic&quot;}\">\n\t\t\t\t<div class=\"elementor-element elementor-element-b2ee5d8 elementor-widget elementor-widget-heading\" data-id=\"b2ee5d8\" data-element_type=\"widget\" data-e-type=\"widget\" data-widget_type=\"heading.default\">\n\t\t\t\t\t<span class=\"elementor-heading-title elementor-size-default\"><a href=\"https:\/\/goias.gov.br\/policiacivil\/pc-197\" target=\"_blank\"><i class=\"fas fa-phone-volume\" style=\"color: #009f3b;margin-right:10px;font-size: 24px\"><\/i> Disque Den\u00fancia - Fone 197<\/a><\/span>\t\t\t\t<\/div>\n\t\t\t\t<\/div>\n\t\t<div class=\"elementor-element elementor-element-76f6aad e-con-full e-flex e-con e-child\" data-id=\"76f6aad\" data-element_type=\"container\" data-e-type=\"container\" data-settings=\"{&quot;background_background&quot;:&quot;classic&quot;}\">\n\t\t\t\t<div class=\"elementor-element elementor-element-858546b elementor-widget elementor-widget-heading\" data-id=\"858546b\" data-element_type=\"widget\" data-e-type=\"widget\" data-widget_type=\"heading.default\">\n\t\t\t\t\t<span class=\"elementor-heading-title elementor-size-default\"><a href=\"http:\/\/institutodeidentificacao.policiacivil.go.gov.br\/\" target=\"_blank\"><i class=\"fas fa-fingerprint\" style=\"color: #009f3b;margin-right:10px;font-size: 24px\"><\/i> Instituto de Identifica\u00e7\u00e3o<\/a><\/span>\t\t\t\t<\/div>\n\t\t\t\t<\/div>\n\t\t<div class=\"elementor-element elementor-element-04c545a e-con-full e-flex e-con e-child\" data-id=\"04c545a\" data-element_type=\"container\" data-e-type=\"container\" data-settings=\"{&quot;background_background&quot;:&quot;classic&quot;}\">\n\t\t\t\t<div class=\"elementor-element elementor-element-9231cc8 elementor-widget elementor-widget-heading\" data-id=\"9231cc8\" data-element_type=\"widget\" data-e-type=\"widget\" data-widget_type=\"heading.default\">\n\t\t\t\t\t<span class=\"elementor-heading-title elementor-size-default\"><a href=\"https:\/\/goias.gov.br\/policiacivil\/telefones\" target=\"_blank\"><i class=\"fas fa-blender-phone\" style=\"color: #009f3b;margin-right:10px;font-size: 24px\"><\/i> Telefones da Pol\u00edcia Civil<\/a><\/span>\t\t\t\t<\/div>\n\t\t\t\t<\/div>\n\t\t<div class=\"elementor-element elementor-element-1cb04da e-con-full e-flex e-con e-child\" data-id=\"1cb04da\" data-element_type=\"container\" data-e-type=\"container\" data-settings=\"{&quot;background_background&quot;:&quot;classic&quot;}\">\n\t\t\t\t<div class=\"elementor-element elementor-element-027e817 elementor-widget elementor-widget-heading\" data-id=\"027e817\" data-element_type=\"widget\" data-e-type=\"widget\" data-widget_type=\"heading.default\">\n\t\t\t\t\t<span class=\"elementor-heading-title elementor-size-default\"><a href=\"https:\/\/consulta.ssp.go.gov.br\/\" target=\"_blank\"><i class=\"fas fa-search-location\" style=\"color: #009f3b;margin-right:10px;font-size: 24px\"><\/i> Consulta de Objetos - Ve\u00edculos Recuperados<\/a><\/span>\t\t\t\t<\/div>\n\t\t\t\t<\/div>\n\t\t<div class=\"elementor-element elementor-element-e1cc87f e-con-full e-flex e-con e-child\" data-id=\"e1cc87f\" data-element_type=\"container\" data-e-type=\"container\" data-settings=\"{&quot;background_background&quot;:&quot;classic&quot;}\">\n\t\t\t\t<div class=\"elementor-element elementor-element-3068d79 elementor-widget elementor-widget-heading\" data-id=\"3068d79\" data-element_type=\"widget\" data-e-type=\"widget\" data-widget_type=\"heading.default\">\n\t\t\t\t\t<span class=\"elementor-heading-title elementor-size-default\"><a href=\"https:\/\/goias.gov.br\/policiacivil\/ex-diretores\" target=\"_blank\"><i class=\"far fa-images\" style=\"color: #009f3b;margin-right:10px;font-size: 24px\"><\/i> Ex-Diretores da Pol\u00edcia Civil<\/a><\/span>\t\t\t\t<\/div>\n\t\t\t\t<\/div>\n\t\t\t\t\t<\/div>\n\t\t\t\t<\/div>\n\t\t\t\t<\/div>\n\t\t","protected":false},"excerpt":{"rendered":"<p>Fale com o Delegado Geral de Pol\u00edcia Civil ii Virtual &#8211; Identidade e antecedentes criminais Agenda de Autoridades Disque Den\u00fancia &#8211; Fone 197 Instituto de Identifica\u00e7\u00e3o Telefones da Pol\u00edcia Civil Consulta de Objetos &#8211; Ve\u00edculos Recuperados Ex-Diretores da Pol\u00edcia Civil<\/p>\n","protected":false},"author":1471,"featured_media":0,"parent":0,"menu_order":0,"comment_status":"closed","ping_status":"closed","template":"elementor_header_footer","meta":{"footnotes":""},"class_list":["post-153638","page","type-page","status-publish","hentry"],"rttpg_featured_image_url":null,"rttpg_author":{"display_name":"","author_link":"https:\/\/goias.gov.br\/policiacivil\/author\/"},"rttpg_comment":0,"rttpg_category":null,"rttpg_excerpt":"Fale com o Delegado Geral de Pol\u00edcia Civil ii Virtual &#8211; Identidade e antecedentes criminais Agenda de Autoridades Disque Den\u00fancia &#8211; Fone 197 Instituto de Identifica\u00e7\u00e3o Telefones da Pol\u00edcia Civil Consulta de Objetos &#8211; Ve\u00edculos Recuperados Ex-Diretores da Pol\u00edcia Civil","_links":{"self":[{"href":"https:\/\/goias.gov.br\/policiacivil\/wp-json\/wp\/v2\/pages\/153638","targetHints":{"allow":["GET"]}}],"collection":[{"href":"https:\/\/goias.gov.br\/policiacivil\/wp-json\/wp\/v2\/pages"}],"about":[{"href":"https:\/\/goias.gov.br\/policiacivil\/wp-json\/wp\/v2\/types\/page"}],"author":[{"embeddable":true,"href":"https:\/\/goias.gov.br\/policiacivil\/wp-json\/wp\/v2\/users\/1471"}],"replies":[{"embeddable":true,"href":"https:\/\/goias.gov.br\/policiacivil\/wp-json\/wp\/v2\/comments?post=153638"}],"version-history":[{"count":2,"href":"https:\/\/goias.gov.br\/policiacivil\/wp-json\/wp\/v2\/pages\/153638\/revisions"}],"predecessor-version":[{"id":184485,"href":"https:\/\/goias.gov.br\/policiacivil\/wp-json\/wp\/v2\/pages\/153638\/revisions\/184485"}],"wp:attachment":[{"href":"https:\/\/goias.gov.br\/policiacivil\/wp-json\/wp\/v2\/media?parent=153638"}],"curies":[{"name":"wp","href":"https:\/\/api.w.org\/{rel}","templated":true}]}}