

{"id":153290,"date":"2025-10-31T10:08:18","date_gmt":"2025-10-31T13:08:18","guid":{"rendered":" https:\/\/goias.gov.br\/policiacivil\/wp-content\/uploads\/sites\/71\/2025\/10\/PCGO-prende-foragido-por-homicidio-qualificado-por-motivo-futil-em-Niquelandia-1.jpeg"},"modified":"2025-10-31T10:08:18","modified_gmt":"2025-10-31T13:08:18","slug":"pcgo-prende-foragido-por-homicidio-qualificado-por-motivo-futil-em-niquelandia-2","status":"inherit","type":"attachment","link":"https:\/\/goias.gov.br\/policiacivil\/pcgo-prende-foragido-por-homicidio-qualificado-por-motivo-futil-em-niquelandia\/pcgo-prende-foragido-por-homicidio-qualificado-por-motivo-futil-em-niquelandia-2\/","title":{"rendered":"PCGO prende foragido por homic\u00eddio qualificado por motivo f\u00fatil em Niquel\u00e2ndia"},"author":42,"featured_media":0,"comment_status":"closed","ping_status":"closed","template":"","meta":[],"class_list":["post-153290","attachment","type-attachment","status-inherit","hentry"],"description":{"rendered":"<p class=\"attachment\"><a href='https:\/\/goias.gov.br\/policiacivil\/wp-content\/uploads\/sites\/71\/2025\/10\/PCGO-prende-foragido-por-homicidio-qualificado-por-motivo-futil-em-Niquelandia-1.jpeg'><img fetchpriority=\"high\" decoding=\"async\" width=\"225\" height=\"300\" src=\"https:\/\/goias.gov.br\/policiacivil\/wp-content\/uploads\/sites\/71\/2025\/10\/PCGO-prende-foragido-por-homicidio-qualificado-por-motivo-futil-em-Niquelandia-1-375x500.jpeg\" class=\"attachment-medium size-medium\" alt=\"PCGO prende foragido por homic\u00eddio qualificado por motivo f\u00fatil em Niquel\u00e2ndia\" srcset=\"https:\/\/goias.gov.br\/policiacivil\/wp-content\/uploads\/sites\/71\/2025\/10\/PCGO-prende-foragido-por-homicidio-qualificado-por-motivo-futil-em-Niquelandia-1-375x500.jpeg 375w, https:\/\/goias.gov.br\/policiacivil\/wp-content\/uploads\/sites\/71\/2025\/10\/PCGO-prende-foragido-por-homicidio-qualificado-por-motivo-futil-em-Niquelandia-1-801x1068.jpeg 801w, https:\/\/goias.gov.br\/policiacivil\/wp-content\/uploads\/sites\/71\/2025\/10\/PCGO-prende-foragido-por-homicidio-qualificado-por-motivo-futil-em-Niquelandia-1-768x1024.jpeg 768w, https:\/\/goias.gov.br\/policiacivil\/wp-content\/uploads\/sites\/71\/2025\/10\/PCGO-prende-foragido-por-homicidio-qualificado-por-motivo-futil-em-Niquelandia-1.jpeg 900w\" sizes=\"(max-width: 225px) 100vw, 225px\" \/><\/a><\/p>\n"},"caption":{"rendered":""},"alt_text":"PCGO prende foragido por homic\u00eddio qualificado por motivo f\u00fatil em Niquel\u00e2ndia","media_type":"image","mime_type":"image\/jpeg","media_details":{"width":900,"height":1200,"file":"2025\/10\/PCGO-prende-foragido-por-homicidio-qualificado-por-motivo-futil-em-Niquelandia-1.jpeg","filesize":176434,"sizes":{"medium":{"file":"PCGO-prende-foragido-por-homicidio-qualificado-por-motivo-futil-em-Niquelandia-1-375x500.jpeg","width":375,"height":500,"filesize":31920,"mime_type":"image\/jpeg","source_url":"https:\/\/goias.gov.br\/policiacivil\/wp-content\/uploads\/sites\/71\/2025\/10\/PCGO-prende-foragido-por-homicidio-qualificado-por-motivo-futil-em-Niquelandia-1-375x500.jpeg"},"large":{"file":"PCGO-prende-foragido-por-homicidio-qualificado-por-motivo-futil-em-Niquelandia-1-801x1068.jpeg","width":801,"height":1068,"filesize":102923,"mime_type":"image\/jpeg","source_url":"https:\/\/goias.gov.br\/policiacivil\/wp-content\/uploads\/sites\/71\/2025\/10\/PCGO-prende-foragido-por-homicidio-qualificado-por-motivo-futil-em-Niquelandia-1-801x1068.jpeg"},"thumbnail":{"file":"PCGO-prende-foragido-por-homicidio-qualificado-por-motivo-futil-em-Niquelandia-1-300x300.jpeg","width":300,"height":300,"filesize":16986,"mime_type":"image\/jpeg","source_url":"https:\/\/goias.gov.br\/policiacivil\/wp-content\/uploads\/sites\/71\/2025\/10\/PCGO-prende-foragido-por-homicidio-qualificado-por-motivo-futil-em-Niquelandia-1-300x300.jpeg"},"medium_large":{"file":"PCGO-prende-foragido-por-homicidio-qualificado-por-motivo-futil-em-Niquelandia-1-768x1024.jpeg","width":768,"height":1024,"filesize":95967,"mime_type":"image\/jpeg","source_url":"https:\/\/goias.gov.br\/policiacivil\/wp-content\/uploads\/sites\/71\/2025\/10\/PCGO-prende-foragido-por-homicidio-qualificado-por-motivo-futil-em-Niquelandia-1-768x1024.jpeg"},"portal-image-small":{"file":"PCGO-prende-foragido-por-homicidio-qualificado-por-motivo-futil-em-Niquelandia-1-220x150.jpeg","width":220,"height":150,"filesize":7837,"mime_type":"image\/jpeg","source_url":"https:\/\/goias.gov.br\/policiacivil\/wp-content\/uploads\/sites\/71\/2025\/10\/PCGO-prende-foragido-por-homicidio-qualificado-por-motivo-futil-em-Niquelandia-1-220x150.jpeg"},"portal-image-large":{"file":"PCGO-prende-foragido-por-homicidio-qualificado-por-motivo-futil-em-Niquelandia-1-390x220.jpeg","width":390,"height":220,"filesize":15989,"mime_type":"image\/jpeg","source_url":"https:\/\/goias.gov.br\/policiacivil\/wp-content\/uploads\/sites\/71\/2025\/10\/PCGO-prende-foragido-por-homicidio-qualificado-por-motivo-futil-em-Niquelandia-1-390x220.jpeg"},"full":{"file":"PCGO-prende-foragido-por-homicidio-qualificado-por-motivo-futil-em-Niquelandia-1.jpeg","width":900,"height":1200,"mime_type":"image\/jpeg","source_url":"https:\/\/goias.gov.br\/policiacivil\/wp-content\/uploads\/sites\/71\/2025\/10\/PCGO-prende-foragido-por-homicidio-qualificado-por-motivo-futil-em-Niquelandia-1.jpeg"}},"image_meta":{"aperture":"0","credit":"","camera":"","caption":"","created_timestamp":"0","copyright":"","focal_length":"0","iso":"0","shutter_speed":"0","title":"","orientation":"0","keywords":[]}},"post":153288,"source_url":"https:\/\/goias.gov.br\/policiacivil\/wp-content\/uploads\/sites\/71\/2025\/10\/PCGO-prende-foragido-por-homicidio-qualificado-por-motivo-futil-em-Niquelandia-1.jpeg","_links":{"self":[{"href":"https:\/\/goias.gov.br\/policiacivil\/wp-json\/wp\/v2\/media\/153290","targetHints":{"allow":["GET"]}}],"collection":[{"href":"https:\/\/goias.gov.br\/policiacivil\/wp-json\/wp\/v2\/media"}],"about":[{"href":"https:\/\/goias.gov.br\/policiacivil\/wp-json\/wp\/v2\/types\/attachment"}],"author":[{"embeddable":true,"href":"https:\/\/goias.gov.br\/policiacivil\/wp-json\/wp\/v2\/users\/42"}],"replies":[{"embeddable":true,"href":"https:\/\/goias.gov.br\/policiacivil\/wp-json\/wp\/v2\/comments?post=153290"}],"wp:attached-to":[{"embeddable":true,"post_type":"post","id":153288,"href":"https:\/\/goias.gov.br\/policiacivil\/wp-json\/wp\/v2\/posts\/153288"}],"curies":[{"name":"wp","href":"https:\/\/api.w.org\/{rel}","templated":true}]}}

PCGO prende foragido por homicídio qualificado por motivo fútil em Niquelândia

<p class="attachment"><a href='https://goias.gov.br/policiacivil/wp-content/uploads/sites/71/2025/10/PCGO-prende-foragido-por-homicidio-qualificado-por-motivo-futil-em-Niquelandia-1.jpeg'><img fetchpriority="high" decoding="async" width="225" height="300" src="https://goias.gov.br/policiacivil/wp-content/uploads/sites/71/2025/10/PCGO-prende-foragido-por-homicidio-qualificado-por-motivo-futil-em-Niquelandia-1-375x500.jpeg" class="attachment-medium size-medium" alt="PCGO prende foragido por homicídio qualificado por motivo fútil em Niquelândia" srcset="https://goias.gov.br/policiacivil/wp-content/uploads/sites/71/2025/10/PCGO-prende-foragido-por-homicidio-qualificado-por-motivo-futil-em-Niquelandia-1-375x500.jpeg 375w, https://goias.gov.br/policiacivil/wp-content/uploads/sites/71/2025/10/PCGO-prende-foragido-por-homicidio-qualificado-por-motivo-futil-em-Niquelandia-1-801x1068.jpeg 801w, https://goias.gov.br/policiacivil/wp-content/uploads/sites/71/2025/10/PCGO-prende-foragido-por-homicidio-qualificado-por-motivo-futil-em-Niquelandia-1-768x1024.jpeg 768w, https://goias.gov.br/policiacivil/wp-content/uploads/sites/71/2025/10/PCGO-prende-foragido-por-homicidio-qualificado-por-motivo-futil-em-Niquelandia-1.jpeg 900w" sizes="(max-width: 225px) 100vw, 225px" /></a></p>
