

{"id":9494,"date":"2023-09-17T17:13:01","date_gmt":"2023-09-17T20:13:01","guid":{"rendered":"https:\/\/www.policiacientifica.go.gov.br\/?page_id=9494"},"modified":"2026-01-28T11:22:38","modified_gmt":"2026-01-28T14:22:38","slug":"cargos","status":"publish","type":"page","link":"https:\/\/goias.gov.br\/policiacientifica\/cargos\/","title":{"rendered":"Cargos e seus Ocupantes"},"content":{"rendered":"<p><strong>Superintendente de Pol\u00edcia T\u00e9cnico-Cient\u00edfica<br \/>\n<\/strong>Perito Criminal de Classe Especial Ricardo Matos da Silva<br \/>\nEndere\u00e7o: Avenida Engenheiro At\u00edlio Correia Lima, n. 1.223, Setor Cidade Jardim, Goi\u00e2nia\/GO 74.425-030<br \/>\nE-mail: <a href=\"mailto:policiacientifica@goias.gov.br\">policiacientifica@goias.gov.br<\/a><br \/>\nTelefone: (62) 3201-9545<br \/>\nSEI: 02891<\/p>\n<hr \/>\n<p><strong>Superintendente Adjunto<br \/>\n<\/strong>Perito Criminal de Classe Especial Ant\u00f4nio Carlos de Macedo Chaves<br \/>\nEndere\u00e7o: Avenida Engenheiro At\u00edlio Correia Lima, n. 1.223, Setor Cidade Jardim, Goi\u00e2nia\/GO 74.425-030<br \/>\ne-mail: <a href=\"mailto:superintendencia@policiacientifica.go.gov.br\">superintendencia@policiacientifica.go.gov.br<\/a><br \/>\nTelefone: (62) 3201-1239<br \/>\nSEI: 02891<\/p>\n<hr \/>\n<p><strong>Chefe de Gabinete<br \/>\n<\/strong>Perita Criminal de Classe Especial Mariana Flavia da Mota<br \/>\nEndere\u00e7o: Avenida Engenheiro At\u00edlio Correia Lima, n. 1.223, Setor Cidade Jardim, Goi\u00e2nia\/GO 74.425-030<br \/>\ne-mail: <a href=\"mailto:superintendencia@policiacientifica.go.gov.br\">superintendencia@policiacientifica.go.gov.br<\/a><br \/>\nTelefone: (62) 3201-1239<br \/>\nSEI: 02891<\/p>\n<hr \/>\n<p><strong>Coordenadora de Regionais de Pol\u00edcia T\u00e9cnico-Cient\u00edfica<br \/>\n<\/strong>Perita Criminal de 2\u00aa Classe N\u00fabia Miranda Vieira<br \/>\nEndere\u00e7o: Avenida Engenheiro At\u00edlio Correia Lima, n. 1.223, Setor Cidade Jardim, Goi\u00e2nia\/GO 74.425-030<br \/>\ne-mail: <a href=\"mailto:cgrptc@policiacientifica.go.gov.br\">cgrptc@policiacientifica.go.gov.br<\/a><br \/>\nTelefone: (62) 3201-1239<br \/>\nSEI: 18712<\/p>\n<hr \/>\n<p><strong>Gerente de Suporte Operacional<br \/>\n<\/strong>Perita Criminal de 2\u00aa Classe Aur\u00e9lia Lu\u00edsa de Souza Gon\u00e7alves<br \/>\nEndere\u00e7o: Avenida Engenheiro At\u00edlio Correia Lima, n. 1.223, Setor Cidade Jardim, Goi\u00e2nia\/GO 74.425-030<br \/>\nE-mail: <a href=\"mailto:aurelia.goncalves@goias.gov.br\"><span class=\"_aupe copyable-text xkrh14z\">aurelia.goncalves@goias.gov.br<\/span><\/a><br \/>\nTelefone: (62) 3201-1247<br \/>\nSEI: 16389<\/p>\n<hr \/>\n<p><strong>Gerente Adjunta de Suporte Operacional<br \/>\n<\/strong>Perita Criminal de 2\u00aa Classe Gizelle Andrade de Aguiar<br \/>\nEndere\u00e7o: Avenida Engenheiro At\u00edlio Correia Lima, n. 1.223, Setor Cidade Jardim, Goi\u00e2nia\/GO 74.425-030<br \/>\nE-mail: <a href=\"mailto:gizelle.aguiar@goias.gov.br\">gizelle.aguiar@goias.gov.br<\/a><br \/>\nTelefone: (62) 3201-1247<br \/>\nSEI: 16389<\/p>\n<hr \/>\n<p><strong>Gerente do Instituto de Medicina Legal Aristoclides Teixeira<br \/>\n<\/strong>M\u00e9dica Legista de 2\u00aa Classe Rafaella Marques Barbosa<br \/>\nEndere\u00e7o: Avenida Engenheiro At\u00edlio Correia Lima, n. 1.223, Setor Cidade Jardim, Goi\u00e2nia\/GO 74.425-030<br \/>\nE-mail: <a href=\"mailto:gerencia-iml@policiacientifica.go.gov.br\">gerencia-iml@policiacientifica.go.gov.br<\/a><br \/>\nTelefones: (62) 3201-1251 \/ 3201-1255<br \/>\nSEI: 03002<\/p>\n<hr \/>\n<p><strong>Gerente do Instituto de Criminal\u00edstica Leonardo Rodrigues<br \/>\n<\/strong>Perito Criminal de 2\u00aa Classe Fabr\u00edcio Oda e Silva<br \/>\nEndere\u00e7o: Avenida Engenheiro At\u00edlio Correia Lima, n. 1.223, Setor Cidade Jardim, Goi\u00e2nia\/GO 74.425-030<br \/>\nE-mail: <a href=\"mailto:gerencia-ic@policiacientifica.go.gov.br\">gerencia-ic@policiacientifica.go.gov.br<\/a><br \/>\nTelefones: (62) 3201-1249 \/ 3201-9518<br \/>\nSEI: 03001<\/p>\n<hr \/>\n<p><strong>Coordenadora-Geral de Ensino<br \/>\n<\/strong>Perita Criminal de 1\u00aa Classe B\u00e1rbara Dumas Santos Silva<br \/>\nEndere\u00e7o: Avenida Engenheiro At\u00edlio Correia Lima, n. 1.223, Setor Cidade Jardim, Goi\u00e2nia\/GO 74.425-030<br \/>\nE-mail: <a href=\"mailto:ensino.sptc@goias.gov.br\">ensino.sptc@goias.gov.br<\/a><br \/>\nTelefone: (62) 3201-1158<br \/>\nSEI: 16310<\/p>\n<hr \/>\n<p><strong>Coordenadora-Geral de Comunica\u00e7\u00e3o e Cerimonial<br \/>\n<\/strong>Perita Criminal de 1\u00aa Classe Patr\u00edcia Caixeta Castro Souza Braga<br \/>\nEndere\u00e7o: Avenida Engenheiro At\u00edlio Correia Lima, n. 1.223, Setor Cidade Jardim, Goi\u00e2nia\/GO 74.425-030<br \/>\nE-mail: <a href=\"mailto:patricia.braga@goias.gov.br\">patricia.braga@goias.gov.br<\/a><br \/>\nTelefone: (62) 3201-9575<br \/>\nSEI: 18707<\/p>\n<hr \/>\n<p><strong>Coordenador do Departamento de Per\u00edcias em Locais de Crime &#8211; DPLC<br \/>\n<\/strong>Perito Criminal de 2\u00aa Classe Yure de Queiroz Lima<br \/>\nEndere\u00e7o: Avenida Engenheiro At\u00edlio Correia Lima, n. 1.223, Setor Cidade Jardim, Goi\u00e2nia\/GO 74.425-030<br \/>\nE-mail: <a href=\"mailto:yure.lima@goias.gov.br\">yure.lima@goias.gov.br<\/a><br \/>\nTelefone: (62) 3201-1248<br \/>\nSEI: 16281<\/p>\n<hr \/>\n<p><strong>Coordenador do Departamento de An\u00e1lises Laboratoriais Forenses \u2013 DALF<br \/>\n<\/strong>Perito Criminal de 2\u00aa Classe Igor Nascentes dos Santos Correa<br \/>\nEndere\u00e7o: Avenida Engenheiro At\u00edlio Correia Lima, n. 1.223, Setor Cidade Jardim, Goi\u00e2nia\/GO 74.425-030<br \/>\nE-mail: <a href=\"mailto:igornsc@policiacientifica.go.gov.br\">igornsc@policiacientifica.go.gov.br<\/a><br \/>\nTelefone: (62) 3201-1236<br \/>\nSEI: 16283<\/p>\n<hr \/>\n<p><strong>Coordenadora do Departamento de Per\u00edcias Criminais Especiais \u2013 DPCE<br \/>\n<\/strong>Perita Criminal de 2\u00aa Classe Mariana Rosa da Costa Souza<br \/>\nEndere\u00e7o: Avenida Engenheiro At\u00edlio Correia Lima, n. 1.223, Setor Cidade Jardim, Goi\u00e2nia\/GO 74.425-030<br \/>\nE-mail: <a href=\"mailto:marianarcs@policiacientifica.go.gov.br\">marianarcs@policiacientifica.go.gov.br<\/a><br \/>\nTelefone: (62) 3201-1248<br \/>\nSEI: 16281<\/p>\n<hr \/>\n<p><strong>Coordenador do\u00a0Departamento de Per\u00edcias F\u00edsicas e Tecnol\u00f3gicas \u2013 DPTEC<br \/>\n<\/strong>Perita Criminal de 2\u00aa Classe Daiane Cristine de Oliveira Dutra<br \/>\nEndere\u00e7o: Avenida Engenheiro At\u00edlio Correia Lima, n. 1.223, Setor Cidade Jardim, Goi\u00e2nia\/GO 74.425-030<br \/>\nE-mail: <a href=\"mailto:daianecod@policiacientifica.go.gov.br\">daianecod@policiacientifica.go.gov.br<\/a><br \/>\nTelefone: (62) 3201-1236<br \/>\nSEI: 16283<\/p>\n<hr \/>\n<p><strong>Coordenador-Geral da Coordenadoria de Planejamento Operacional<br \/>\n<\/strong>Perito Criminal de 2\u00aa Classe Fabr\u00edcio Oda e Silva<br \/>\nEndere\u00e7o: Avenida Engenheiro At\u00edlio Correia Lima, n. 1.223, Setor Cidade Jardim, Goi\u00e2nia\/GO 74.425-030<br \/>\nE-mail: &#8211;<br \/>\nTelefone: &#8211;<br \/>\nSEI: 20422<\/p>\n<hr \/>\n<p><strong>Coordenadora Regional da 1\u00aa CRPTC \u2013 Aparecida<br \/>\n<\/strong>Perita Criminal de 3\u00aa Classe Ana Carolina Gon\u00e7alves de Faria<br \/>\nEndere\u00e7o: Rua 01, s\/n., Vila S\u00e3o Joaquim, Aparecida de Goi\u00e2nia\/GO 74.910-440<br \/>\nE-mail: <a href=\"mailto:regional.aparecida.pci@goias.gov.br\">regional.aparecida.pci@goias.gov.br<\/a><br \/>\nTelefones: (62) 3280-6406 \/ 3548-6928<br \/>\nSEI: 14124<\/p>\n<hr \/>\n<p><strong>Coordenador Regional da 2\u00aa CRPTC \u2013 Goi\u00e1s<br \/>\n<\/strong>Perito Criminal de 2\u00aa Classe Rog\u00e9rio de Carvalho Ramos<br \/>\nEndere\u00e7o: Avenida Dr. Deusdeth Ferreira de Moura, Quadra 08 Lote 11, Centro, Goi\u00e1s\/GO 76.600-000<br \/>\nE-mail: <a href=\"mailto:regional.goias.pci@goias.gov.br\">regional.goias.pci@goias.gov.br<\/a><br \/>\nTelefone: (62) 99507-0547<br \/>\nSEI: 14125<\/p>\n<hr \/>\n<p><strong>Coordenador Regional da 3\u00aa CRPTC \u2013 Formosa<br \/>\n<\/strong>Perito Criminal de 1\u00aa Classe Douglas Rodrigues Cavalcanti<br \/>\nEndere\u00e7o: Avenida Celso Caldeira Nunes, Quadra 92 Lotes 02 a 04, Parque Laguna II, Formosa\/GO 73.814-110<br \/>\nE-mail: <a href=\"mailto:regional.formosa.pci@goias.gov.br\">regional.formosa.pci@goias.gov.br<\/a><br \/>\nTelefone: (61) 3631-2034 \/ (62) 99507-0971<br \/>\nSEI: 14127<\/p>\n<hr \/>\n<p><strong>Coordenador Regional da 4\u00aa CRPTC \u2013 Itumbiara<br \/>\n<\/strong>Perito Criminal de Classe Especial Jos\u00e9 Aparecido Gerardi<br \/>\nEndere\u00e7o: Rua 23, n. 330, Setor Vale dos Buritis III, Itumbiara\/GO 75.530-838<br \/>\nE-mail: <a href=\"mailto:regional.itumbiara.pci@goias.gov.br\">regional.itumbiara.pci@goias.gov.br<\/a><br \/>\nTelefone: (64) 3431-7240<br \/>\nSEI: 14136<\/p>\n<hr \/>\n<p><strong>Chefe de Posto Avan\u00e7ado \u2013 4\u00aa CRPTC\/PA \u2013 Caldas Novas<br \/>\n<\/strong>Perito Criminal de Classe Especial Jos\u00e9 Aparecido Gerardi<br \/>\nEndere\u00e7o: Rua U, Quadra 48 Lote 09, Setor Nova Vila, Caldas Novas\/GO 75.681-662<br \/>\nE-mail: <a href=\"mailto:postoavancado.caldasnovas.pci@goias.gov.br\">postoavancado.caldasnovas.pci@goias.gov.br<\/a><br \/>\nTelefone: (64) 3454-6690<br \/>\nSEI: 18670<\/p>\n<hr \/>\n<p><strong>Chefe de Posto Avan\u00e7ado \u2013 4\u00aa CRPTC\/PA \u2013 Morrinhos<br \/>\n<\/strong>Perito Criminal de 2\u00aa Classe Marcos Silva Lelles<br \/>\nEndere\u00e7o: Avenida Ant\u00f4nio Tito, Quadra 1, Lote 2, Morrinhos\/GO 75.650-000<br \/>\nE-mail: <a href=\"mailto:postoavancado.morrinhos.pci@goias.gov.br\">postoavancado.morrinhos.pci@goias.gov.br<\/a><br \/>\nTelefone: (64) 3413-2489<br \/>\nSEI: 18669<\/p>\n<hr \/>\n<p><strong>Coordenador Regional da 5\u00aa CRPTC \u2013 Rio Verde<br \/>\n<\/strong>Perito Criminal de 3\u00aa Classe Breno Uch\u00f4a Benavente Blacutt<br \/>\nEndere\u00e7o: Rua 15-B, n. 89, Jardim Goi\u00e1s, Rio Verde\/GO 75.903-400<br \/>\nE-mail: <a href=\"mailto:regional.rioverde.pci@goias.gov.br\">regional.rioverde.pci@goias.gov.br<\/a><br \/>\nTelefone: (64) 3620-0915<br \/>\nSEI: 14129<\/p>\n<hr \/>\n<p><strong>Chefe de Posto Avan\u00e7ado \u2013 5\u00aa CRPTC\/PA \u2013 Quirin\u00f3polis<br \/>\n<\/strong>Perito Criminal de 2\u00aa Classe Paulo Vittor Parecis Silva<br \/>\nEndere\u00e7o: Avenida Vereador J\u00falio Borges, n. 50, Centro, Quirin\u00f3polis\/GO 75.860-000<br \/>\nE-mail: <a href=\"mailto:postoavancado.quirinopolis.pci@goias.gov.br\">postoavancado.quirinopolis.pci@goias.gov.br<\/a><br \/>\nTelefone: (64) 3651-4621<br \/>\nSEI: 18671<\/p>\n<hr \/>\n<p><strong>Coordenadora Regional da 6\u00aa CRPTC \u2013 Ceres<br \/>\n<\/strong>Auxiliar de Aut\u00f3psia de 1\u00aa Classe Keila Cristina Parreira Batista<br \/>\nEndere\u00e7o: Rua 88, n. 150, Quadra A Lote \u00c1rea, Bairro Bernardo Sai\u00e3o, Ceres\/GO 76.300-000<br \/>\nE-mail: <a href=\"mailto:regional.ceres.pci@goias.gov.br\">regional.ceres.pci@goias.gov.br<\/a><br \/>\nTelefone: (62) 3307-1359 \/ Fax: (62) 3307-1664<br \/>\nSEI: 14130<\/p>\n<hr \/>\n<p><strong>Coordenador Regional da 7\u00aa CRPTC \u2013 Urua\u00e7u<br \/>\n<\/strong>Perito Criminal de Classe Especial Marcelo de Castro Coelho Morais<br \/>\nEndere\u00e7o: Avenida Carioca, Quadra 07 Lote 03, Setor Novo Rio, Urua\u00e7u\/GO 76.400-000<br \/>\nTelefone: (62) 3357-3880<br \/>\nE-mail: <a href=\"mailto:regional.uruacu.pci@goias.gov.br\">regional.uruacu.pci@goias.gov.br<\/a><br \/>\nSEI: 14131<\/p>\n<hr \/>\n<p><strong>Chefe de Posto Avan\u00e7ado \u2013 7\u00aa CRPTC\/PA \u2013 Porangatu<br \/>\n<\/strong>Perito Criminal de 3\u00aa Classe Gustavo Henrique di Almeida Muller<br \/>\nEndere\u00e7o: Rua 22, Esquina com Rua 03, Setor do Lago, Porangatu\/GO 76.550-126<br \/>\nE-mail: <a href=\"mailto:postoavancado.porangatu.pci@goias.gov.br\">postoavancado.porangatu.pci@goias.gov.br<\/a><br \/>\nTelefone: (62) 3367-2154<br \/>\nSEI: 18672<\/p>\n<hr \/>\n<p><strong>Coordenador Regional da 8\u00aa CRPTC \u2013 Catal\u00e3o<br \/>\n<\/strong>M\u00e9dico Legista de 3\u00aa Classe Ant\u00f4nio Carlos Tessari<br \/>\nEndere\u00e7o: Avenida Dr. Lamartine Pinto de Avelar, n. 1.847, Loteamento Ipanema, Catal\u00e3o\/GO 75.705-220<br \/>\nE-mail: <a href=\"mailto:regional.catalao.pci@goias.gov.br\">regional.catalao.pci@goias.gov.br<\/a><br \/>\nTelefone: (64) 3441-1630<br \/>\nSEI: 14132<\/p>\n<hr \/>\n<p><strong>Coordenador Regional da 9\u00aa CRPTC \u2013 Ipor\u00e1<br \/>\n<\/strong>Auxiliar de Aut\u00f3psia de 1\u00aa Classe Jos\u00e9 Mendes da Maia J\u00fanior<br \/>\nEndere\u00e7o: Avenida Goi\u00e1s, n. 811, Centro, Ipor\u00e1\/GO 76.200-000<br \/>\nE-mail: <a href=\"mailto:regional.ipora.pci@goias.gov.br\">regional.ipora.pci@goias.gov.br<\/a><br \/>\nTelefones: (64) 3603-7423 \/ (64) 98413-3408<br \/>\nSEI: 14133<\/p>\n<hr \/>\n<p><strong>Chefe de Posto Avan\u00e7ado \u2013 9\u00aa CRPTC\/PA \u2013 S\u00e3o L. dos Montes Belos<br \/>\n<\/strong>Auxiliar de Aut\u00f3psia de 1\u00aa Classe Adriano Pinto Monteiro<br \/>\nEndere\u00e7o: Rua Rio Doce, n. 955, esq. c\/ Rua do Campo, Vila Eduarda, S\u00e3o Lu\u00eds de Montes Belos\/GO 76.100-000<br \/>\nE-mail: <a href=\"mailto:postoavancado.montesbelos.pci@goias.gov.br\">postoavancado.montesbelos.pci@goias.gov.br<\/a><br \/>\nTelefones: (64) 3671-1776 \/ (64) 9 9247-8244 \/ (64) 99322-9417<br \/>\nSEI: 19593<\/p>\n<hr \/>\n<p><strong>Coordenador Regional da 10\u00aa CRPTC \u2013 An\u00e1polis<br \/>\n<\/strong>Perito Criminal de 1\u00aa Classe Wigney Gustavo Costa<br \/>\nEndere\u00e7o: Avenida Mato Verde, s\/n., Loteamento Jibran El Hadj An\u00e1polis\/GO 75.131-500<br \/>\nE-mail: <a href=\"mailto:regional.anapolis.pci@goias.gov.br\">regional.anapolis.pci@goias.gov.br<\/a><br \/>\nTelefone: (62) 3387-6864 \/ 3387-7329 \/ 3387-6951<br \/>\nSEI: 14134<\/p>\n<hr \/>\n<p><strong>Coordenador Regional da 11\u00aa CRPTC \u2013 Jata\u00ed<br \/>\n<\/strong>Perito Criminal de 2\u00aa Classe Gustavo Donate \u00c1vila<br \/>\nEndere\u00e7o: Rua Moises Santana, n\u00ba 340, Setor Central, Jata\u00ed-GO 75.800-510<br \/>\nE-mail: <a href=\"mailto:regional.jatai.pci@goias.gov.br\">regional.jatai.pci@goias.gov.br<\/a><br \/>\nTelefone: (64) 3632-0720<br \/>\nSEI: 14135<\/p>\n<hr \/>\n<p><strong>Chefe de Posto Avan\u00e7ado \u2013 11\u00aa CRPTC\/PA \u2013 Mineiros<br \/>\n<\/strong>Auxiliar de Aut\u00f3psia de 1\u00aa Classe Luiz Messias Pires Sousa<br \/>\nEndere\u00e7o: Pra\u00e7a Coronel Carrijo, n. 18, Centro, Mineiros\/GO 75.830-046<br \/>\nE-mail: <a href=\"mailto:postoavancado.mineiros.pci@goias.gov.br\">postoavancado.mineiros.pci@goias.gov.br<\/a><br \/>\nTelefone: (64) 3661-0272<br \/>\nSEI: 18674<\/p>\n<hr \/>\n<p><strong>Coordenadora Regional da 12\u00aa CRPTC \u2013 Campos Belos<br \/>\n<\/strong>Auxiliar de Aut\u00f3psia de 2\u00aa Classe Anna Karollinny Martins Ramos<br \/>\nEndere\u00e7o: Rodovia GO-118, Quadra QN01 Lotes 03 e 04, Vila Baiana, Campos Belos\/GO 73.840-000<br \/>\nE-mail: <a href=\"mailto:regional.camposbelos.pci@goias.gov.br\">regional.camposbelos.pci@goias.gov.br<\/a><br \/>\nTelefone: (62) 3451-3469<br \/>\nSEI: 16304<\/p>\n<hr \/>\n<p><strong>Chefe de Posto Avan\u00e7ado \u2013 12\u00aa CRPTC\/PA \u2013 Posse<br \/>\n<\/strong>Auxiliar de Aut\u00f3psia de 2\u00aa Classe Anna Karollinny Martins Ramos<br \/>\nEndere\u00e7o: Rua Arquimedes Vieira de Brito, n. 55, Centro, Posse\/GO 73.900-000<br \/>\nE-mail: <a href=\"mailto:postoavancado.posse.pci@goias.gov.br\">postoavancado.posse.pci@goias.gov.br<\/a><br \/>\nTelefone: (62) 3481-1700<br \/>\nSEI: 18675<\/p>\n<hr \/>\n<p><strong>Coordenador Regional da 13\u00aa CRPTC \u2013 Goian\u00e9sia<br \/>\n<\/strong>Perito Criminal de 2\u00aa Classe Marcelo Benetti Tanga<br \/>\nEndere\u00e7o: Avenida Brasil, n. 967, esq. c\/ Rua 15, Setor Universit\u00e1rio, Goian\u00e9sia\/GO 76.380-067<br \/>\nE-mail: <a href=\"mailto:regional.goianesia.pci@goias.gov.br\">regional.goianesia.pci@goias.gov.br<\/a><br \/>\nTelefone: (62) 3353-2789<br \/>\nSEI: 16303<\/p>\n<hr \/>\n<p><strong>Coordenador Regional da 14\u00aa CRPTC \u2013 Luzi\u00e2nia<br \/>\n<\/strong>Perito Criminal de 1\u00aa Classe Fernando C\u00e9sar Lerbach Rodrigues Brasil<br \/>\nEndere\u00e7o: Avenida Brasil, s\/n., Setor Leste, Luzi\u00e2nia\/GO 72.803-510<br \/>\nE-mail: <a href=\"mailto:regional.luziania.pci@goias.gov.br\">regional.luziania.pci@goias.gov.br<\/a><br \/>\nTelefone: (61) 3601-3374<br \/>\nSEI: 14138<\/p>\n<hr \/>\n<p><strong>Chefe de Posto Avan\u00e7ado \u2013 14\u00aa CRPTC\/PA \u2013 \u00c1guas Lindas de Goi\u00e1s<br \/>\n<\/strong>Auxiliar de Aut\u00f3psia de 2\u00aa Classe Leonardo Antunes Rosa<br \/>\nEndere\u00e7o: Rua Sem Nome, Quadra 69. Parque da Barragem, Setor 9. \u00c1guas Lindas de Goi\u00e1s\/GO.<br \/>\nE-mail: <a href=\"mailto:postoavancado.aguaslindas.pci@goias.gov.br\">postoavancado.aguaslindas.pci@goias.gov.br<\/a><br \/>\nTelefone: (61) 3613-0270<br \/>\nSEI: 18676<\/p>\n<p>&nbsp;<\/p>\n<p style=\"text-align: right\"><strong>Atualizado em 28\/01\/2026<\/strong><br \/>\n<em>Jornalista Giovana Cruz<br \/>\nCoordenadoria de Comunica\u00e7\u00e3o e Cerimonial PCIGO<\/em><\/p>\n","protected":false},"excerpt":{"rendered":"<p>Superintendente de Pol\u00edcia T\u00e9cnico-Cient\u00edfica Perito Criminal de Classe Especial Ricardo Matos da Silva Endere\u00e7o: Avenida Engenheiro At\u00edlio Correia Lima, n. 1.223, Setor Cidade Jardim, Goi\u00e2nia\/GO 74.425-030 E-mail: policiacientifica@goias.gov.br Telefone: (62) 3201-9545 SEI: 02891 Superintendente Adjunto Perito Criminal de Classe Especial Ant\u00f4nio Carlos de Macedo Chaves Endere\u00e7o: Avenida Engenheiro At\u00edlio Correia Lima, n. 1.223, Setor Cidade [&hellip;]<\/p>\n","protected":false},"author":77,"featured_media":0,"parent":0,"menu_order":0,"comment_status":"closed","ping_status":"closed","template":"","meta":{"footnotes":""},"class_list":["post-9494","page","type-page","status-publish","hentry"],"rttpg_featured_image_url":null,"rttpg_author":{"display_name":"barbaragodoy","author_link":"https:\/\/goias.gov.br\/policiacientifica\/author\/barbaragodoy\/"},"rttpg_comment":0,"rttpg_category":null,"rttpg_excerpt":"Superintendente de Pol\u00edcia T\u00e9cnico-Cient\u00edfica Perito Criminal de Classe Especial Ricardo Matos da Silva Endere\u00e7o: Avenida Engenheiro At\u00edlio Correia Lima, n. 1.223, Setor Cidade Jardim, Goi\u00e2nia\/GO 74.425-030 E-mail: policiacientifica@goias.gov.br Telefone: (62) 3201-9545 SEI: 02891 Superintendente Adjunto Perito Criminal de Classe Especial Ant\u00f4nio Carlos de Macedo Chaves Endere\u00e7o: Avenida Engenheiro At\u00edlio Correia Lima, n. 1.223, Setor Cidade&hellip;","_links":{"self":[{"href":"https:\/\/goias.gov.br\/policiacientifica\/wp-json\/wp\/v2\/pages\/9494","targetHints":{"allow":["GET"]}}],"collection":[{"href":"https:\/\/goias.gov.br\/policiacientifica\/wp-json\/wp\/v2\/pages"}],"about":[{"href":"https:\/\/goias.gov.br\/policiacientifica\/wp-json\/wp\/v2\/types\/page"}],"author":[{"embeddable":true,"href":"https:\/\/goias.gov.br\/policiacientifica\/wp-json\/wp\/v2\/users\/77"}],"replies":[{"embeddable":true,"href":"https:\/\/goias.gov.br\/policiacientifica\/wp-json\/wp\/v2\/comments?post=9494"}],"version-history":[{"count":3,"href":"https:\/\/goias.gov.br\/policiacientifica\/wp-json\/wp\/v2\/pages\/9494\/revisions"}],"predecessor-version":[{"id":426933,"href":"https:\/\/goias.gov.br\/policiacientifica\/wp-json\/wp\/v2\/pages\/9494\/revisions\/426933"}],"wp:attachment":[{"href":"https:\/\/goias.gov.br\/policiacientifica\/wp-json\/wp\/v2\/media?parent=9494"}],"curies":[{"name":"wp","href":"https:\/\/api.w.org\/{rel}","templated":true}]}}