

{"id":6899,"date":"2021-08-31T10:29:57","date_gmt":"2021-08-31T13:29:57","guid":{"rendered":"https:\/\/www.policiacientifica.go.gov.br\/?page_id=6899"},"modified":"2025-11-03T11:06:15","modified_gmt":"2025-11-03T14:06:15","slug":"pericias","status":"publish","type":"page","link":"https:\/\/goias.gov.br\/policiacientifica\/pericias\/","title":{"rendered":"Per\u00edcias"},"content":{"rendered":"<h2 data-start=\"326\" data-end=\"390\">Criminal\u00edstica: A ci\u00eancia aplicada \u00e0 investiga\u00e7\u00e3o criminal<\/h2>\n<p>&nbsp;<\/p>\n<p style=\"text-align: right\"><em>Atualizado \u00e0s 11:08h de 03\/11\/2025, por Perito Criminal Emiliano Luiz Neto \u2013 CCom\/PCIGO<\/em><\/p>\n<p>&nbsp;<\/p>\n<p data-start=\"392\" data-end=\"738\">A <strong data-start=\"394\" data-end=\"412\">Criminal\u00edstica<\/strong> \u00e9 uma das principais vertentes da atua\u00e7\u00e3o t\u00e9cnico-cient\u00edfica da <strong data-start=\"477\" data-end=\"518\">Pol\u00edcia Cient\u00edfica do Estado de Goi\u00e1s<\/strong>, sendo exercida exclusivamente por <strong data-start=\"554\" data-end=\"575\">Peritos Criminais<\/strong>, profissionais legalmente habilitados e respons\u00e1veis por transformar vest\u00edgios materiais em <strong data-start=\"668\" data-end=\"688\">provas objetivas<\/strong> que sustentam investiga\u00e7\u00f5es e decis\u00f5es judiciais.<\/p>\n<p data-start=\"740\" data-end=\"999\">Amparada pelos artigos <strong data-start=\"763\" data-end=\"804\">158 a 184 do C\u00f3digo de Processo Penal<\/strong>, a Criminal\u00edstica atua em todos os crimes que deixam vest\u00edgios \u2014 sendo indispens\u00e1vel a realiza\u00e7\u00e3o de <strong data-start=\"906\" data-end=\"953\">exame de corpo de delito direto ou indireto<\/strong> (art. 158), sob pena de nulidade do processo.<\/p>\n<p data-start=\"1001\" data-end=\"1227\">Todos os exames da Criminal\u00edstica s\u00e3o solicitados por <strong data-start=\"1055\" data-end=\"1093\">autoridades legalmente competentes<\/strong>, como Delegados de Pol\u00edcia, Ju\u00edzes de Direito, Promotores de Justi\u00e7a, entre outros, conforme previsto na legisla\u00e7\u00e3o processual penal.<\/p>\n<p data-start=\"1001\" data-end=\"1227\">\n<hr data-start=\"1229\" data-end=\"1232\" \/>\n<h3 data-start=\"1234\" data-end=\"1285\"><\/h3>\n<h3 data-start=\"1234\" data-end=\"1285\">Servi\u00e7os T\u00e9cnico-Periciais em Criminal\u00edstica<\/h3>\n<p data-start=\"1287\" data-end=\"1553\">A Criminal\u00edstica \u00e9 composta por diversas <strong data-start=\"1328\" data-end=\"1355\">sub\u00e1reas especializadas<\/strong>, cada uma com metodologias e tecnologias pr\u00f3prias, voltadas \u00e0 an\u00e1lise de evid\u00eancias f\u00edsicas, qu\u00edmicas, biol\u00f3gicas, digitais ou ambientais. A seguir, apresentamos uma <strong data-start=\"74\" data-end=\"136\">Carta com os principais Servi\u00e7os da Pol\u00edcia Cient\u00edfica do Estado de Goi\u00e1s<\/strong>, com foco na<strong>\u00a0Criminal\u00edstica<\/strong>, conforme o <a href=\"https:\/\/drive.google.com\/file\/d\/1uO48jS_lu0NVI_0qfH3-cBi5bBoaEZfB\/view?usp=sharing\">Manual de Requisi\u00e7\u00e3o de Per\u00edcias (v2.1 \u2013 Dez\/2024)<\/a>:<\/p>\n<p data-start=\"1287\" data-end=\"1553\">\n<hr data-start=\"1555\" data-end=\"1558\" \/>\n<h4 data-start=\"2319\" data-end=\"2376\"><\/h4>\n<ul data-start=\"2378\" data-end=\"5485\">\n<li data-start=\"2378\" data-end=\"2664\">\n<p data-start=\"2380\" data-end=\"2416\"><strong data-start=\"2380\" data-end=\"2416\">Laborat\u00f3rio de Bal\u00edstica Forense<\/strong><\/p>\n<ul data-start=\"2419\" data-end=\"2664\">\n<li data-start=\"2419\" data-end=\"2476\">\n<p data-start=\"2421\" data-end=\"2476\">Caracteriza\u00e7\u00e3o e efici\u00eancia de armas de fogo e muni\u00e7\u00f5es<\/p>\n<\/li>\n<li data-start=\"2479\" data-end=\"2505\">\n<p data-start=\"2481\" data-end=\"2505\">Confronto microbal\u00edstico<\/p>\n<\/li>\n<li data-start=\"2508\" data-end=\"2560\">\n<p data-start=\"2510\" data-end=\"2560\">Coincid\u00eancia de perfis bal\u00edsticos (Banco Nacional)<\/p>\n<\/li>\n<li data-start=\"2563\" data-end=\"2591\">\n<p data-start=\"2565\" data-end=\"2591\">Exames de tiro acidental<\/p>\n<\/li>\n<li data-start=\"2594\" data-end=\"2664\">\n<p data-start=\"2596\" data-end=\"2664\"><em data-start=\"2596\" data-end=\"2664\">Obs.: n\u00e3o realiza exame residuogr\u00e1fico ou de recenticidade de tiro<\/em><\/p>\n<\/li>\n<\/ul>\n<\/li>\n<li data-start=\"2666\" data-end=\"2914\">\n<p data-start=\"2668\" data-end=\"2702\"><strong data-start=\"2668\" data-end=\"2702\">Laborat\u00f3rio de Documentoscopia<\/strong><\/p>\n<ul data-start=\"2705\" data-end=\"2914\">\n<li data-start=\"2705\" data-end=\"2755\">\n<p data-start=\"2707\" data-end=\"2755\">Autenticidade documental (material e ideol\u00f3gica)<\/p>\n<\/li>\n<li data-start=\"2758\" data-end=\"2801\">\n<p data-start=\"2760\" data-end=\"2801\">Exame grafosc\u00f3pico (assinatura e escrita)<\/p>\n<\/li>\n<li data-start=\"2804\" data-end=\"2827\">\n<p data-start=\"2806\" data-end=\"2827\">Data\u00e7\u00e3o de documentos<\/p>\n<\/li>\n<li data-start=\"2830\" data-end=\"2883\">\n<p data-start=\"2832\" data-end=\"2883\">Altera\u00e7\u00f5es em c\u00e9dulas, cheques, ordens de pagamento<\/p>\n<\/li>\n<li data-start=\"2886\" data-end=\"2914\">\n<p data-start=\"2888\" data-end=\"2914\">Impress\u00f5es, tintas e papel<\/p>\n<\/li>\n<\/ul>\n<\/li>\n<li data-start=\"2916\" data-end=\"3148\">\n<p data-start=\"2918\" data-end=\"2956\"><strong data-start=\"2918\" data-end=\"2956\">Laborat\u00f3rio de Inform\u00e1tica Forense<\/strong><\/p>\n<ul data-start=\"2959\" data-end=\"3148\">\n<li data-start=\"2959\" data-end=\"3037\">\n<p data-start=\"2961\" data-end=\"3037\">Extra\u00e7\u00e3o de dados de dispositivos digitais (celulares, computadores, m\u00eddias)<\/p>\n<\/li>\n<li data-start=\"3040\" data-end=\"3088\">\n<p data-start=\"3042\" data-end=\"3088\">Processamento e transcri\u00e7\u00e3o de \u00e1udios e v\u00eddeos<\/p>\n<\/li>\n<li data-start=\"3091\" data-end=\"3148\">\n<p data-start=\"3093\" data-end=\"3148\">An\u00e1lise t\u00e9cnica de crimes digitais e provas eletr\u00f4nicas<\/p>\n<\/li>\n<\/ul>\n<\/li>\n<li data-start=\"3150\" data-end=\"3402\">\n<p data-start=\"3152\" data-end=\"3193\"><strong data-start=\"3152\" data-end=\"3193\">Laborat\u00f3rio de \u00c1udio e Imagem Forense<\/strong><\/p>\n<ul data-start=\"3196\" data-end=\"3402\">\n<li data-start=\"3196\" data-end=\"3229\">\n<p data-start=\"3198\" data-end=\"3229\">Compara\u00e7\u00e3o facial e de falantes<\/p>\n<\/li>\n<li data-start=\"3232\" data-end=\"3294\">\n<p data-start=\"3234\" data-end=\"3294\">Estimativa de velocidade, altura, dist\u00e2ncia e rota em v\u00eddeos<\/p>\n<\/li>\n<li data-start=\"3297\" data-end=\"3349\">\n<p data-start=\"3299\" data-end=\"3349\">Verifica\u00e7\u00e3o de edi\u00e7\u00f5es em v\u00eddeos, imagens e \u00e1udios<\/p>\n<\/li>\n<li data-start=\"3352\" data-end=\"3402\">\n<p data-start=\"3354\" data-end=\"3402\">Identifica\u00e7\u00e3o de caracteres em placas veiculares<\/p>\n<\/li>\n<\/ul>\n<\/li>\n<li data-start=\"3404\" data-end=\"3650\">\n<p data-start=\"3406\" data-end=\"3446\"><strong data-start=\"3406\" data-end=\"3446\">Laborat\u00f3rio de Qu\u00edmica e Toxicologia<\/strong><\/p>\n<ul data-start=\"3449\" data-end=\"3650\">\n<li data-start=\"3449\" data-end=\"3508\">\n<p data-start=\"3451\" data-end=\"3508\">An\u00e1lise toxicol\u00f3gica de sangue, urina, v\u00edsceras e objetos<\/p>\n<\/li>\n<li data-start=\"3511\" data-end=\"3594\">\n<p data-start=\"3513\" data-end=\"3594\">Pesquisa de subst\u00e2ncias como \u00e1lcool, drogas, medicamentos, venenos e combust\u00edveis<\/p>\n<\/li>\n<li data-start=\"3597\" data-end=\"3650\">\n<p data-start=\"3599\" data-end=\"3650\">An\u00e1lise de objetos suspeitos de contamina\u00e7\u00e3o t\u00f3xica<\/p>\n<\/li>\n<\/ul>\n<\/li>\n<li data-start=\"3652\" data-end=\"3810\">\n<p data-start=\"3654\" data-end=\"3689\"><strong data-start=\"3654\" data-end=\"3689\">Laborat\u00f3rio de \u00c1gua e Efluentes<\/strong><\/p>\n<ul data-start=\"3692\" data-end=\"3810\">\n<li data-start=\"3692\" data-end=\"3764\">\n<p data-start=\"3694\" data-end=\"3764\">DBO, DQO, coliformes, am\u00f4nio, nitrato, nitrito e s\u00f3lidos sediment\u00e1veis<\/p>\n<\/li>\n<li data-start=\"3767\" data-end=\"3810\">\n<p data-start=\"3769\" data-end=\"3810\">Avalia\u00e7\u00e3o de polui\u00e7\u00e3o h\u00eddrica e ambiental<\/p>\n<\/li>\n<\/ul>\n<\/li>\n<li data-start=\"3812\" data-end=\"4002\">\n<p data-start=\"3814\" data-end=\"3852\"><strong data-start=\"3814\" data-end=\"3852\">Laborat\u00f3rio de Biologia e Gen\u00e9tica<\/strong><\/p>\n<ul data-start=\"3855\" data-end=\"4002\">\n<li data-start=\"3855\" data-end=\"3919\">\n<p data-start=\"3857\" data-end=\"3919\">Pesquisa de sangue, s\u00eamen, pelos e outros vest\u00edgios biol\u00f3gicos<\/p>\n<\/li>\n<li data-start=\"3922\" data-end=\"3961\">\n<p data-start=\"3924\" data-end=\"3961\">Testes de esp\u00e9cies (humano ou animal)<\/p>\n<\/li>\n<li data-start=\"3964\" data-end=\"4002\">\n<p data-start=\"3966\" data-end=\"4002\">Compatibilidade biol\u00f3gica preliminar<\/p>\n<\/li>\n<\/ul>\n<\/li>\n<li data-start=\"4004\" data-end=\"4223\">\n<p data-start=\"4006\" data-end=\"4036\"><strong data-start=\"4006\" data-end=\"4036\">Laborat\u00f3rio de DNA Forense<\/strong><\/p>\n<ul data-start=\"4039\" data-end=\"4223\">\n<li data-start=\"4039\" data-end=\"4101\">\n<p data-start=\"4041\" data-end=\"4101\">Compara\u00e7\u00e3o gen\u00e9tica entre vest\u00edgios e amostras de refer\u00eancia<\/p>\n<\/li>\n<li data-start=\"4104\" data-end=\"4163\">\n<p data-start=\"4106\" data-end=\"4163\">Identifica\u00e7\u00e3o de indiv\u00edduos, mesmo a partir de fragmentos<\/p>\n<\/li>\n<li data-start=\"4166\" data-end=\"4223\">\n<p data-start=\"4168\" data-end=\"4223\">Contribui\u00e7\u00f5es para o Banco Nacional de Perfis Gen\u00e9ticos<\/p>\n<\/li>\n<\/ul>\n<\/li>\n<li data-start=\"4225\" data-end=\"4445\">\n<p data-start=\"4227\" data-end=\"4251\"><strong data-start=\"4227\" data-end=\"4251\">Papiloscopia Forense<\/strong><\/p>\n<ul data-start=\"4254\" data-end=\"4445\">\n<li data-start=\"4254\" data-end=\"4319\">\n<p data-start=\"4256\" data-end=\"4319\">Coleta e confronto de impress\u00f5es digitais, plantares e palmares<\/p>\n<\/li>\n<li data-start=\"4322\" data-end=\"4389\">\n<p data-start=\"4324\" data-end=\"4389\">Impress\u00f5es latentes em objetos, ve\u00edculos, cenas de crime e sangue<\/p>\n<\/li>\n<li data-start=\"4392\" data-end=\"4445\">\n<p data-start=\"4394\" data-end=\"4445\">Compara\u00e7\u00e3o de digitais com arquivos civis\/criminais<\/p>\n<\/li>\n<\/ul>\n<\/li>\n<li data-start=\"4447\" data-end=\"4672\">\n<p data-start=\"4449\" data-end=\"4472\"><strong data-start=\"4449\" data-end=\"4472\">Merceologia Forense<\/strong><\/p>\n<ul data-start=\"4475\" data-end=\"4672\">\n<li data-start=\"4475\" data-end=\"4532\">\n<p data-start=\"4477\" data-end=\"4532\">Identifica\u00e7\u00e3o e autenticidade de mercadorias e produtos<\/p>\n<\/li>\n<li data-start=\"4535\" data-end=\"4574\">\n<p data-start=\"4537\" data-end=\"4574\">Avalia\u00e7\u00e3o econ\u00f4mica direta e indireta<\/p>\n<\/li>\n<li data-start=\"4577\" data-end=\"4633\">\n<p data-start=\"4579\" data-end=\"4633\">Efici\u00eancia e integridade de bens e objetos apreendidos<\/p>\n<\/li>\n<li data-start=\"4636\" data-end=\"4672\">\n<p data-start=\"4638\" data-end=\"4672\">Identifica\u00e7\u00e3o mineral e gemol\u00f3gica<\/p>\n<\/li>\n<\/ul>\n<\/li>\n<li data-start=\"4674\" data-end=\"4862\">\n<p data-start=\"4676\" data-end=\"4702\"><strong data-start=\"4676\" data-end=\"4702\">Identifica\u00e7\u00e3o Veicular<\/strong><\/p>\n<ul data-start=\"4705\" data-end=\"4862\">\n<li data-start=\"4705\" data-end=\"4755\">\n<p data-start=\"4707\" data-end=\"4755\">Verifica\u00e7\u00e3o de chassi, motor, etiquetas e placas<\/p>\n<\/li>\n<li data-start=\"4758\" data-end=\"4806\">\n<p data-start=\"4760\" data-end=\"4806\">An\u00e1lise de clonagem, adultera\u00e7\u00e3o ou remarca\u00e7\u00e3o<\/p>\n<\/li>\n<li data-start=\"4809\" data-end=\"4862\">\n<p data-start=\"4811\" data-end=\"4862\">Avalia\u00e7\u00e3o de autenticidade de documentos veiculares<\/p>\n<\/li>\n<\/ul>\n<\/li>\n<li data-start=\"4864\" data-end=\"5170\">\n<p data-start=\"4866\" data-end=\"4897\"><strong data-start=\"4866\" data-end=\"4897\">Per\u00edcias em Locais de Crime<\/strong><\/p>\n<ul data-start=\"4900\" data-end=\"5170\">\n<li data-start=\"4900\" data-end=\"4967\">\n<p data-start=\"4902\" data-end=\"4967\">Crimes contra a vida (homic\u00eddios, suic\u00eddios, mortes a esclarecer)<\/p>\n<\/li>\n<li data-start=\"4970\" data-end=\"5025\">\n<p data-start=\"4972\" data-end=\"5025\">Crimes patrimoniais (furtos, roubos, danos, invas\u00f5es)<\/p>\n<\/li>\n<li data-start=\"5028\" data-end=\"5068\">\n<p data-start=\"5030\" data-end=\"5068\">Crimes de tr\u00e2nsito (com ou sem v\u00edtima)<\/p>\n<\/li>\n<li data-start=\"5071\" data-end=\"5107\">\n<p data-start=\"5073\" data-end=\"5107\">Inc\u00eandios, desabamentos, explos\u00f5es<\/p>\n<\/li>\n<li data-start=\"5110\" data-end=\"5170\">\n<p data-start=\"5112\" data-end=\"5170\">Reconstitui\u00e7\u00f5es simuladas de fatos (reprodu\u00e7\u00f5es simuladas)<\/p>\n<\/li>\n<\/ul>\n<\/li>\n<li data-start=\"5172\" data-end=\"5301\">\n<p data-start=\"5174\" data-end=\"5196\"><strong data-start=\"5174\" data-end=\"5196\">Engenharia Forense<\/strong><\/p>\n<ul data-start=\"5199\" data-end=\"5301\">\n<li data-start=\"5199\" data-end=\"5238\">\n<p data-start=\"5201\" data-end=\"5238\">Avalia\u00e7\u00e3o de estruturas e edifica\u00e7\u00f5es<\/p>\n<\/li>\n<li data-start=\"5241\" data-end=\"5301\">\n<p data-start=\"5243\" data-end=\"5301\">Determina\u00e7\u00e3o de causa de falhas t\u00e9cnicas, colapsos e danos<\/p>\n<\/li>\n<\/ul>\n<\/li>\n<li data-start=\"5303\" data-end=\"5485\">\n<p data-start=\"5305\" data-end=\"5328\"><strong data-start=\"5305\" data-end=\"5328\">Per\u00edcias Ambientais<\/strong><\/p>\n<ul data-start=\"5331\" data-end=\"5485\">\n<li data-start=\"5331\" data-end=\"5360\">\n<p data-start=\"5333\" data-end=\"5360\">Polui\u00e7\u00e3o de solos, rios, ar<\/p>\n<\/li>\n<li data-start=\"5363\" data-end=\"5416\">\n<p data-start=\"5365\" data-end=\"5416\">Contamina\u00e7\u00e3o por res\u00edduos, desmatamento e queimadas<\/p>\n<\/li>\n<li data-start=\"5419\" data-end=\"5450\">\n<p data-start=\"5421\" data-end=\"5450\">Crimes contra a fauna e flora<\/p>\n<\/li>\n<li data-start=\"5453\" data-end=\"5485\">\n<p data-start=\"5455\" data-end=\"5485\">Avalia\u00e7\u00e3o de impacto ambiental<\/p>\n<\/li>\n<\/ul>\n<\/li>\n<\/ul>\n<ul>\n<li>\n<p data-start=\"7149\" data-end=\"7179\"><strong data-start=\"7149\" data-end=\"7179\">Medicina Veterin\u00e1ria Legal<\/strong><\/p>\n<ul data-start=\"7182\" data-end=\"7429\">\n<li data-start=\"7182\" data-end=\"7230\">\n<p data-start=\"7184\" data-end=\"7230\">Maus-tratos a animais dom\u00e9sticos ou silvestres<\/p>\n<\/li>\n<li data-start=\"7233\" data-end=\"7289\">\n<p data-start=\"7235\" data-end=\"7289\">Les\u00f5es, abusos, necropsias e exames sexuais em animais<\/p>\n<\/li>\n<li data-start=\"7292\" data-end=\"7362\">\n<p data-start=\"7294\" data-end=\"7362\">Vistorias em locais de rinha, abate clandestino e criadouros ilegais<\/p>\n<\/li>\n<li data-start=\"7365\" data-end=\"7429\">\n<p data-start=\"7367\" data-end=\"7429\">An\u00e1lise t\u00e9cnica de documentos e imagens com evid\u00eancia de crime<\/p>\n<\/li>\n<\/ul>\n<\/li>\n<\/ul>\n<p data-start=\"5914\" data-end=\"5983\">\n<hr data-start=\"5985\" data-end=\"5988\" \/>\n<h2 data-start=\"5990\" data-end=\"6016\"><\/h2>\n<h2 data-start=\"5990\" data-end=\"6016\">Considera\u00e7\u00f5es Finais<\/h2>\n<ul data-start=\"6018\" data-end=\"6394\">\n<li data-start=\"6018\" data-end=\"6129\">\n<p data-start=\"6020\" data-end=\"6129\">Todos os exames periciais s\u00e3o documentados por <strong data-start=\"6067\" data-end=\"6095\">laudos t\u00e9cnicos oficiais<\/strong>, com f\u00e9 p\u00fablica e valor jur\u00eddico.<\/p>\n<\/li>\n<li data-start=\"6130\" data-end=\"6258\">\n<p data-start=\"6132\" data-end=\"6258\">A atua\u00e7\u00e3o da Criminal\u00edstica \u00e9 <strong data-start=\"6162\" data-end=\"6200\">imprescind\u00edvel na persecu\u00e7\u00e3o penal<\/strong>, garantindo a imparcialidade e a cientificidade da prova.<\/p>\n<\/li>\n<li data-start=\"6259\" data-end=\"6394\">\n<p data-start=\"6261\" data-end=\"6394\">A produ\u00e7\u00e3o de provas periciais respeita os princ\u00edpios da cadeia de cust\u00f3dia, integridade dos vest\u00edgios, contradit\u00f3rio e ampla defesa.<\/p>\n<\/li>\n<\/ul>\n<p>&nbsp;<\/p>\n<hr data-start=\"6396\" data-end=\"6399\" \/>\n<h2 data-start=\"6401\" data-end=\"6432\"><\/h2>\n<h2 data-start=\"6401\" data-end=\"6432\">Atendimento e Orienta\u00e7\u00f5es<\/h2>\n<p data-start=\"6434\" data-end=\"6774\">A requisi\u00e7\u00e3o de exames periciais deve ser feita por <strong data-start=\"6486\" data-end=\"6511\">autoridade competente<\/strong>, com detalhamento dos fatos e quesitos objetivos. Para orienta\u00e7\u00f5es t\u00e9cnicas sobre a correta formula\u00e7\u00e3o de pedidos ou informa\u00e7\u00f5es sobre a tramita\u00e7\u00e3o dos exames, entre em contato com a unidade da Pol\u00edcia Cient\u00edfica de sua regi\u00e3o ou com o setor t\u00e9cnico respons\u00e1vel.<\/p>\n<p data-start=\"6434\" data-end=\"6774\">\n<hr data-start=\"6776\" data-end=\"6779\" \/>\n<p data-start=\"6781\" data-end=\"6874\">\n<p data-start=\"6781\" data-end=\"6874\">\ud83d\ude94 <strong data-start=\"6784\" data-end=\"6874\">Pol\u00edcia Cient\u00edfica do Estado de Goi\u00e1s \u2014 Criminal\u00edstica: Ci\u00eancia a favor da verdade! \ud83d\udd0e<\/strong><\/p>\n","protected":false},"excerpt":{"rendered":"<p>Criminal\u00edstica: A ci\u00eancia aplicada \u00e0 investiga\u00e7\u00e3o criminal &nbsp; Atualizado \u00e0s 11:08h de 03\/11\/2025, por Perito Criminal Emiliano Luiz Neto \u2013 CCom\/PCIGO &nbsp; A Criminal\u00edstica \u00e9 uma das principais vertentes da atua\u00e7\u00e3o t\u00e9cnico-cient\u00edfica da Pol\u00edcia Cient\u00edfica do Estado de Goi\u00e1s, sendo exercida exclusivamente por Peritos Criminais, profissionais legalmente habilitados e respons\u00e1veis por transformar vest\u00edgios materiais em [&hellip;]<\/p>\n","protected":false},"author":77,"featured_media":426847,"parent":0,"menu_order":0,"comment_status":"closed","ping_status":"closed","template":"","meta":{"footnotes":""},"class_list":["post-6899","page","type-page","status-publish","has-post-thumbnail","hentry"],"rttpg_featured_image_url":{"full":["https:\/\/goias.gov.br\/policiacientifica\/wp-content\/uploads\/sites\/63\/Painel-SEFF.jpg",4150,1860,false],"landscape":["https:\/\/goias.gov.br\/policiacientifica\/wp-content\/uploads\/sites\/63\/Painel-SEFF.jpg",4150,1860,false],"portraits":["https:\/\/goias.gov.br\/policiacientifica\/wp-content\/uploads\/sites\/63\/Painel-SEFF.jpg",4150,1860,false],"thumbnail":["https:\/\/goias.gov.br\/policiacientifica\/wp-content\/uploads\/sites\/63\/Painel-SEFF-150x150.jpg",150,150,true],"medium":["https:\/\/goias.gov.br\/policiacientifica\/wp-content\/uploads\/sites\/63\/Painel-SEFF-300x134.jpg",300,134,true],"large":["https:\/\/goias.gov.br\/policiacientifica\/wp-content\/uploads\/sites\/63\/Painel-SEFF-1024x459.jpg",1024,459,true],"1536x1536":["https:\/\/goias.gov.br\/policiacientifica\/wp-content\/uploads\/sites\/63\/Painel-SEFF-1536x688.jpg",1536,688,true],"2048x2048":["https:\/\/goias.gov.br\/policiacientifica\/wp-content\/uploads\/sites\/63\/Painel-SEFF-2048x918.jpg",2048,918,true]},"rttpg_author":{"display_name":"barbaragodoy","author_link":"https:\/\/goias.gov.br\/policiacientifica\/author\/barbaragodoy\/"},"rttpg_comment":0,"rttpg_category":null,"rttpg_excerpt":"Criminal\u00edstica: A ci\u00eancia aplicada \u00e0 investiga\u00e7\u00e3o criminal &nbsp; Atualizado \u00e0s 11:08h de 03\/11\/2025, por Perito Criminal Emiliano Luiz Neto \u2013 CCom\/PCIGO &nbsp; A Criminal\u00edstica \u00e9 uma das principais vertentes da atua\u00e7\u00e3o t\u00e9cnico-cient\u00edfica da Pol\u00edcia Cient\u00edfica do Estado de Goi\u00e1s, sendo exercida exclusivamente por Peritos Criminais, profissionais legalmente habilitados e respons\u00e1veis por transformar vest\u00edgios materiais em&hellip;","_links":{"self":[{"href":"https:\/\/goias.gov.br\/policiacientifica\/wp-json\/wp\/v2\/pages\/6899","targetHints":{"allow":["GET"]}}],"collection":[{"href":"https:\/\/goias.gov.br\/policiacientifica\/wp-json\/wp\/v2\/pages"}],"about":[{"href":"https:\/\/goias.gov.br\/policiacientifica\/wp-json\/wp\/v2\/types\/page"}],"author":[{"embeddable":true,"href":"https:\/\/goias.gov.br\/policiacientifica\/wp-json\/wp\/v2\/users\/77"}],"replies":[{"embeddable":true,"href":"https:\/\/goias.gov.br\/policiacientifica\/wp-json\/wp\/v2\/comments?post=6899"}],"version-history":[{"count":2,"href":"https:\/\/goias.gov.br\/policiacientifica\/wp-json\/wp\/v2\/pages\/6899\/revisions"}],"predecessor-version":[{"id":426848,"href":"https:\/\/goias.gov.br\/policiacientifica\/wp-json\/wp\/v2\/pages\/6899\/revisions\/426848"}],"wp:featuredmedia":[{"embeddable":true,"href":"https:\/\/goias.gov.br\/policiacientifica\/wp-json\/wp\/v2\/media\/426847"}],"wp:attachment":[{"href":"https:\/\/goias.gov.br\/policiacientifica\/wp-json\/wp\/v2\/media?parent=6899"}],"curies":[{"name":"wp","href":"https:\/\/api.w.org\/{rel}","templated":true}]}}